{"id":10004,"date":"2021-08-25T19:25:44","date_gmt":"2021-08-25T16:25:44","guid":{"rendered":"https:\/\/www.duunauspalvelutjarvi.fi\/?post_type=product&#038;p=10004"},"modified":"2025-08-10T22:10:51","modified_gmt":"2025-08-10T19:10:51","slug":"led-tyovalo-25w-48w-valueline-3200lm","status":"publish","type":"product","link":"https:\/\/www.duunauspalvelutjarvi.fi\/?product=led-tyovalo-25w-48w-valueline-3200lm","title":{"rendered":"LED-ty\u00f6valo 25W (48W) Valueline, 3200lm"},"content":{"rendered":"<div class=\"row\">\n<div class=\"col-12 col-lg-10\">\n<div class=\"ProductPageContent__description\">\n<div class=\"WysiwygContent\">\n<p><b>LED-ty\u00f6valo LuminaLights Valueline<\/b>\u00a0on uusinta LED tekniikkaa k\u00e4ytt\u00e4v\u00e4 ty\u00f6valo. Vain 25W virrankulutuksella saadaan aikaa sama valoteho kun perinteisell\u00e4 48W.lla LED-ty\u00f6valolla. Todella pienikokoinen t\u00e4m\u00e4n teholuokan ty\u00f6valo! Voidaan k\u00e4ytt\u00e4\u00e4 my\u00f6s peruutusvalona (AR-hyv\u00e4ksynt\u00e4)<\/p>\n<p><b>Tekniset tiedot:<\/b><br \/>\n\u2022 Ottoteho 25W<br \/>\n\u2022 3200lm (raw)<br \/>\n\u2022 Vastaa valoteholtaan 48W.sta LED-ty\u00f6valoa<br \/>\n\u2022 V\u00e4ril\u00e4mp\u00f6tila: 6000K<br \/>\n\u2022 Osram LED<br \/>\n\u2022 K\u00e4ytt\u00f6j\u00e4nnite: 9-30V DC<br \/>\n\u2022 Leve\u00e4 valokuvio: 60\u00b0<br \/>\n\u2022 Alumiinikuori<br \/>\n\u2022 Polykarbonaattilasi<br \/>\n\u2022 Valossa DT-liitin<br \/>\n\u2022 Johdon pituus 50cm<br \/>\n\u2022 Sis\u00e4lt\u00e4\u00e4 DT-liittimen vastakappaleen jossa johto<br \/>\n\u2022 RST-jalka<br \/>\n\u2022 Leveys: 108mm<br \/>\n\u2022 Korkeus:\u00a048mm<br \/>\n\u2022 Syvyys: 139mm<br \/>\n\u2022 Paino: 700g (sis\u00e4lt\u00e4\u00e4 johdon ja kiinnitysjalan)<br \/>\n\u2022 IP67<br \/>\n\u2022 Hyv\u00e4ksytty tieliikkennek\u00e4ytt\u00f6\u00f6n (E-hyv\u00e4ksynt\u00e4)<br \/>\n\u2022 Hyv\u00e4ksytty peruutusvaloksi (AR-hyv\u00e4ksynt\u00e4)<br \/>\n\u2022 Aito LuminaLights<br \/>\n\u2022 Takuu 24kk<\/p>\n<\/div>\n<\/div>\n<\/div>\n<div class=\"ProductPageContent__description-details col-sm-12 col-lg-2\">\n<div>\n<h6>Lis\u00e4tiedot<\/h6>\n<div>\n<div class=\"ProductExtraInfo ProductExtraInfo--short-list ProductExtraInfo--single-column\">\n<ul class=\"inline-dot\">\n<li>Tuotekoodi:\u00a02020110360<\/li>\n<li><span class=\"ProductWarranty\">Takuu:\u00a0<span class=\"ProductWarranty__warranty\">1 vuosi<\/span><\/span><\/li>\n<\/ul>\n<\/div>\n<\/div>\n<\/div>\n<\/div>\n<\/div>\n<div class=\"row\"><\/div>\n","protected":false},"excerpt":{"rendered":"<p><a href=\"https:\/\/www.duunauspalvelutjarvi.fi\/?term=&amp;s=luminalights&amp;post_type=product&amp;taxonomy=product_cat\"><img loading=\"lazy\" decoding=\"async\" class=\"alignnone size-full wp-image-9939\" src=\"https:\/\/www.duunauspalvelutjarvi.fi\/wp-content\/uploads\/2021\/08\/luminalights_manufacturer_image.png\" alt=\"\" width=\"200\" height=\"65\" \/><\/a><\/p>\n","protected":false},"featured_media":13867,"comment_status":"open","ping_status":"closed","template":"","meta":[],"product_brand":[704],"product_cat":[50],"product_tag":[],"class_list":{"0":"post-10004","1":"product","2":"type-product","3":"status-publish","4":"has-post-thumbnail","6":"product_brand-luminalights","7":"product_cat-led-tyovalot-28-49w","9":"first","10":"instock","11":"taxable","12":"shipping-taxable","13":"purchasable","14":"product-type-simple"},"yoast_head":"<!-- This site is optimized with the Yoast SEO plugin v27.6 - https:\/\/yoast.com\/product\/yoast-seo-wordpress\/ -->\n<title>LED-ty\u00f6valo 25W (48W) Valueline, 3200lm -<\/title>\n<meta name=\"robots\" content=\"index, follow, max-snippet:-1, max-image-preview:large, max-video-preview:-1\" \/>\n<link rel=\"canonical\" href=\"https:\/\/www.duunauspalvelutjarvi.fi\/?product=led-tyovalo-25w-48w-valueline-3200lm\" \/>\n<meta property=\"og:locale\" content=\"fi_FI\" \/>\n<meta property=\"og:type\" content=\"article\" \/>\n<meta property=\"og:title\" content=\"LED-ty\u00f6valo 25W (48W) Valueline, 3200lm -\" \/>\n<meta property=\"og:url\" content=\"https:\/\/www.duunauspalvelutjarvi.fi\/?product=led-tyovalo-25w-48w-valueline-3200lm\" \/>\n<meta property=\"article:modified_time\" content=\"2025-08-10T19:10:51+00:00\" \/>\n<meta property=\"og:image\" content=\"https:\/\/www.duunauspalvelutjarvi.fi\/wp-content\/uploads\/2021\/08\/LED-tyovalo25W48WValueline3200lm_2020110360_3be03b4e17ed6ba426b18d50867acb1b_1.jpg\" \/>\n\t<meta property=\"og:image:width\" content=\"875\" \/>\n\t<meta property=\"og:image:height\" content=\"907\" \/>\n\t<meta property=\"og:image:type\" content=\"image\/jpeg\" \/>\n<meta name=\"twitter:card\" content=\"summary_large_image\" \/>\n<meta name=\"twitter:label1\" content=\"Arvioitu lukuaika\" \/>\n\t<meta name=\"twitter:data1\" content=\"1 minuutti\" \/>\n<script type=\"application\/ld+json\" class=\"yoast-schema-graph\">{\"@context\":\"https:\\\/\\\/schema.org\",\"@graph\":[{\"@type\":\"WebPage\",\"@id\":\"https:\\\/\\\/www.duunauspalvelutjarvi.fi\\\/?product=led-tyovalo-25w-48w-valueline-3200lm\",\"url\":\"https:\\\/\\\/www.duunauspalvelutjarvi.fi\\\/?product=led-tyovalo-25w-48w-valueline-3200lm\",\"name\":\"LED-ty\u00f6valo 25W (48W) Valueline, 3200lm -\",\"isPartOf\":{\"@id\":\"https:\\\/\\\/www.duunauspalvelutjarvi.fi\\\/#website\"},\"primaryImageOfPage\":{\"@id\":\"https:\\\/\\\/www.duunauspalvelutjarvi.fi\\\/?product=led-tyovalo-25w-48w-valueline-3200lm#primaryimage\"},\"image\":{\"@id\":\"https:\\\/\\\/www.duunauspalvelutjarvi.fi\\\/?product=led-tyovalo-25w-48w-valueline-3200lm#primaryimage\"},\"thumbnailUrl\":\"https:\\\/\\\/www.duunauspalvelutjarvi.fi\\\/wp-content\\\/uploads\\\/2021\\\/08\\\/LED-tyovalo25W48WValueline3200lm_2020110360_3be03b4e17ed6ba426b18d50867acb1b_1.jpg\",\"datePublished\":\"2021-08-25T16:25:44+00:00\",\"dateModified\":\"2025-08-10T19:10:51+00:00\",\"breadcrumb\":{\"@id\":\"https:\\\/\\\/www.duunauspalvelutjarvi.fi\\\/?product=led-tyovalo-25w-48w-valueline-3200lm#breadcrumb\"},\"inLanguage\":\"fi\",\"potentialAction\":[{\"@type\":\"ReadAction\",\"target\":[\"https:\\\/\\\/www.duunauspalvelutjarvi.fi\\\/?product=led-tyovalo-25w-48w-valueline-3200lm\"]}]},{\"@type\":\"ImageObject\",\"inLanguage\":\"fi\",\"@id\":\"https:\\\/\\\/www.duunauspalvelutjarvi.fi\\\/?product=led-tyovalo-25w-48w-valueline-3200lm#primaryimage\",\"url\":\"https:\\\/\\\/www.duunauspalvelutjarvi.fi\\\/wp-content\\\/uploads\\\/2021\\\/08\\\/LED-tyovalo25W48WValueline3200lm_2020110360_3be03b4e17ed6ba426b18d50867acb1b_1.jpg\",\"contentUrl\":\"https:\\\/\\\/www.duunauspalvelutjarvi.fi\\\/wp-content\\\/uploads\\\/2021\\\/08\\\/LED-tyovalo25W48WValueline3200lm_2020110360_3be03b4e17ed6ba426b18d50867acb1b_1.jpg\",\"width\":875,\"height\":907},{\"@type\":\"BreadcrumbList\",\"@id\":\"https:\\\/\\\/www.duunauspalvelutjarvi.fi\\\/?product=led-tyovalo-25w-48w-valueline-3200lm#breadcrumb\",\"itemListElement\":[{\"@type\":\"ListItem\",\"position\":1,\"name\":\"Etusivu\",\"item\":\"https:\\\/\\\/www.duunauspalvelutjarvi.fi\\\/\"},{\"@type\":\"ListItem\",\"position\":2,\"name\":\"Etusivu\",\"item\":\"https:\\\/\\\/www.duunauspalvelutjarvi.fi\\\/\"},{\"@type\":\"ListItem\",\"position\":3,\"name\":\"LED-ty\u00f6valo 25W (48W) Valueline, 3200lm\"}]},{\"@type\":\"WebSite\",\"@id\":\"https:\\\/\\\/www.duunauspalvelutjarvi.fi\\\/#website\",\"url\":\"https:\\\/\\\/www.duunauspalvelutjarvi.fi\\\/\",\"name\":\"\",\"description\":\"\",\"potentialAction\":[{\"@type\":\"SearchAction\",\"target\":{\"@type\":\"EntryPoint\",\"urlTemplate\":\"https:\\\/\\\/www.duunauspalvelutjarvi.fi\\\/?s={search_term_string}\"},\"query-input\":{\"@type\":\"PropertyValueSpecification\",\"valueRequired\":true,\"valueName\":\"search_term_string\"}}],\"inLanguage\":\"fi\"}]}<\/script>\n<!-- \/ Yoast SEO plugin. -->","yoast_head_json":{"title":"LED-ty\u00f6valo 25W (48W) Valueline, 3200lm -","robots":{"index":"index","follow":"follow","max-snippet":"max-snippet:-1","max-image-preview":"max-image-preview:large","max-video-preview":"max-video-preview:-1"},"canonical":"https:\/\/www.duunauspalvelutjarvi.fi\/?product=led-tyovalo-25w-48w-valueline-3200lm","og_locale":"fi_FI","og_type":"article","og_title":"LED-ty\u00f6valo 25W (48W) Valueline, 3200lm -","og_url":"https:\/\/www.duunauspalvelutjarvi.fi\/?product=led-tyovalo-25w-48w-valueline-3200lm","article_modified_time":"2025-08-10T19:10:51+00:00","og_image":[{"width":875,"height":907,"url":"https:\/\/www.duunauspalvelutjarvi.fi\/wp-content\/uploads\/2021\/08\/LED-tyovalo25W48WValueline3200lm_2020110360_3be03b4e17ed6ba426b18d50867acb1b_1.jpg","type":"image\/jpeg"}],"twitter_card":"summary_large_image","twitter_misc":{"Arvioitu lukuaika":"1 minuutti"},"schema":{"@context":"https:\/\/schema.org","@graph":[{"@type":"WebPage","@id":"https:\/\/www.duunauspalvelutjarvi.fi\/?product=led-tyovalo-25w-48w-valueline-3200lm","url":"https:\/\/www.duunauspalvelutjarvi.fi\/?product=led-tyovalo-25w-48w-valueline-3200lm","name":"LED-ty\u00f6valo 25W (48W) Valueline, 3200lm -","isPartOf":{"@id":"https:\/\/www.duunauspalvelutjarvi.fi\/#website"},"primaryImageOfPage":{"@id":"https:\/\/www.duunauspalvelutjarvi.fi\/?product=led-tyovalo-25w-48w-valueline-3200lm#primaryimage"},"image":{"@id":"https:\/\/www.duunauspalvelutjarvi.fi\/?product=led-tyovalo-25w-48w-valueline-3200lm#primaryimage"},"thumbnailUrl":"https:\/\/www.duunauspalvelutjarvi.fi\/wp-content\/uploads\/2021\/08\/LED-tyovalo25W48WValueline3200lm_2020110360_3be03b4e17ed6ba426b18d50867acb1b_1.jpg","datePublished":"2021-08-25T16:25:44+00:00","dateModified":"2025-08-10T19:10:51+00:00","breadcrumb":{"@id":"https:\/\/www.duunauspalvelutjarvi.fi\/?product=led-tyovalo-25w-48w-valueline-3200lm#breadcrumb"},"inLanguage":"fi","potentialAction":[{"@type":"ReadAction","target":["https:\/\/www.duunauspalvelutjarvi.fi\/?product=led-tyovalo-25w-48w-valueline-3200lm"]}]},{"@type":"ImageObject","inLanguage":"fi","@id":"https:\/\/www.duunauspalvelutjarvi.fi\/?product=led-tyovalo-25w-48w-valueline-3200lm#primaryimage","url":"https:\/\/www.duunauspalvelutjarvi.fi\/wp-content\/uploads\/2021\/08\/LED-tyovalo25W48WValueline3200lm_2020110360_3be03b4e17ed6ba426b18d50867acb1b_1.jpg","contentUrl":"https:\/\/www.duunauspalvelutjarvi.fi\/wp-content\/uploads\/2021\/08\/LED-tyovalo25W48WValueline3200lm_2020110360_3be03b4e17ed6ba426b18d50867acb1b_1.jpg","width":875,"height":907},{"@type":"BreadcrumbList","@id":"https:\/\/www.duunauspalvelutjarvi.fi\/?product=led-tyovalo-25w-48w-valueline-3200lm#breadcrumb","itemListElement":[{"@type":"ListItem","position":1,"name":"Etusivu","item":"https:\/\/www.duunauspalvelutjarvi.fi\/"},{"@type":"ListItem","position":2,"name":"Etusivu","item":"https:\/\/www.duunauspalvelutjarvi.fi\/"},{"@type":"ListItem","position":3,"name":"LED-ty\u00f6valo 25W (48W) Valueline, 3200lm"}]},{"@type":"WebSite","@id":"https:\/\/www.duunauspalvelutjarvi.fi\/#website","url":"https:\/\/www.duunauspalvelutjarvi.fi\/","name":"","description":"","potentialAction":[{"@type":"SearchAction","target":{"@type":"EntryPoint","urlTemplate":"https:\/\/www.duunauspalvelutjarvi.fi\/?s={search_term_string}"},"query-input":{"@type":"PropertyValueSpecification","valueRequired":true,"valueName":"search_term_string"}}],"inLanguage":"fi"}]}},"jetpack_sharing_enabled":true,"_links":{"self":[{"href":"https:\/\/www.duunauspalvelutjarvi.fi\/index.php?rest_route=\/wp\/v2\/product\/10004","targetHints":{"allow":["GET"]}}],"collection":[{"href":"https:\/\/www.duunauspalvelutjarvi.fi\/index.php?rest_route=\/wp\/v2\/product"}],"about":[{"href":"https:\/\/www.duunauspalvelutjarvi.fi\/index.php?rest_route=\/wp\/v2\/types\/product"}],"replies":[{"embeddable":true,"href":"https:\/\/www.duunauspalvelutjarvi.fi\/index.php?rest_route=%2Fwp%2Fv2%2Fcomments&post=10004"}],"wp:featuredmedia":[{"embeddable":true,"href":"https:\/\/www.duunauspalvelutjarvi.fi\/index.php?rest_route=\/wp\/v2\/media\/13867"}],"wp:attachment":[{"href":"https:\/\/www.duunauspalvelutjarvi.fi\/index.php?rest_route=%2Fwp%2Fv2%2Fmedia&parent=10004"}],"wp:term":[{"taxonomy":"product_brand","embeddable":true,"href":"https:\/\/www.duunauspalvelutjarvi.fi\/index.php?rest_route=%2Fwp%2Fv2%2Fproduct_brand&post=10004"},{"taxonomy":"product_cat","embeddable":true,"href":"https:\/\/www.duunauspalvelutjarvi.fi\/index.php?rest_route=%2Fwp%2Fv2%2Fproduct_cat&post=10004"},{"taxonomy":"product_tag","embeddable":true,"href":"https:\/\/www.duunauspalvelutjarvi.fi\/index.php?rest_route=%2Fwp%2Fv2%2Fproduct_tag&post=10004"}],"curies":[{"name":"wp","href":"https:\/\/api.w.org\/{rel}","templated":true}]}}