{"id":10426,"date":"2021-09-04T23:01:13","date_gmt":"2021-09-04T20:01:13","guid":{"rendered":"https:\/\/www.duunauspalvelutjarvi.fi\/?post_type=product&#038;p=10426"},"modified":"2024-03-22T21:22:52","modified_gmt":"2024-03-22T19:22:52","slug":"heijastinteippi-joustavalle-pinnalle","status":"publish","type":"product","link":"https:\/\/www.duunauspalvelutjarvi.fi\/?product=heijastinteippi-joustavalle-pinnalle","title":{"rendered":"Heijastinteippi joustavalle pinnalle"},"content":{"rendered":"<p><strong>Heijastinteippi joustavalle pinnalle esim. pressuun.\u00a0UN\/ECE-104, Class C.\u00a0<\/strong>Viimeiset vaatimukset t\u00e4ytt\u00e4v\u00e4 heijastinteippi kuorma-autoihin. Heijastinteippi hyv\u00e4ksytty tieliikennek\u00e4ytt\u00f6\u00f6n.<\/p>\n<p><b>Tekniset tiedot:<\/b><br \/>\n\u2022 3M teippi<br \/>\n\u2022 V\u00e4ri valittavissa<br \/>\n\u2022 UN\/ECE-104<br \/>\n\u2022 Class C<br \/>\n\u2022 Pituus: 50m<br \/>\n\u2022 Leveys 50,8mm<br \/>\n\u2022 Takuu: 48kk<\/p>\n","protected":false},"excerpt":{"rendered":"<p>Heijastinteippi joustavalle pinnalle esim. pressuun.\u00a0UN\/ECE-104, Class C.\u00a0Viimeiset vaatimukset t\u00e4ytt\u00e4v\u00e4 heijastinteippi kuorma-autoihin. Heijastinteippi hyv\u00e4ksytty tieliikennek\u00e4ytt\u00f6\u00f6n. Tekniset tiedot: \u2022 3M teippi \u2022 V\u00e4ri valittavissa \u2022 UN\/ECE-104 \u2022 Class C \u2022 Pituus: 50m \u2022 Leveys 50,8mm \u2022 Takuu: 48kk<\/p>\n","protected":false},"featured_media":14672,"comment_status":"open","ping_status":"closed","template":"","meta":[],"product_brand":[],"product_cat":[620],"product_tag":[],"class_list":{"0":"post-10426","1":"product","2":"type-product","3":"status-publish","4":"has-post-thumbnail","6":"product_cat-heijastinteipit-taka-aarivalot","8":"first","9":"instock","10":"taxable","11":"shipping-taxable","12":"purchasable","13":"product-type-variable"},"yoast_head":"<!-- This site is optimized with the Yoast SEO plugin v27.5 - https:\/\/yoast.com\/product\/yoast-seo-wordpress\/ -->\n<title>Heijastinteippi joustavalle pinnalle -<\/title>\n<meta name=\"robots\" content=\"index, follow, max-snippet:-1, max-image-preview:large, max-video-preview:-1\" \/>\n<link rel=\"canonical\" href=\"https:\/\/www.duunauspalvelutjarvi.fi\/?product=heijastinteippi-joustavalle-pinnalle\" \/>\n<meta property=\"og:locale\" content=\"fi_FI\" \/>\n<meta property=\"og:type\" content=\"article\" \/>\n<meta property=\"og:title\" content=\"Heijastinteippi joustavalle pinnalle -\" \/>\n<meta property=\"og:description\" content=\"Heijastinteippi joustavalle pinnalle esim. pressuun.\u00a0UN\/ECE-104, Class C.\u00a0Viimeiset vaatimukset t\u00e4ytt\u00e4v\u00e4 heijastinteippi kuorma-autoihin. Heijastinteippi hyv\u00e4ksytty tieliikennek\u00e4ytt\u00f6\u00f6n. Tekniset tiedot: \u2022 3M teippi \u2022 V\u00e4ri valittavissa \u2022 UN\/ECE-104 \u2022 Class C \u2022 Pituus: 50m \u2022 Leveys 50,8mm \u2022 Takuu: 48kk\" \/>\n<meta property=\"og:url\" content=\"https:\/\/www.duunauspalvelutjarvi.fi\/?product=heijastinteippi-joustavalle-pinnalle\" \/>\n<meta property=\"article:modified_time\" content=\"2024-03-22T19:22:52+00:00\" \/>\n<meta property=\"og:image\" content=\"https:\/\/www.duunauspalvelutjarvi.fi\/wp-content\/uploads\/2021\/09\/Heijastinteippijoustavallepinnalle_6021100110_f13580e345bc7f8a06af78a882433ee1_1.jpg\" \/>\n\t<meta property=\"og:image:width\" content=\"400\" \/>\n\t<meta property=\"og:image:height\" content=\"300\" \/>\n\t<meta property=\"og:image:type\" content=\"image\/jpeg\" \/>\n<meta name=\"twitter:card\" content=\"summary_large_image\" \/>\n<meta name=\"twitter:label1\" content=\"Arvioitu lukuaika\" \/>\n\t<meta name=\"twitter:data1\" content=\"1 minuutti\" \/>\n<script type=\"application\/ld+json\" class=\"yoast-schema-graph\">{\"@context\":\"https:\\\/\\\/schema.org\",\"@graph\":[{\"@type\":\"WebPage\",\"@id\":\"https:\\\/\\\/www.duunauspalvelutjarvi.fi\\\/?product=heijastinteippi-joustavalle-pinnalle\",\"url\":\"https:\\\/\\\/www.duunauspalvelutjarvi.fi\\\/?product=heijastinteippi-joustavalle-pinnalle\",\"name\":\"Heijastinteippi joustavalle pinnalle -\",\"isPartOf\":{\"@id\":\"https:\\\/\\\/www.duunauspalvelutjarvi.fi\\\/#website\"},\"primaryImageOfPage\":{\"@id\":\"https:\\\/\\\/www.duunauspalvelutjarvi.fi\\\/?product=heijastinteippi-joustavalle-pinnalle#primaryimage\"},\"image\":{\"@id\":\"https:\\\/\\\/www.duunauspalvelutjarvi.fi\\\/?product=heijastinteippi-joustavalle-pinnalle#primaryimage\"},\"thumbnailUrl\":\"https:\\\/\\\/www.duunauspalvelutjarvi.fi\\\/wp-content\\\/uploads\\\/2021\\\/09\\\/Heijastinteippijoustavallepinnalle_6021100110_f13580e345bc7f8a06af78a882433ee1_1.jpg\",\"datePublished\":\"2021-09-04T20:01:13+00:00\",\"dateModified\":\"2024-03-22T19:22:52+00:00\",\"breadcrumb\":{\"@id\":\"https:\\\/\\\/www.duunauspalvelutjarvi.fi\\\/?product=heijastinteippi-joustavalle-pinnalle#breadcrumb\"},\"inLanguage\":\"fi\",\"potentialAction\":[{\"@type\":\"ReadAction\",\"target\":[\"https:\\\/\\\/www.duunauspalvelutjarvi.fi\\\/?product=heijastinteippi-joustavalle-pinnalle\"]}]},{\"@type\":\"ImageObject\",\"inLanguage\":\"fi\",\"@id\":\"https:\\\/\\\/www.duunauspalvelutjarvi.fi\\\/?product=heijastinteippi-joustavalle-pinnalle#primaryimage\",\"url\":\"https:\\\/\\\/www.duunauspalvelutjarvi.fi\\\/wp-content\\\/uploads\\\/2021\\\/09\\\/Heijastinteippijoustavallepinnalle_6021100110_f13580e345bc7f8a06af78a882433ee1_1.jpg\",\"contentUrl\":\"https:\\\/\\\/www.duunauspalvelutjarvi.fi\\\/wp-content\\\/uploads\\\/2021\\\/09\\\/Heijastinteippijoustavallepinnalle_6021100110_f13580e345bc7f8a06af78a882433ee1_1.jpg\",\"width\":400,\"height\":300},{\"@type\":\"BreadcrumbList\",\"@id\":\"https:\\\/\\\/www.duunauspalvelutjarvi.fi\\\/?product=heijastinteippi-joustavalle-pinnalle#breadcrumb\",\"itemListElement\":[{\"@type\":\"ListItem\",\"position\":1,\"name\":\"Etusivu\",\"item\":\"https:\\\/\\\/www.duunauspalvelutjarvi.fi\\\/\"},{\"@type\":\"ListItem\",\"position\":2,\"name\":\"Etusivu\",\"item\":\"https:\\\/\\\/www.duunauspalvelutjarvi.fi\\\/\"},{\"@type\":\"ListItem\",\"position\":3,\"name\":\"Heijastinteippi joustavalle pinnalle\"}]},{\"@type\":\"WebSite\",\"@id\":\"https:\\\/\\\/www.duunauspalvelutjarvi.fi\\\/#website\",\"url\":\"https:\\\/\\\/www.duunauspalvelutjarvi.fi\\\/\",\"name\":\"\",\"description\":\"\",\"potentialAction\":[{\"@type\":\"SearchAction\",\"target\":{\"@type\":\"EntryPoint\",\"urlTemplate\":\"https:\\\/\\\/www.duunauspalvelutjarvi.fi\\\/?s={search_term_string}\"},\"query-input\":{\"@type\":\"PropertyValueSpecification\",\"valueRequired\":true,\"valueName\":\"search_term_string\"}}],\"inLanguage\":\"fi\"}]}<\/script>\n<!-- \/ Yoast SEO plugin. -->","yoast_head_json":{"title":"Heijastinteippi joustavalle pinnalle -","robots":{"index":"index","follow":"follow","max-snippet":"max-snippet:-1","max-image-preview":"max-image-preview:large","max-video-preview":"max-video-preview:-1"},"canonical":"https:\/\/www.duunauspalvelutjarvi.fi\/?product=heijastinteippi-joustavalle-pinnalle","og_locale":"fi_FI","og_type":"article","og_title":"Heijastinteippi joustavalle pinnalle -","og_description":"Heijastinteippi joustavalle pinnalle esim. pressuun.\u00a0UN\/ECE-104, Class C.\u00a0Viimeiset vaatimukset t\u00e4ytt\u00e4v\u00e4 heijastinteippi kuorma-autoihin. Heijastinteippi hyv\u00e4ksytty tieliikennek\u00e4ytt\u00f6\u00f6n. Tekniset tiedot: \u2022 3M teippi \u2022 V\u00e4ri valittavissa \u2022 UN\/ECE-104 \u2022 Class C \u2022 Pituus: 50m \u2022 Leveys 50,8mm \u2022 Takuu: 48kk","og_url":"https:\/\/www.duunauspalvelutjarvi.fi\/?product=heijastinteippi-joustavalle-pinnalle","article_modified_time":"2024-03-22T19:22:52+00:00","og_image":[{"width":400,"height":300,"url":"https:\/\/www.duunauspalvelutjarvi.fi\/wp-content\/uploads\/2021\/09\/Heijastinteippijoustavallepinnalle_6021100110_f13580e345bc7f8a06af78a882433ee1_1.jpg","type":"image\/jpeg"}],"twitter_card":"summary_large_image","twitter_misc":{"Arvioitu lukuaika":"1 minuutti"},"schema":{"@context":"https:\/\/schema.org","@graph":[{"@type":"WebPage","@id":"https:\/\/www.duunauspalvelutjarvi.fi\/?product=heijastinteippi-joustavalle-pinnalle","url":"https:\/\/www.duunauspalvelutjarvi.fi\/?product=heijastinteippi-joustavalle-pinnalle","name":"Heijastinteippi joustavalle pinnalle -","isPartOf":{"@id":"https:\/\/www.duunauspalvelutjarvi.fi\/#website"},"primaryImageOfPage":{"@id":"https:\/\/www.duunauspalvelutjarvi.fi\/?product=heijastinteippi-joustavalle-pinnalle#primaryimage"},"image":{"@id":"https:\/\/www.duunauspalvelutjarvi.fi\/?product=heijastinteippi-joustavalle-pinnalle#primaryimage"},"thumbnailUrl":"https:\/\/www.duunauspalvelutjarvi.fi\/wp-content\/uploads\/2021\/09\/Heijastinteippijoustavallepinnalle_6021100110_f13580e345bc7f8a06af78a882433ee1_1.jpg","datePublished":"2021-09-04T20:01:13+00:00","dateModified":"2024-03-22T19:22:52+00:00","breadcrumb":{"@id":"https:\/\/www.duunauspalvelutjarvi.fi\/?product=heijastinteippi-joustavalle-pinnalle#breadcrumb"},"inLanguage":"fi","potentialAction":[{"@type":"ReadAction","target":["https:\/\/www.duunauspalvelutjarvi.fi\/?product=heijastinteippi-joustavalle-pinnalle"]}]},{"@type":"ImageObject","inLanguage":"fi","@id":"https:\/\/www.duunauspalvelutjarvi.fi\/?product=heijastinteippi-joustavalle-pinnalle#primaryimage","url":"https:\/\/www.duunauspalvelutjarvi.fi\/wp-content\/uploads\/2021\/09\/Heijastinteippijoustavallepinnalle_6021100110_f13580e345bc7f8a06af78a882433ee1_1.jpg","contentUrl":"https:\/\/www.duunauspalvelutjarvi.fi\/wp-content\/uploads\/2021\/09\/Heijastinteippijoustavallepinnalle_6021100110_f13580e345bc7f8a06af78a882433ee1_1.jpg","width":400,"height":300},{"@type":"BreadcrumbList","@id":"https:\/\/www.duunauspalvelutjarvi.fi\/?product=heijastinteippi-joustavalle-pinnalle#breadcrumb","itemListElement":[{"@type":"ListItem","position":1,"name":"Etusivu","item":"https:\/\/www.duunauspalvelutjarvi.fi\/"},{"@type":"ListItem","position":2,"name":"Etusivu","item":"https:\/\/www.duunauspalvelutjarvi.fi\/"},{"@type":"ListItem","position":3,"name":"Heijastinteippi joustavalle pinnalle"}]},{"@type":"WebSite","@id":"https:\/\/www.duunauspalvelutjarvi.fi\/#website","url":"https:\/\/www.duunauspalvelutjarvi.fi\/","name":"","description":"","potentialAction":[{"@type":"SearchAction","target":{"@type":"EntryPoint","urlTemplate":"https:\/\/www.duunauspalvelutjarvi.fi\/?s={search_term_string}"},"query-input":{"@type":"PropertyValueSpecification","valueRequired":true,"valueName":"search_term_string"}}],"inLanguage":"fi"}]}},"jetpack_sharing_enabled":true,"_links":{"self":[{"href":"https:\/\/www.duunauspalvelutjarvi.fi\/index.php?rest_route=\/wp\/v2\/product\/10426","targetHints":{"allow":["GET"]}}],"collection":[{"href":"https:\/\/www.duunauspalvelutjarvi.fi\/index.php?rest_route=\/wp\/v2\/product"}],"about":[{"href":"https:\/\/www.duunauspalvelutjarvi.fi\/index.php?rest_route=\/wp\/v2\/types\/product"}],"replies":[{"embeddable":true,"href":"https:\/\/www.duunauspalvelutjarvi.fi\/index.php?rest_route=%2Fwp%2Fv2%2Fcomments&post=10426"}],"wp:featuredmedia":[{"embeddable":true,"href":"https:\/\/www.duunauspalvelutjarvi.fi\/index.php?rest_route=\/wp\/v2\/media\/14672"}],"wp:attachment":[{"href":"https:\/\/www.duunauspalvelutjarvi.fi\/index.php?rest_route=%2Fwp%2Fv2%2Fmedia&parent=10426"}],"wp:term":[{"taxonomy":"product_brand","embeddable":true,"href":"https:\/\/www.duunauspalvelutjarvi.fi\/index.php?rest_route=%2Fwp%2Fv2%2Fproduct_brand&post=10426"},{"taxonomy":"product_cat","embeddable":true,"href":"https:\/\/www.duunauspalvelutjarvi.fi\/index.php?rest_route=%2Fwp%2Fv2%2Fproduct_cat&post=10426"},{"taxonomy":"product_tag","embeddable":true,"href":"https:\/\/www.duunauspalvelutjarvi.fi\/index.php?rest_route=%2Fwp%2Fv2%2Fproduct_tag&post=10426"}],"curies":[{"name":"wp","href":"https:\/\/api.w.org\/{rel}","templated":true}]}}