{"id":11058,"date":"2021-10-19T21:41:36","date_gmt":"2021-10-19T18:41:36","guid":{"rendered":"https:\/\/www.duunauspalvelutjarvi.fi\/?post_type=product&#038;p=11058"},"modified":"2024-11-01T23:39:09","modified_gmt":"2024-11-01T21:39:09","slug":"renkaiden-vaihto","status":"publish","type":"product","link":"https:\/\/www.duunauspalvelutjarvi.fi\/?product=renkaiden-vaihto","title":{"rendered":"Renkaiden vaihto"},"content":{"rendered":"<h2 id=\"muistilista\"><strong><span data-contrast=\"auto\">R<\/span><\/strong><strong><span data-contrast=\"auto\">enkaiden vaihto\u00a0<\/span><\/strong><strong><span data-contrast=\"auto\">\u2013<\/span><\/strong><strong><span data-contrast=\"auto\">\u00a0<\/span><\/strong><strong><span data-contrast=\"auto\">muistilista<\/span><\/strong><strong><span data-contrast=\"auto\">\u00a0<\/span><\/strong><strong><span data-contrast=\"auto\">autoilijalle<\/span><\/strong><span data-ccp-props=\"{&quot;201341983&quot;:0,&quot;335559740&quot;:259}\">\u00a0<\/span><\/h2>\n<p>Talvi tulee kovaa kyyti\u00e4. Onko jo talvirenkaiden kunto jo tarkistettu?<\/p>\n<p>Min\u00e4 tulen kotia tekem\u00e4\u00e4n renkaiden vaihdon ja kunnon tarkastuksen.<\/p>\n<p><strong><span data-contrast=\"auto\">Milloin on oikea aika\u00a0<\/span><\/strong><strong><span data-contrast=\"auto\">renka<\/span><\/strong><strong><span data-contrast=\"auto\">an<\/span><\/strong><strong><span data-contrast=\"auto\">vaih<\/span><\/strong><strong><span data-contrast=\"auto\">d<\/span><\/strong><strong><span data-contrast=\"auto\">o<\/span><\/strong><strong><span data-contrast=\"auto\">lle<\/span><\/strong><strong><span data-contrast=\"auto\">?<\/span><\/strong><span data-ccp-props=\"{&quot;201341983&quot;:0,&quot;335559740&quot;:259}\">\u00a0<\/span><\/p>\n<p><span data-contrast=\"auto\">Suomessa<\/span><span data-contrast=\"auto\">\u00a0talvirenkaita tulee k\u00e4ytt\u00e4\u00e4 marraskuun alusta<\/span><span data-contrast=\"auto\">\u00a0maaliskuun loppuun<\/span><span data-contrast=\"auto\"> kelin tai kelin olosuhteiden mukaisesti<\/span><span data-contrast=\"auto\">. Sek\u00e4 tuo turvallista ajoa melkein kelill\u00e4 kuin kelill\u00e4.<\/span><span data-ccp-props=\"{&quot;201341983&quot;:0,&quot;335559740&quot;:259}\">\u00a0<\/span><\/p>\n<h2>Palveluun sis\u00e4ltyy<\/h2>\n<ul>\n<li>Renkaiden kuntotarkastus<\/li>\n<li>Renkaiden urasyvyyden mittaus.<\/li>\n<li>Oikean rengaspaineen varmistaminen<\/li>\n<\/ul>\n<p>&nbsp;<\/p>\n<p>Kokkolan alue<\/p>\n","protected":false},"excerpt":{"rendered":"<p>Renkaiden vaihto\u00a0\u2013\u00a0muistilista\u00a0autoilijalle\u00a0 Talvi tulee kovaa kyyti\u00e4. Onko jo talvirenkaiden kunto jo tarkistettu? Min\u00e4 tulen kotia tekem\u00e4\u00e4n renkaiden vaihdon ja kunnon tarkastuksen. Milloin on oikea aika\u00a0renkaanvaihdolle?\u00a0 Suomessa\u00a0talvirenkaita tulee k\u00e4ytt\u00e4\u00e4 marraskuun alusta\u00a0maaliskuun loppuun kelin tai kelin olosuhteiden mukaisesti. Sek\u00e4 tuo turvallista ajoa melkein kelill\u00e4 kuin kelill\u00e4.\u00a0 Palveluun sis\u00e4ltyy Renkaiden kuntotarkastus Renkaiden urasyvyyden mittaus. Oikean rengaspaineen varmistaminen &nbsp; [&hellip;]<\/p>\n","protected":false},"featured_media":0,"comment_status":"open","ping_status":"closed","template":"","meta":[],"product_brand":[],"product_cat":[30],"product_tag":[],"class_list":{"0":"post-11058","1":"product","2":"type-product","3":"status-publish","5":"product_cat-palvelut","7":"first","8":"instock","9":"taxable","10":"shipping-taxable","11":"purchasable","12":"product-type-simple"},"yoast_head":"<!-- This site is optimized with the Yoast SEO plugin v27.5 - https:\/\/yoast.com\/product\/yoast-seo-wordpress\/ -->\n<title>Renkaiden vaihto -<\/title>\n<meta name=\"robots\" content=\"index, follow, max-snippet:-1, max-image-preview:large, max-video-preview:-1\" \/>\n<link rel=\"canonical\" href=\"https:\/\/www.duunauspalvelutjarvi.fi\/?product=renkaiden-vaihto\" \/>\n<meta property=\"og:locale\" content=\"fi_FI\" \/>\n<meta property=\"og:type\" content=\"article\" \/>\n<meta property=\"og:title\" content=\"Renkaiden vaihto -\" \/>\n<meta property=\"og:description\" content=\"Renkaiden vaihto\u00a0\u2013\u00a0muistilista\u00a0autoilijalle\u00a0 Talvi tulee kovaa kyyti\u00e4. Onko jo talvirenkaiden kunto jo tarkistettu? Min\u00e4 tulen kotia tekem\u00e4\u00e4n renkaiden vaihdon ja kunnon tarkastuksen. Milloin on oikea aika\u00a0renkaanvaihdolle?\u00a0 Suomessa\u00a0talvirenkaita tulee k\u00e4ytt\u00e4\u00e4 marraskuun alusta\u00a0maaliskuun loppuun kelin tai kelin olosuhteiden mukaisesti. Sek\u00e4 tuo turvallista ajoa melkein kelill\u00e4 kuin kelill\u00e4.\u00a0 Palveluun sis\u00e4ltyy Renkaiden kuntotarkastus Renkaiden urasyvyyden mittaus. Oikean rengaspaineen varmistaminen &nbsp; [&hellip;]\" \/>\n<meta property=\"og:url\" content=\"https:\/\/www.duunauspalvelutjarvi.fi\/?product=renkaiden-vaihto\" \/>\n<meta property=\"article:modified_time\" content=\"2024-11-01T21:39:09+00:00\" \/>\n<meta name=\"twitter:card\" content=\"summary_large_image\" \/>\n<script type=\"application\/ld+json\" class=\"yoast-schema-graph\">{\"@context\":\"https:\\\/\\\/schema.org\",\"@graph\":[{\"@type\":\"WebPage\",\"@id\":\"https:\\\/\\\/www.duunauspalvelutjarvi.fi\\\/?product=renkaiden-vaihto\",\"url\":\"https:\\\/\\\/www.duunauspalvelutjarvi.fi\\\/?product=renkaiden-vaihto\",\"name\":\"Renkaiden vaihto -\",\"isPartOf\":{\"@id\":\"https:\\\/\\\/www.duunauspalvelutjarvi.fi\\\/#website\"},\"datePublished\":\"2021-10-19T18:41:36+00:00\",\"dateModified\":\"2024-11-01T21:39:09+00:00\",\"breadcrumb\":{\"@id\":\"https:\\\/\\\/www.duunauspalvelutjarvi.fi\\\/?product=renkaiden-vaihto#breadcrumb\"},\"inLanguage\":\"fi\",\"potentialAction\":[{\"@type\":\"ReadAction\",\"target\":[\"https:\\\/\\\/www.duunauspalvelutjarvi.fi\\\/?product=renkaiden-vaihto\"]}]},{\"@type\":\"BreadcrumbList\",\"@id\":\"https:\\\/\\\/www.duunauspalvelutjarvi.fi\\\/?product=renkaiden-vaihto#breadcrumb\",\"itemListElement\":[{\"@type\":\"ListItem\",\"position\":1,\"name\":\"Etusivu\",\"item\":\"https:\\\/\\\/www.duunauspalvelutjarvi.fi\\\/\"},{\"@type\":\"ListItem\",\"position\":2,\"name\":\"Etusivu\",\"item\":\"https:\\\/\\\/www.duunauspalvelutjarvi.fi\\\/\"},{\"@type\":\"ListItem\",\"position\":3,\"name\":\"Renkaiden vaihto\"}]},{\"@type\":\"WebSite\",\"@id\":\"https:\\\/\\\/www.duunauspalvelutjarvi.fi\\\/#website\",\"url\":\"https:\\\/\\\/www.duunauspalvelutjarvi.fi\\\/\",\"name\":\"\",\"description\":\"\",\"potentialAction\":[{\"@type\":\"SearchAction\",\"target\":{\"@type\":\"EntryPoint\",\"urlTemplate\":\"https:\\\/\\\/www.duunauspalvelutjarvi.fi\\\/?s={search_term_string}\"},\"query-input\":{\"@type\":\"PropertyValueSpecification\",\"valueRequired\":true,\"valueName\":\"search_term_string\"}}],\"inLanguage\":\"fi\"}]}<\/script>\n<!-- \/ Yoast SEO plugin. -->","yoast_head_json":{"title":"Renkaiden vaihto -","robots":{"index":"index","follow":"follow","max-snippet":"max-snippet:-1","max-image-preview":"max-image-preview:large","max-video-preview":"max-video-preview:-1"},"canonical":"https:\/\/www.duunauspalvelutjarvi.fi\/?product=renkaiden-vaihto","og_locale":"fi_FI","og_type":"article","og_title":"Renkaiden vaihto -","og_description":"Renkaiden vaihto\u00a0\u2013\u00a0muistilista\u00a0autoilijalle\u00a0 Talvi tulee kovaa kyyti\u00e4. Onko jo talvirenkaiden kunto jo tarkistettu? Min\u00e4 tulen kotia tekem\u00e4\u00e4n renkaiden vaihdon ja kunnon tarkastuksen. Milloin on oikea aika\u00a0renkaanvaihdolle?\u00a0 Suomessa\u00a0talvirenkaita tulee k\u00e4ytt\u00e4\u00e4 marraskuun alusta\u00a0maaliskuun loppuun kelin tai kelin olosuhteiden mukaisesti. Sek\u00e4 tuo turvallista ajoa melkein kelill\u00e4 kuin kelill\u00e4.\u00a0 Palveluun sis\u00e4ltyy Renkaiden kuntotarkastus Renkaiden urasyvyyden mittaus. Oikean rengaspaineen varmistaminen &nbsp; [&hellip;]","og_url":"https:\/\/www.duunauspalvelutjarvi.fi\/?product=renkaiden-vaihto","article_modified_time":"2024-11-01T21:39:09+00:00","twitter_card":"summary_large_image","schema":{"@context":"https:\/\/schema.org","@graph":[{"@type":"WebPage","@id":"https:\/\/www.duunauspalvelutjarvi.fi\/?product=renkaiden-vaihto","url":"https:\/\/www.duunauspalvelutjarvi.fi\/?product=renkaiden-vaihto","name":"Renkaiden vaihto -","isPartOf":{"@id":"https:\/\/www.duunauspalvelutjarvi.fi\/#website"},"datePublished":"2021-10-19T18:41:36+00:00","dateModified":"2024-11-01T21:39:09+00:00","breadcrumb":{"@id":"https:\/\/www.duunauspalvelutjarvi.fi\/?product=renkaiden-vaihto#breadcrumb"},"inLanguage":"fi","potentialAction":[{"@type":"ReadAction","target":["https:\/\/www.duunauspalvelutjarvi.fi\/?product=renkaiden-vaihto"]}]},{"@type":"BreadcrumbList","@id":"https:\/\/www.duunauspalvelutjarvi.fi\/?product=renkaiden-vaihto#breadcrumb","itemListElement":[{"@type":"ListItem","position":1,"name":"Etusivu","item":"https:\/\/www.duunauspalvelutjarvi.fi\/"},{"@type":"ListItem","position":2,"name":"Etusivu","item":"https:\/\/www.duunauspalvelutjarvi.fi\/"},{"@type":"ListItem","position":3,"name":"Renkaiden vaihto"}]},{"@type":"WebSite","@id":"https:\/\/www.duunauspalvelutjarvi.fi\/#website","url":"https:\/\/www.duunauspalvelutjarvi.fi\/","name":"","description":"","potentialAction":[{"@type":"SearchAction","target":{"@type":"EntryPoint","urlTemplate":"https:\/\/www.duunauspalvelutjarvi.fi\/?s={search_term_string}"},"query-input":{"@type":"PropertyValueSpecification","valueRequired":true,"valueName":"search_term_string"}}],"inLanguage":"fi"}]}},"jetpack_sharing_enabled":true,"_links":{"self":[{"href":"https:\/\/www.duunauspalvelutjarvi.fi\/index.php?rest_route=\/wp\/v2\/product\/11058","targetHints":{"allow":["GET"]}}],"collection":[{"href":"https:\/\/www.duunauspalvelutjarvi.fi\/index.php?rest_route=\/wp\/v2\/product"}],"about":[{"href":"https:\/\/www.duunauspalvelutjarvi.fi\/index.php?rest_route=\/wp\/v2\/types\/product"}],"replies":[{"embeddable":true,"href":"https:\/\/www.duunauspalvelutjarvi.fi\/index.php?rest_route=%2Fwp%2Fv2%2Fcomments&post=11058"}],"wp:attachment":[{"href":"https:\/\/www.duunauspalvelutjarvi.fi\/index.php?rest_route=%2Fwp%2Fv2%2Fmedia&parent=11058"}],"wp:term":[{"taxonomy":"product_brand","embeddable":true,"href":"https:\/\/www.duunauspalvelutjarvi.fi\/index.php?rest_route=%2Fwp%2Fv2%2Fproduct_brand&post=11058"},{"taxonomy":"product_cat","embeddable":true,"href":"https:\/\/www.duunauspalvelutjarvi.fi\/index.php?rest_route=%2Fwp%2Fv2%2Fproduct_cat&post=11058"},{"taxonomy":"product_tag","embeddable":true,"href":"https:\/\/www.duunauspalvelutjarvi.fi\/index.php?rest_route=%2Fwp%2Fv2%2Fproduct_tag&post=11058"}],"curies":[{"name":"wp","href":"https:\/\/api.w.org\/{rel}","templated":true}]}}