{"id":12893,"date":"2022-04-30T13:57:42","date_gmt":"2022-04-30T10:57:42","guid":{"rendered":"https:\/\/www.duunauspalvelutjarvi.fi\/?post_type=product&#038;p=12893"},"modified":"2022-04-30T13:57:43","modified_gmt":"2022-04-30T10:57:43","slug":"peruutuskamerajarjestelma-7-kahdella-kameralla-s-vision","status":"publish","type":"product","link":"https:\/\/www.duunauspalvelutjarvi.fi\/?product=peruutuskamerajarjestelma-7-kahdella-kameralla-s-vision","title":{"rendered":"Peruutuskameraj\u00e4rjestelm\u00e4 7&#8243;, kahdella kameralla, S-Vision"},"content":{"rendered":"<p><b>S-Vision Peruutuskameraj\u00e4rjestelm\u00e4 7&#8243; n\u00e4yt\u00f6ll\u00e4 sek\u00e4 kahdella moottoril\u00e4p\u00e4llisell\u00e4 kameralla.<\/b><\/p>\n<p><b>Tekniset tiedot:\u00a0<\/b><br \/>\n\u2022 K\u00e4ytt\u00f6j\u00e4nnite: 12-24V<br \/>\n\u2022 7&#8243; N\u00e4ytt\u00f6 (yhden kuvan n\u00e4ytt\u00f6)<br \/>\n\u2022 Mahdollista kytke\u00e4 4 kameraa sek\u00e4 DVD<br \/>\n\u2022 Kameran kuvakulma: 180\u00b0<\/p>\n<p><b>Pakkauksen sis\u00e4lt\u00f6:<\/b><br \/>\n\u2022 7&#8243; N\u00e4ytt\u00f6<br \/>\n\u2022 2kpl l\u00e4mmitett\u00e4v\u00e4\u00e4 moottoril\u00e4p\u00e4llist\u00e4 kameraa<br \/>\n\u2022 2kpl erilaista pidikett\u00e4<br \/>\n\u2022 Kaukos\u00e4\u00e4din<br \/>\n\u2022 Kytkent\u00e4johdot<\/p>\n<p><b><i>Huom!\u00a0<\/i><\/b><br \/>\n<b><i>Ei sis\u00e4ll\u00e4 kamerakaapeleita. Kamerakaapelit l\u00f6yd\u00e4t\u00a0<\/i><\/b><a href=\"https:\/\/www.lumise.fi\/ajoneuvojen-lisavarusteet\/tuote\/kamerakaapeli-5-pin\/6040010023\/\"><b><i>T\u00c4ST\u00c4!<\/i><\/b><\/a><\/p>\n","protected":false},"excerpt":{"rendered":"<p>S-Vision Peruutuskameraj\u00e4rjestelm\u00e4 7&#8243; n\u00e4yt\u00f6ll\u00e4 sek\u00e4 kahdella moottoril\u00e4p\u00e4llisell\u00e4 kameralla. Tekniset tiedot:\u00a0 \u2022 K\u00e4ytt\u00f6j\u00e4nnite: 12-24V \u2022 7&#8243; N\u00e4ytt\u00f6 (yhden kuvan n\u00e4ytt\u00f6) \u2022 Mahdollista kytke\u00e4 4 kameraa sek\u00e4 DVD \u2022 Kameran kuvakulma: 180\u00b0 Pakkauksen sis\u00e4lt\u00f6: \u2022 7&#8243; N\u00e4ytt\u00f6 \u2022 2kpl l\u00e4mmitett\u00e4v\u00e4\u00e4 moottoril\u00e4p\u00e4llist\u00e4 kameraa \u2022 2kpl erilaista pidikett\u00e4 \u2022 Kaukos\u00e4\u00e4din \u2022 Kytkent\u00e4johdot Huom!\u00a0 Ei sis\u00e4ll\u00e4 kamerakaapeleita. Kamerakaapelit l\u00f6yd\u00e4t\u00a0T\u00c4ST\u00c4!<\/p>\n","protected":false},"featured_media":12894,"comment_status":"open","ping_status":"closed","template":"","meta":[],"product_brand":[],"product_cat":[629],"product_tag":[],"class_list":{"0":"post-12893","1":"product","2":"type-product","3":"status-publish","4":"has-post-thumbnail","6":"product_cat-peruutuskamerat","8":"first","9":"instock","10":"taxable","11":"shipping-taxable","12":"purchasable","13":"product-type-simple"},"yoast_head":"<!-- This site is optimized with the Yoast SEO plugin v27.5 - https:\/\/yoast.com\/product\/yoast-seo-wordpress\/ -->\n<title>Peruutuskameraj\u00e4rjestelm\u00e4 7&quot;, kahdella kameralla, S-Vision -<\/title>\n<meta name=\"robots\" content=\"index, follow, max-snippet:-1, max-image-preview:large, max-video-preview:-1\" \/>\n<link rel=\"canonical\" href=\"https:\/\/www.duunauspalvelutjarvi.fi\/?product=peruutuskamerajarjestelma-7-kahdella-kameralla-s-vision\" \/>\n<meta property=\"og:locale\" content=\"fi_FI\" \/>\n<meta property=\"og:type\" content=\"article\" \/>\n<meta property=\"og:title\" content=\"Peruutuskameraj\u00e4rjestelm\u00e4 7&quot;, kahdella kameralla, S-Vision -\" \/>\n<meta property=\"og:description\" content=\"S-Vision Peruutuskameraj\u00e4rjestelm\u00e4 7&#8243; n\u00e4yt\u00f6ll\u00e4 sek\u00e4 kahdella moottoril\u00e4p\u00e4llisell\u00e4 kameralla. Tekniset tiedot:\u00a0 \u2022 K\u00e4ytt\u00f6j\u00e4nnite: 12-24V \u2022 7&#8243; N\u00e4ytt\u00f6 (yhden kuvan n\u00e4ytt\u00f6) \u2022 Mahdollista kytke\u00e4 4 kameraa sek\u00e4 DVD \u2022 Kameran kuvakulma: 180\u00b0 Pakkauksen sis\u00e4lt\u00f6: \u2022 7&#8243; N\u00e4ytt\u00f6 \u2022 2kpl l\u00e4mmitett\u00e4v\u00e4\u00e4 moottoril\u00e4p\u00e4llist\u00e4 kameraa \u2022 2kpl erilaista pidikett\u00e4 \u2022 Kaukos\u00e4\u00e4din \u2022 Kytkent\u00e4johdot Huom!\u00a0 Ei sis\u00e4ll\u00e4 kamerakaapeleita. Kamerakaapelit l\u00f6yd\u00e4t\u00a0T\u00c4ST\u00c4!\" \/>\n<meta property=\"og:url\" content=\"https:\/\/www.duunauspalvelutjarvi.fi\/?product=peruutuskamerajarjestelma-7-kahdella-kameralla-s-vision\" \/>\n<meta property=\"article:modified_time\" content=\"2022-04-30T10:57:43+00:00\" \/>\n<meta property=\"og:image\" content=\"https:\/\/www.duunauspalvelutjarvi.fi\/wp-content\/uploads\/2022\/04\/Peruutuskamerajarjestelma7kahdellakamerallaS-Vision_8020101074_1dcd7b37245c64ec304de8b8087d5dcf_1-1.jpg\" \/>\n\t<meta property=\"og:image:width\" content=\"501\" \/>\n\t<meta property=\"og:image:height\" content=\"337\" \/>\n\t<meta property=\"og:image:type\" content=\"image\/jpeg\" \/>\n<meta name=\"twitter:card\" content=\"summary_large_image\" \/>\n<script type=\"application\/ld+json\" class=\"yoast-schema-graph\">{\"@context\":\"https:\\\/\\\/schema.org\",\"@graph\":[{\"@type\":\"WebPage\",\"@id\":\"https:\\\/\\\/www.duunauspalvelutjarvi.fi\\\/?product=peruutuskamerajarjestelma-7-kahdella-kameralla-s-vision\",\"url\":\"https:\\\/\\\/www.duunauspalvelutjarvi.fi\\\/?product=peruutuskamerajarjestelma-7-kahdella-kameralla-s-vision\",\"name\":\"Peruutuskameraj\u00e4rjestelm\u00e4 7\\\", kahdella kameralla, S-Vision -\",\"isPartOf\":{\"@id\":\"https:\\\/\\\/www.duunauspalvelutjarvi.fi\\\/#website\"},\"primaryImageOfPage\":{\"@id\":\"https:\\\/\\\/www.duunauspalvelutjarvi.fi\\\/?product=peruutuskamerajarjestelma-7-kahdella-kameralla-s-vision#primaryimage\"},\"image\":{\"@id\":\"https:\\\/\\\/www.duunauspalvelutjarvi.fi\\\/?product=peruutuskamerajarjestelma-7-kahdella-kameralla-s-vision#primaryimage\"},\"thumbnailUrl\":\"https:\\\/\\\/www.duunauspalvelutjarvi.fi\\\/wp-content\\\/uploads\\\/2022\\\/04\\\/Peruutuskamerajarjestelma7kahdellakamerallaS-Vision_8020101074_1dcd7b37245c64ec304de8b8087d5dcf_1-1.jpg\",\"datePublished\":\"2022-04-30T10:57:42+00:00\",\"dateModified\":\"2022-04-30T10:57:43+00:00\",\"breadcrumb\":{\"@id\":\"https:\\\/\\\/www.duunauspalvelutjarvi.fi\\\/?product=peruutuskamerajarjestelma-7-kahdella-kameralla-s-vision#breadcrumb\"},\"inLanguage\":\"fi\",\"potentialAction\":[{\"@type\":\"ReadAction\",\"target\":[\"https:\\\/\\\/www.duunauspalvelutjarvi.fi\\\/?product=peruutuskamerajarjestelma-7-kahdella-kameralla-s-vision\"]}]},{\"@type\":\"ImageObject\",\"inLanguage\":\"fi\",\"@id\":\"https:\\\/\\\/www.duunauspalvelutjarvi.fi\\\/?product=peruutuskamerajarjestelma-7-kahdella-kameralla-s-vision#primaryimage\",\"url\":\"https:\\\/\\\/www.duunauspalvelutjarvi.fi\\\/wp-content\\\/uploads\\\/2022\\\/04\\\/Peruutuskamerajarjestelma7kahdellakamerallaS-Vision_8020101074_1dcd7b37245c64ec304de8b8087d5dcf_1-1.jpg\",\"contentUrl\":\"https:\\\/\\\/www.duunauspalvelutjarvi.fi\\\/wp-content\\\/uploads\\\/2022\\\/04\\\/Peruutuskamerajarjestelma7kahdellakamerallaS-Vision_8020101074_1dcd7b37245c64ec304de8b8087d5dcf_1-1.jpg\",\"width\":501,\"height\":337},{\"@type\":\"BreadcrumbList\",\"@id\":\"https:\\\/\\\/www.duunauspalvelutjarvi.fi\\\/?product=peruutuskamerajarjestelma-7-kahdella-kameralla-s-vision#breadcrumb\",\"itemListElement\":[{\"@type\":\"ListItem\",\"position\":1,\"name\":\"Etusivu\",\"item\":\"https:\\\/\\\/www.duunauspalvelutjarvi.fi\\\/\"},{\"@type\":\"ListItem\",\"position\":2,\"name\":\"Etusivu\",\"item\":\"https:\\\/\\\/www.duunauspalvelutjarvi.fi\\\/\"},{\"@type\":\"ListItem\",\"position\":3,\"name\":\"Peruutuskameraj\u00e4rjestelm\u00e4 7&#8243;, kahdella kameralla, S-Vision\"}]},{\"@type\":\"WebSite\",\"@id\":\"https:\\\/\\\/www.duunauspalvelutjarvi.fi\\\/#website\",\"url\":\"https:\\\/\\\/www.duunauspalvelutjarvi.fi\\\/\",\"name\":\"\",\"description\":\"\",\"potentialAction\":[{\"@type\":\"SearchAction\",\"target\":{\"@type\":\"EntryPoint\",\"urlTemplate\":\"https:\\\/\\\/www.duunauspalvelutjarvi.fi\\\/?s={search_term_string}\"},\"query-input\":{\"@type\":\"PropertyValueSpecification\",\"valueRequired\":true,\"valueName\":\"search_term_string\"}}],\"inLanguage\":\"fi\"}]}<\/script>\n<!-- \/ Yoast SEO plugin. -->","yoast_head_json":{"title":"Peruutuskameraj\u00e4rjestelm\u00e4 7\", kahdella kameralla, S-Vision -","robots":{"index":"index","follow":"follow","max-snippet":"max-snippet:-1","max-image-preview":"max-image-preview:large","max-video-preview":"max-video-preview:-1"},"canonical":"https:\/\/www.duunauspalvelutjarvi.fi\/?product=peruutuskamerajarjestelma-7-kahdella-kameralla-s-vision","og_locale":"fi_FI","og_type":"article","og_title":"Peruutuskameraj\u00e4rjestelm\u00e4 7\", kahdella kameralla, S-Vision -","og_description":"S-Vision Peruutuskameraj\u00e4rjestelm\u00e4 7&#8243; n\u00e4yt\u00f6ll\u00e4 sek\u00e4 kahdella moottoril\u00e4p\u00e4llisell\u00e4 kameralla. Tekniset tiedot:\u00a0 \u2022 K\u00e4ytt\u00f6j\u00e4nnite: 12-24V \u2022 7&#8243; N\u00e4ytt\u00f6 (yhden kuvan n\u00e4ytt\u00f6) \u2022 Mahdollista kytke\u00e4 4 kameraa sek\u00e4 DVD \u2022 Kameran kuvakulma: 180\u00b0 Pakkauksen sis\u00e4lt\u00f6: \u2022 7&#8243; N\u00e4ytt\u00f6 \u2022 2kpl l\u00e4mmitett\u00e4v\u00e4\u00e4 moottoril\u00e4p\u00e4llist\u00e4 kameraa \u2022 2kpl erilaista pidikett\u00e4 \u2022 Kaukos\u00e4\u00e4din \u2022 Kytkent\u00e4johdot Huom!\u00a0 Ei sis\u00e4ll\u00e4 kamerakaapeleita. Kamerakaapelit l\u00f6yd\u00e4t\u00a0T\u00c4ST\u00c4!","og_url":"https:\/\/www.duunauspalvelutjarvi.fi\/?product=peruutuskamerajarjestelma-7-kahdella-kameralla-s-vision","article_modified_time":"2022-04-30T10:57:43+00:00","og_image":[{"width":501,"height":337,"url":"https:\/\/www.duunauspalvelutjarvi.fi\/wp-content\/uploads\/2022\/04\/Peruutuskamerajarjestelma7kahdellakamerallaS-Vision_8020101074_1dcd7b37245c64ec304de8b8087d5dcf_1-1.jpg","type":"image\/jpeg"}],"twitter_card":"summary_large_image","schema":{"@context":"https:\/\/schema.org","@graph":[{"@type":"WebPage","@id":"https:\/\/www.duunauspalvelutjarvi.fi\/?product=peruutuskamerajarjestelma-7-kahdella-kameralla-s-vision","url":"https:\/\/www.duunauspalvelutjarvi.fi\/?product=peruutuskamerajarjestelma-7-kahdella-kameralla-s-vision","name":"Peruutuskameraj\u00e4rjestelm\u00e4 7\", kahdella kameralla, S-Vision -","isPartOf":{"@id":"https:\/\/www.duunauspalvelutjarvi.fi\/#website"},"primaryImageOfPage":{"@id":"https:\/\/www.duunauspalvelutjarvi.fi\/?product=peruutuskamerajarjestelma-7-kahdella-kameralla-s-vision#primaryimage"},"image":{"@id":"https:\/\/www.duunauspalvelutjarvi.fi\/?product=peruutuskamerajarjestelma-7-kahdella-kameralla-s-vision#primaryimage"},"thumbnailUrl":"https:\/\/www.duunauspalvelutjarvi.fi\/wp-content\/uploads\/2022\/04\/Peruutuskamerajarjestelma7kahdellakamerallaS-Vision_8020101074_1dcd7b37245c64ec304de8b8087d5dcf_1-1.jpg","datePublished":"2022-04-30T10:57:42+00:00","dateModified":"2022-04-30T10:57:43+00:00","breadcrumb":{"@id":"https:\/\/www.duunauspalvelutjarvi.fi\/?product=peruutuskamerajarjestelma-7-kahdella-kameralla-s-vision#breadcrumb"},"inLanguage":"fi","potentialAction":[{"@type":"ReadAction","target":["https:\/\/www.duunauspalvelutjarvi.fi\/?product=peruutuskamerajarjestelma-7-kahdella-kameralla-s-vision"]}]},{"@type":"ImageObject","inLanguage":"fi","@id":"https:\/\/www.duunauspalvelutjarvi.fi\/?product=peruutuskamerajarjestelma-7-kahdella-kameralla-s-vision#primaryimage","url":"https:\/\/www.duunauspalvelutjarvi.fi\/wp-content\/uploads\/2022\/04\/Peruutuskamerajarjestelma7kahdellakamerallaS-Vision_8020101074_1dcd7b37245c64ec304de8b8087d5dcf_1-1.jpg","contentUrl":"https:\/\/www.duunauspalvelutjarvi.fi\/wp-content\/uploads\/2022\/04\/Peruutuskamerajarjestelma7kahdellakamerallaS-Vision_8020101074_1dcd7b37245c64ec304de8b8087d5dcf_1-1.jpg","width":501,"height":337},{"@type":"BreadcrumbList","@id":"https:\/\/www.duunauspalvelutjarvi.fi\/?product=peruutuskamerajarjestelma-7-kahdella-kameralla-s-vision#breadcrumb","itemListElement":[{"@type":"ListItem","position":1,"name":"Etusivu","item":"https:\/\/www.duunauspalvelutjarvi.fi\/"},{"@type":"ListItem","position":2,"name":"Etusivu","item":"https:\/\/www.duunauspalvelutjarvi.fi\/"},{"@type":"ListItem","position":3,"name":"Peruutuskameraj\u00e4rjestelm\u00e4 7&#8243;, kahdella kameralla, S-Vision"}]},{"@type":"WebSite","@id":"https:\/\/www.duunauspalvelutjarvi.fi\/#website","url":"https:\/\/www.duunauspalvelutjarvi.fi\/","name":"","description":"","potentialAction":[{"@type":"SearchAction","target":{"@type":"EntryPoint","urlTemplate":"https:\/\/www.duunauspalvelutjarvi.fi\/?s={search_term_string}"},"query-input":{"@type":"PropertyValueSpecification","valueRequired":true,"valueName":"search_term_string"}}],"inLanguage":"fi"}]}},"jetpack_sharing_enabled":true,"_links":{"self":[{"href":"https:\/\/www.duunauspalvelutjarvi.fi\/index.php?rest_route=\/wp\/v2\/product\/12893","targetHints":{"allow":["GET"]}}],"collection":[{"href":"https:\/\/www.duunauspalvelutjarvi.fi\/index.php?rest_route=\/wp\/v2\/product"}],"about":[{"href":"https:\/\/www.duunauspalvelutjarvi.fi\/index.php?rest_route=\/wp\/v2\/types\/product"}],"replies":[{"embeddable":true,"href":"https:\/\/www.duunauspalvelutjarvi.fi\/index.php?rest_route=%2Fwp%2Fv2%2Fcomments&post=12893"}],"wp:featuredmedia":[{"embeddable":true,"href":"https:\/\/www.duunauspalvelutjarvi.fi\/index.php?rest_route=\/wp\/v2\/media\/12894"}],"wp:attachment":[{"href":"https:\/\/www.duunauspalvelutjarvi.fi\/index.php?rest_route=%2Fwp%2Fv2%2Fmedia&parent=12893"}],"wp:term":[{"taxonomy":"product_brand","embeddable":true,"href":"https:\/\/www.duunauspalvelutjarvi.fi\/index.php?rest_route=%2Fwp%2Fv2%2Fproduct_brand&post=12893"},{"taxonomy":"product_cat","embeddable":true,"href":"https:\/\/www.duunauspalvelutjarvi.fi\/index.php?rest_route=%2Fwp%2Fv2%2Fproduct_cat&post=12893"},{"taxonomy":"product_tag","embeddable":true,"href":"https:\/\/www.duunauspalvelutjarvi.fi\/index.php?rest_route=%2Fwp%2Fv2%2Fproduct_tag&post=12893"}],"curies":[{"name":"wp","href":"https:\/\/api.w.org\/{rel}","templated":true}]}}