{"id":12900,"date":"2022-04-30T14:05:51","date_gmt":"2022-04-30T11:05:51","guid":{"rendered":"https:\/\/www.duunauspalvelutjarvi.fi\/?post_type=product&#038;p=12900"},"modified":"2022-04-30T14:06:34","modified_gmt":"2022-04-30T11:06:34","slug":"peruutuskamerasarja-7-naytolla-nsd","status":"publish","type":"product","link":"https:\/\/www.duunauspalvelutjarvi.fi\/?product=peruutuskamerasarja-7-naytolla-nsd","title":{"rendered":"Peruutuskamerasarja 7&#8243; N\u00e4yt\u00f6ll\u00e4, NSD"},"content":{"rendered":"<div class=\"WysiwygContent\">\n<p><strong>NSD Peruutuskamerasarja 7&#8243; n\u00e4yt\u00f6ll\u00e4<\/strong>\u00a0ja kameralla on laadukas peruutuskamerasarja ty\u00f6- ja vapaa-ajan k\u00e4ytt\u00f6\u00f6n. Sarja sis\u00e4lt\u00e4\u00e4 n\u00e4yt\u00f6n, kameran sek\u00e4 n\u00e4yt\u00f6n ja kameran v\u00e4lisen kaapelin 15m. Sarja asennettavissa 12V ja 24V k\u00e4ytt\u00f6j\u00e4rjestelmiin.<\/p>\n<p><strong>N\u00e4ytt\u00f6:<\/strong><br \/>\n\u2022 7\u201d LCD-n\u00e4ytt\u00f6<br \/>\n\u2022 800x480px<br \/>\n\u2022 500:1<br \/>\n\u2022 400 cd\/m2<br \/>\n\u2022 4:3\/16:9<br \/>\n\u2022 Irroitettava h\u00e4ik\u00e4isysuoja<br \/>\n\u2022 N\u00e4ytt\u00f6\u00f6n voidaan liitt\u00e4\u00e4\u00a02 kameraa<br \/>\n\u2022 Yhden kuvan n\u00e4ytt\u00f6<br \/>\n\u2022 Kamerat voidaan asettaa kytkeytym\u00e4\u00e4n p\u00e4\u00e4ll\u00e4 esim. kytkett\u00e4ess\u00e4 peruutusvaihde tai vilkku<br \/>\n\u2022 N\u00e4yt\u00f6n valikosta voi s\u00e4\u00e4t\u00e4\u00e4 kuvan\u00e4kymille oletuskanavan (normaali \/ peilikuva \/ yl\u00f6s \/ alas).<br \/>\n\u2022 K\u00e4ytt\u00f6j\u00e4nnite: 12\/24V<br \/>\n\u2022 Helppo asetuksien muuttaminen ja kuvan vaihto<br \/>\n\u2022 Mitat: 199 x 128 x 28mm (L x K x S, ilman pidikett\u00e4)<\/p>\n<p><strong>V\u00e4rikamera:<br \/>\n<\/strong>\u2022 Sharp CCD 1\/3 kuvakenno<br \/>\n\u2022 130 asteen kuvakulma<br \/>\n\u2022 Vahva metallirunko<br \/>\n\u2022\u00a0Saa k\u00e4ytt\u00f6j\u00e4nnitteen n\u00e4yt\u00f6lt\u00e4, joten ei vaadi erillist\u00e4 s\u00e4hk\u00f6kytkent\u00e4\u00e4<br \/>\n\u2022 Sarjassa 15m kamerakaapeli<br \/>\n\u2022 IP69K<br \/>\n\u2022 Mitat: 69 x 43 x 38mm (L x K x S, ilman telinett\u00e4)<br \/>\n\u2022 18 IP ledi\u00e4<br \/>\n\u2022 Minimi valontarve 0 lux<br \/>\n\u2022 K\u00e4ytt\u00f6l\u00e4mp\u00f6tila -40\u00b0C&#8230;+70\u00b0C<\/p>\n<p><strong>Peruutuskamerasarjalla 12kk takuu.<\/strong><\/p>\n<p><span style=\"color: #0000ff;\"><strong><a style=\"color: #0000ff;\" href=\"https:\/\/www.duunauspalvelutjarvi.fi\/wp-content\/uploads\/2022\/04\/8020104052-NSD7ohjekirja_381bf74101139caced66fbc7660b740f.pdf\">NSD\u00a0 ohjekirja\u00a0<\/a><\/strong><\/span><\/p>\n<div class=\"ProductFile\">\n<div class=\"ProductFile__name\"><span style=\"color: #0000ff;\"><strong><a style=\"color: #0000ff;\" href=\"https:\/\/www.duunauspalvelutjarvi.fi\/wp-content\/uploads\/2022\/04\/8020104052-NSDManual_fb47e57e6ebc5c346e0bc6927be3e62f.pdf\">NSD Manual<\/a><\/strong><\/span><\/div>\n<\/div>\n<\/div>\n","protected":false},"excerpt":{"rendered":"<p>NSD Peruutuskamerasarja 7&#8243; n\u00e4yt\u00f6ll\u00e4\u00a0ja kameralla on laadukas peruutuskamerasarja ty\u00f6- ja vapaa-ajan k\u00e4ytt\u00f6\u00f6n. Sarja sis\u00e4lt\u00e4\u00e4 n\u00e4yt\u00f6n, kameran sek\u00e4 n\u00e4yt\u00f6n ja kameran v\u00e4lisen kaapelin 15m. Sarja asennettavissa 12V ja 24V k\u00e4ytt\u00f6j\u00e4rjestelmiin. N\u00e4ytt\u00f6: \u2022 7\u201d LCD-n\u00e4ytt\u00f6 \u2022 800x480px \u2022 500:1 \u2022 400 cd\/m2 \u2022 4:3\/16:9 \u2022 Irroitettava h\u00e4ik\u00e4isysuoja \u2022 N\u00e4ytt\u00f6\u00f6n voidaan liitt\u00e4\u00e4\u00a02 kameraa \u2022 Yhden kuvan n\u00e4ytt\u00f6 \u2022 [&hellip;]<\/p>\n","protected":false},"featured_media":12901,"comment_status":"open","ping_status":"closed","template":"","meta":[],"product_brand":[],"product_cat":[629],"product_tag":[],"class_list":{"0":"post-12900","1":"product","2":"type-product","3":"status-publish","4":"has-post-thumbnail","6":"product_cat-peruutuskamerat","8":"first","9":"instock","10":"taxable","11":"shipping-taxable","12":"purchasable","13":"product-type-simple"},"yoast_head":"<!-- This site is optimized with the Yoast SEO plugin v27.4 - https:\/\/yoast.com\/product\/yoast-seo-wordpress\/ -->\n<title>Peruutuskamerasarja 7&quot; N\u00e4yt\u00f6ll\u00e4, NSD -<\/title>\n<meta name=\"robots\" content=\"index, follow, max-snippet:-1, max-image-preview:large, max-video-preview:-1\" \/>\n<link rel=\"canonical\" href=\"https:\/\/www.duunauspalvelutjarvi.fi\/?product=peruutuskamerasarja-7-naytolla-nsd\" \/>\n<meta property=\"og:locale\" content=\"fi_FI\" \/>\n<meta property=\"og:type\" content=\"article\" \/>\n<meta property=\"og:title\" content=\"Peruutuskamerasarja 7&quot; N\u00e4yt\u00f6ll\u00e4, NSD -\" \/>\n<meta property=\"og:description\" content=\"NSD Peruutuskamerasarja 7&#8243; n\u00e4yt\u00f6ll\u00e4\u00a0ja kameralla on laadukas peruutuskamerasarja ty\u00f6- ja vapaa-ajan k\u00e4ytt\u00f6\u00f6n. Sarja sis\u00e4lt\u00e4\u00e4 n\u00e4yt\u00f6n, kameran sek\u00e4 n\u00e4yt\u00f6n ja kameran v\u00e4lisen kaapelin 15m. Sarja asennettavissa 12V ja 24V k\u00e4ytt\u00f6j\u00e4rjestelmiin. N\u00e4ytt\u00f6: \u2022 7\u201d LCD-n\u00e4ytt\u00f6 \u2022 800x480px \u2022 500:1 \u2022 400 cd\/m2 \u2022 4:3\/16:9 \u2022 Irroitettava h\u00e4ik\u00e4isysuoja \u2022 N\u00e4ytt\u00f6\u00f6n voidaan liitt\u00e4\u00e4\u00a02 kameraa \u2022 Yhden kuvan n\u00e4ytt\u00f6 \u2022 [&hellip;]\" \/>\n<meta property=\"og:url\" content=\"https:\/\/www.duunauspalvelutjarvi.fi\/?product=peruutuskamerasarja-7-naytolla-nsd\" \/>\n<meta property=\"article:modified_time\" content=\"2022-04-30T11:06:34+00:00\" \/>\n<meta property=\"og:image\" content=\"https:\/\/www.duunauspalvelutjarvi.fi\/wp-content\/uploads\/2022\/04\/Peruutuskamerasarja7NaytollaNSD_8020104052_c931c40fade1c1915ea3a736d88ee42d_3.jpg\" \/>\n\t<meta property=\"og:image:width\" content=\"400\" \/>\n\t<meta property=\"og:image:height\" content=\"300\" \/>\n\t<meta property=\"og:image:type\" content=\"image\/jpeg\" \/>\n<meta name=\"twitter:card\" content=\"summary_large_image\" \/>\n<meta name=\"twitter:label1\" content=\"Arvioitu lukuaika\" \/>\n\t<meta name=\"twitter:data1\" content=\"1 minuutti\" \/>\n<script type=\"application\/ld+json\" class=\"yoast-schema-graph\">{\"@context\":\"https:\\\/\\\/schema.org\",\"@graph\":[{\"@type\":\"WebPage\",\"@id\":\"https:\\\/\\\/www.duunauspalvelutjarvi.fi\\\/?product=peruutuskamerasarja-7-naytolla-nsd\",\"url\":\"https:\\\/\\\/www.duunauspalvelutjarvi.fi\\\/?product=peruutuskamerasarja-7-naytolla-nsd\",\"name\":\"Peruutuskamerasarja 7\\\" N\u00e4yt\u00f6ll\u00e4, NSD -\",\"isPartOf\":{\"@id\":\"https:\\\/\\\/www.duunauspalvelutjarvi.fi\\\/#website\"},\"primaryImageOfPage\":{\"@id\":\"https:\\\/\\\/www.duunauspalvelutjarvi.fi\\\/?product=peruutuskamerasarja-7-naytolla-nsd#primaryimage\"},\"image\":{\"@id\":\"https:\\\/\\\/www.duunauspalvelutjarvi.fi\\\/?product=peruutuskamerasarja-7-naytolla-nsd#primaryimage\"},\"thumbnailUrl\":\"https:\\\/\\\/www.duunauspalvelutjarvi.fi\\\/wp-content\\\/uploads\\\/2022\\\/04\\\/Peruutuskamerasarja7NaytollaNSD_8020104052_c931c40fade1c1915ea3a736d88ee42d_3.jpg\",\"datePublished\":\"2022-04-30T11:05:51+00:00\",\"dateModified\":\"2022-04-30T11:06:34+00:00\",\"breadcrumb\":{\"@id\":\"https:\\\/\\\/www.duunauspalvelutjarvi.fi\\\/?product=peruutuskamerasarja-7-naytolla-nsd#breadcrumb\"},\"inLanguage\":\"fi\",\"potentialAction\":[{\"@type\":\"ReadAction\",\"target\":[\"https:\\\/\\\/www.duunauspalvelutjarvi.fi\\\/?product=peruutuskamerasarja-7-naytolla-nsd\"]}]},{\"@type\":\"ImageObject\",\"inLanguage\":\"fi\",\"@id\":\"https:\\\/\\\/www.duunauspalvelutjarvi.fi\\\/?product=peruutuskamerasarja-7-naytolla-nsd#primaryimage\",\"url\":\"https:\\\/\\\/www.duunauspalvelutjarvi.fi\\\/wp-content\\\/uploads\\\/2022\\\/04\\\/Peruutuskamerasarja7NaytollaNSD_8020104052_c931c40fade1c1915ea3a736d88ee42d_3.jpg\",\"contentUrl\":\"https:\\\/\\\/www.duunauspalvelutjarvi.fi\\\/wp-content\\\/uploads\\\/2022\\\/04\\\/Peruutuskamerasarja7NaytollaNSD_8020104052_c931c40fade1c1915ea3a736d88ee42d_3.jpg\",\"width\":400,\"height\":300},{\"@type\":\"BreadcrumbList\",\"@id\":\"https:\\\/\\\/www.duunauspalvelutjarvi.fi\\\/?product=peruutuskamerasarja-7-naytolla-nsd#breadcrumb\",\"itemListElement\":[{\"@type\":\"ListItem\",\"position\":1,\"name\":\"Etusivu\",\"item\":\"https:\\\/\\\/www.duunauspalvelutjarvi.fi\\\/\"},{\"@type\":\"ListItem\",\"position\":2,\"name\":\"Etusivu\",\"item\":\"https:\\\/\\\/www.duunauspalvelutjarvi.fi\\\/\"},{\"@type\":\"ListItem\",\"position\":3,\"name\":\"Peruutuskamerasarja 7&#8243; N\u00e4yt\u00f6ll\u00e4, NSD\"}]},{\"@type\":\"WebSite\",\"@id\":\"https:\\\/\\\/www.duunauspalvelutjarvi.fi\\\/#website\",\"url\":\"https:\\\/\\\/www.duunauspalvelutjarvi.fi\\\/\",\"name\":\"\",\"description\":\"\",\"potentialAction\":[{\"@type\":\"SearchAction\",\"target\":{\"@type\":\"EntryPoint\",\"urlTemplate\":\"https:\\\/\\\/www.duunauspalvelutjarvi.fi\\\/?s={search_term_string}\"},\"query-input\":{\"@type\":\"PropertyValueSpecification\",\"valueRequired\":true,\"valueName\":\"search_term_string\"}}],\"inLanguage\":\"fi\"}]}<\/script>\n<!-- \/ Yoast SEO plugin. -->","yoast_head_json":{"title":"Peruutuskamerasarja 7\" N\u00e4yt\u00f6ll\u00e4, NSD -","robots":{"index":"index","follow":"follow","max-snippet":"max-snippet:-1","max-image-preview":"max-image-preview:large","max-video-preview":"max-video-preview:-1"},"canonical":"https:\/\/www.duunauspalvelutjarvi.fi\/?product=peruutuskamerasarja-7-naytolla-nsd","og_locale":"fi_FI","og_type":"article","og_title":"Peruutuskamerasarja 7\" N\u00e4yt\u00f6ll\u00e4, NSD -","og_description":"NSD Peruutuskamerasarja 7&#8243; n\u00e4yt\u00f6ll\u00e4\u00a0ja kameralla on laadukas peruutuskamerasarja ty\u00f6- ja vapaa-ajan k\u00e4ytt\u00f6\u00f6n. Sarja sis\u00e4lt\u00e4\u00e4 n\u00e4yt\u00f6n, kameran sek\u00e4 n\u00e4yt\u00f6n ja kameran v\u00e4lisen kaapelin 15m. Sarja asennettavissa 12V ja 24V k\u00e4ytt\u00f6j\u00e4rjestelmiin. N\u00e4ytt\u00f6: \u2022 7\u201d LCD-n\u00e4ytt\u00f6 \u2022 800x480px \u2022 500:1 \u2022 400 cd\/m2 \u2022 4:3\/16:9 \u2022 Irroitettava h\u00e4ik\u00e4isysuoja \u2022 N\u00e4ytt\u00f6\u00f6n voidaan liitt\u00e4\u00e4\u00a02 kameraa \u2022 Yhden kuvan n\u00e4ytt\u00f6 \u2022 [&hellip;]","og_url":"https:\/\/www.duunauspalvelutjarvi.fi\/?product=peruutuskamerasarja-7-naytolla-nsd","article_modified_time":"2022-04-30T11:06:34+00:00","og_image":[{"width":400,"height":300,"url":"https:\/\/www.duunauspalvelutjarvi.fi\/wp-content\/uploads\/2022\/04\/Peruutuskamerasarja7NaytollaNSD_8020104052_c931c40fade1c1915ea3a736d88ee42d_3.jpg","type":"image\/jpeg"}],"twitter_card":"summary_large_image","twitter_misc":{"Arvioitu lukuaika":"1 minuutti"},"schema":{"@context":"https:\/\/schema.org","@graph":[{"@type":"WebPage","@id":"https:\/\/www.duunauspalvelutjarvi.fi\/?product=peruutuskamerasarja-7-naytolla-nsd","url":"https:\/\/www.duunauspalvelutjarvi.fi\/?product=peruutuskamerasarja-7-naytolla-nsd","name":"Peruutuskamerasarja 7\" N\u00e4yt\u00f6ll\u00e4, NSD -","isPartOf":{"@id":"https:\/\/www.duunauspalvelutjarvi.fi\/#website"},"primaryImageOfPage":{"@id":"https:\/\/www.duunauspalvelutjarvi.fi\/?product=peruutuskamerasarja-7-naytolla-nsd#primaryimage"},"image":{"@id":"https:\/\/www.duunauspalvelutjarvi.fi\/?product=peruutuskamerasarja-7-naytolla-nsd#primaryimage"},"thumbnailUrl":"https:\/\/www.duunauspalvelutjarvi.fi\/wp-content\/uploads\/2022\/04\/Peruutuskamerasarja7NaytollaNSD_8020104052_c931c40fade1c1915ea3a736d88ee42d_3.jpg","datePublished":"2022-04-30T11:05:51+00:00","dateModified":"2022-04-30T11:06:34+00:00","breadcrumb":{"@id":"https:\/\/www.duunauspalvelutjarvi.fi\/?product=peruutuskamerasarja-7-naytolla-nsd#breadcrumb"},"inLanguage":"fi","potentialAction":[{"@type":"ReadAction","target":["https:\/\/www.duunauspalvelutjarvi.fi\/?product=peruutuskamerasarja-7-naytolla-nsd"]}]},{"@type":"ImageObject","inLanguage":"fi","@id":"https:\/\/www.duunauspalvelutjarvi.fi\/?product=peruutuskamerasarja-7-naytolla-nsd#primaryimage","url":"https:\/\/www.duunauspalvelutjarvi.fi\/wp-content\/uploads\/2022\/04\/Peruutuskamerasarja7NaytollaNSD_8020104052_c931c40fade1c1915ea3a736d88ee42d_3.jpg","contentUrl":"https:\/\/www.duunauspalvelutjarvi.fi\/wp-content\/uploads\/2022\/04\/Peruutuskamerasarja7NaytollaNSD_8020104052_c931c40fade1c1915ea3a736d88ee42d_3.jpg","width":400,"height":300},{"@type":"BreadcrumbList","@id":"https:\/\/www.duunauspalvelutjarvi.fi\/?product=peruutuskamerasarja-7-naytolla-nsd#breadcrumb","itemListElement":[{"@type":"ListItem","position":1,"name":"Etusivu","item":"https:\/\/www.duunauspalvelutjarvi.fi\/"},{"@type":"ListItem","position":2,"name":"Etusivu","item":"https:\/\/www.duunauspalvelutjarvi.fi\/"},{"@type":"ListItem","position":3,"name":"Peruutuskamerasarja 7&#8243; N\u00e4yt\u00f6ll\u00e4, NSD"}]},{"@type":"WebSite","@id":"https:\/\/www.duunauspalvelutjarvi.fi\/#website","url":"https:\/\/www.duunauspalvelutjarvi.fi\/","name":"","description":"","potentialAction":[{"@type":"SearchAction","target":{"@type":"EntryPoint","urlTemplate":"https:\/\/www.duunauspalvelutjarvi.fi\/?s={search_term_string}"},"query-input":{"@type":"PropertyValueSpecification","valueRequired":true,"valueName":"search_term_string"}}],"inLanguage":"fi"}]}},"jetpack_sharing_enabled":true,"_links":{"self":[{"href":"https:\/\/www.duunauspalvelutjarvi.fi\/index.php?rest_route=\/wp\/v2\/product\/12900","targetHints":{"allow":["GET"]}}],"collection":[{"href":"https:\/\/www.duunauspalvelutjarvi.fi\/index.php?rest_route=\/wp\/v2\/product"}],"about":[{"href":"https:\/\/www.duunauspalvelutjarvi.fi\/index.php?rest_route=\/wp\/v2\/types\/product"}],"replies":[{"embeddable":true,"href":"https:\/\/www.duunauspalvelutjarvi.fi\/index.php?rest_route=%2Fwp%2Fv2%2Fcomments&post=12900"}],"wp:featuredmedia":[{"embeddable":true,"href":"https:\/\/www.duunauspalvelutjarvi.fi\/index.php?rest_route=\/wp\/v2\/media\/12901"}],"wp:attachment":[{"href":"https:\/\/www.duunauspalvelutjarvi.fi\/index.php?rest_route=%2Fwp%2Fv2%2Fmedia&parent=12900"}],"wp:term":[{"taxonomy":"product_brand","embeddable":true,"href":"https:\/\/www.duunauspalvelutjarvi.fi\/index.php?rest_route=%2Fwp%2Fv2%2Fproduct_brand&post=12900"},{"taxonomy":"product_cat","embeddable":true,"href":"https:\/\/www.duunauspalvelutjarvi.fi\/index.php?rest_route=%2Fwp%2Fv2%2Fproduct_cat&post=12900"},{"taxonomy":"product_tag","embeddable":true,"href":"https:\/\/www.duunauspalvelutjarvi.fi\/index.php?rest_route=%2Fwp%2Fv2%2Fproduct_tag&post=12900"}],"curies":[{"name":"wp","href":"https:\/\/api.w.org\/{rel}","templated":true}]}}