{"id":12917,"date":"2022-04-30T14:20:05","date_gmt":"2022-04-30T11:20:05","guid":{"rendered":"https:\/\/www.duunauspalvelutjarvi.fi\/?post_type=product&#038;p=12917"},"modified":"2022-04-30T14:20:37","modified_gmt":"2022-04-30T11:20:37","slug":"langaton-peruutuskamerasarja-nsd","status":"publish","type":"product","link":"https:\/\/www.duunauspalvelutjarvi.fi\/?product=langaton-peruutuskamerasarja-nsd","title":{"rendered":"Langaton peruutuskamerasarja NSD"},"content":{"rendered":"<div class=\"WysiwygContent\">\n<p><strong>Langaton digitaalinen peruutuskamerasarja, NSD.\u00a0<\/strong>Sarja sis\u00e4lt\u00e4\u00e4 n\u00e4yt\u00f6n,imukuppitelineen n\u00e4yt\u00f6lle sek\u00e4 tupakansytytinadapterin n\u00e4yt\u00f6n virransy\u00f6t\u00f6lle ja yhden kameran. Voidaan kytke\u00e4 12-24V j\u00e4rjestelm\u00e4\u00e4n. Toimintataajuus on 2.4GHz, suojattu Wi-fin, Bluetoothin, matkapuhelinten, s\u00e4hk\u00f6linjojen yms aiheuttamia h\u00e4iri\u00f6it\u00e4 vastaan. N\u00e4yt\u00f6n ja kameran v\u00e4linen et\u00e4isyys max. 100m esteett\u00f6m\u00e4sti.<\/p>\n<p><strong>N\u00e4ytt\u00f6:<\/strong><br \/>\n\u2022 4,3\u201d TFT LCD yhden kuvan n\u00e4ytt\u00f6<br \/>\n\u2022 Kuvan\/kameran vaihto n\u00e4pp\u00e4imell\u00e4<br \/>\n\u2022 K\u00e4ytt\u00f6j\u00e4nnite 8-28VDC<br \/>\n\u2022 N\u00e4yt\u00f6n mitat 140 x 82 x 22mm<br \/>\n\u2022 Apuviivat kytkett\u00e4viss\u00e4 k\u00e4ytt\u00f6\u00f6n<br \/>\n\u2022 Kuvan k\u00e4\u00e4nt\u00f6 peilikuvaksi<br \/>\n\u2022 Kirkkauden ja kontrastin s\u00e4\u00e4t\u00f6<br \/>\n\u2022 Imukuppikiinnitys<br \/>\n\u2022 Virransy\u00f6tt\u00f6 mukana tulevalla tupakansytytinadapterilla<br \/>\n\u2022 Suositeltu k\u00e4ytt\u00f6l\u00e4mp\u00f6tila: -10\u00b0C &#8230; +50\u00b0C<\/p>\n<p><strong>V\u00e4rikamera:<\/strong><br \/>\n\u2022 8-28VDC k\u00e4ytt\u00f6j\u00e4nnitteelle<br \/>\n\u2022 120 asteen kuvakulma<br \/>\n\u2022 CMOS-kenno<br \/>\n\u2022 Optinen linssi F1.7 \/ F2.0<br \/>\n\u2022 Pime\u00e4n\u00e4k\u00f6toiminto automaattisella kirkkaudens\u00e4\u00e4d\u00f6ll\u00e4<br \/>\n\u2022 Muovirunko metallisella L-kiinnikkeell\u00e4 ja 3M-tarralla<br \/>\n\u2022 Leveys: 85mm<br \/>\n\u2022 Korkeus: 43mm<br \/>\n\u2022 Syvyys: 35mm<br \/>\n\u2022 Paino: 125g<br \/>\n\u2022 IP68<br \/>\n\u2022 Suositeltu k\u00e4ytt\u00f6l\u00e4mp\u00f6tila: -10\u00b0C &#8230; +50\u00b0C<\/p>\n<p><strong>Sarjalla 12kk takuu.<\/strong><\/p>\n<p><span style=\"color: #0000ff;\"><strong><a style=\"color: #0000ff;\" href=\"https:\/\/www.duunauspalvelutjarvi.fi\/wp-content\/uploads\/2022\/04\/8020103751-LangatonperuutuskamerasarjaNSD_4d55c3ca2043d54875aaa199e0250c38.pdf\">K\u00e4ytt\u00f6ohje NSD<\/a><\/strong><\/span><\/p>\n<\/div>\n","protected":false},"excerpt":{"rendered":"<p>Langaton digitaalinen peruutuskamerasarja, NSD.\u00a0Sarja sis\u00e4lt\u00e4\u00e4 n\u00e4yt\u00f6n,imukuppitelineen n\u00e4yt\u00f6lle sek\u00e4 tupakansytytinadapterin n\u00e4yt\u00f6n virransy\u00f6t\u00f6lle ja yhden kameran. Voidaan kytke\u00e4 12-24V j\u00e4rjestelm\u00e4\u00e4n. Toimintataajuus on 2.4GHz, suojattu Wi-fin, Bluetoothin, matkapuhelinten, s\u00e4hk\u00f6linjojen yms aiheuttamia h\u00e4iri\u00f6it\u00e4 vastaan. N\u00e4yt\u00f6n ja kameran v\u00e4linen et\u00e4isyys max. 100m esteett\u00f6m\u00e4sti. N\u00e4ytt\u00f6: \u2022 4,3\u201d TFT LCD yhden kuvan n\u00e4ytt\u00f6 \u2022 Kuvan\/kameran vaihto n\u00e4pp\u00e4imell\u00e4 \u2022 K\u00e4ytt\u00f6j\u00e4nnite 8-28VDC \u2022 N\u00e4yt\u00f6n [&hellip;]<\/p>\n","protected":false},"featured_media":12918,"comment_status":"open","ping_status":"closed","template":"","meta":[],"product_brand":[],"product_cat":[629],"product_tag":[],"class_list":{"0":"post-12917","1":"product","2":"type-product","3":"status-publish","4":"has-post-thumbnail","6":"product_cat-peruutuskamerat","8":"first","9":"instock","10":"taxable","11":"shipping-taxable","12":"purchasable","13":"product-type-simple"},"yoast_head":"<!-- This site is optimized with the Yoast SEO plugin v27.4 - https:\/\/yoast.com\/product\/yoast-seo-wordpress\/ -->\n<title>Langaton peruutuskamerasarja NSD -<\/title>\n<meta name=\"robots\" content=\"index, follow, max-snippet:-1, max-image-preview:large, max-video-preview:-1\" \/>\n<link rel=\"canonical\" href=\"https:\/\/www.duunauspalvelutjarvi.fi\/?product=langaton-peruutuskamerasarja-nsd\" \/>\n<meta property=\"og:locale\" content=\"fi_FI\" \/>\n<meta property=\"og:type\" content=\"article\" \/>\n<meta property=\"og:title\" content=\"Langaton peruutuskamerasarja NSD -\" \/>\n<meta property=\"og:description\" content=\"Langaton digitaalinen peruutuskamerasarja, NSD.\u00a0Sarja sis\u00e4lt\u00e4\u00e4 n\u00e4yt\u00f6n,imukuppitelineen n\u00e4yt\u00f6lle sek\u00e4 tupakansytytinadapterin n\u00e4yt\u00f6n virransy\u00f6t\u00f6lle ja yhden kameran. Voidaan kytke\u00e4 12-24V j\u00e4rjestelm\u00e4\u00e4n. Toimintataajuus on 2.4GHz, suojattu Wi-fin, Bluetoothin, matkapuhelinten, s\u00e4hk\u00f6linjojen yms aiheuttamia h\u00e4iri\u00f6it\u00e4 vastaan. N\u00e4yt\u00f6n ja kameran v\u00e4linen et\u00e4isyys max. 100m esteett\u00f6m\u00e4sti. N\u00e4ytt\u00f6: \u2022 4,3\u201d TFT LCD yhden kuvan n\u00e4ytt\u00f6 \u2022 Kuvan\/kameran vaihto n\u00e4pp\u00e4imell\u00e4 \u2022 K\u00e4ytt\u00f6j\u00e4nnite 8-28VDC \u2022 N\u00e4yt\u00f6n [&hellip;]\" \/>\n<meta property=\"og:url\" content=\"https:\/\/www.duunauspalvelutjarvi.fi\/?product=langaton-peruutuskamerasarja-nsd\" \/>\n<meta property=\"article:modified_time\" content=\"2022-04-30T11:20:37+00:00\" \/>\n<meta property=\"og:image\" content=\"https:\/\/www.duunauspalvelutjarvi.fi\/wp-content\/uploads\/2022\/04\/tuotesivu_LangatonperuutuskamerasarjaNSD_8020103751_e75eaef38dc58be1cc29769019a5ec83_1.jpg\" \/>\n\t<meta property=\"og:image:width\" content=\"400\" \/>\n\t<meta property=\"og:image:height\" content=\"300\" \/>\n\t<meta property=\"og:image:type\" content=\"image\/jpeg\" \/>\n<meta name=\"twitter:card\" content=\"summary_large_image\" \/>\n<meta name=\"twitter:label1\" content=\"Arvioitu lukuaika\" \/>\n\t<meta name=\"twitter:data1\" content=\"1 minuutti\" \/>\n<script type=\"application\/ld+json\" class=\"yoast-schema-graph\">{\"@context\":\"https:\\\/\\\/schema.org\",\"@graph\":[{\"@type\":\"WebPage\",\"@id\":\"https:\\\/\\\/www.duunauspalvelutjarvi.fi\\\/?product=langaton-peruutuskamerasarja-nsd\",\"url\":\"https:\\\/\\\/www.duunauspalvelutjarvi.fi\\\/?product=langaton-peruutuskamerasarja-nsd\",\"name\":\"Langaton peruutuskamerasarja NSD -\",\"isPartOf\":{\"@id\":\"https:\\\/\\\/www.duunauspalvelutjarvi.fi\\\/#website\"},\"primaryImageOfPage\":{\"@id\":\"https:\\\/\\\/www.duunauspalvelutjarvi.fi\\\/?product=langaton-peruutuskamerasarja-nsd#primaryimage\"},\"image\":{\"@id\":\"https:\\\/\\\/www.duunauspalvelutjarvi.fi\\\/?product=langaton-peruutuskamerasarja-nsd#primaryimage\"},\"thumbnailUrl\":\"https:\\\/\\\/www.duunauspalvelutjarvi.fi\\\/wp-content\\\/uploads\\\/2022\\\/04\\\/tuotesivu_LangatonperuutuskamerasarjaNSD_8020103751_e75eaef38dc58be1cc29769019a5ec83_1.jpg\",\"datePublished\":\"2022-04-30T11:20:05+00:00\",\"dateModified\":\"2022-04-30T11:20:37+00:00\",\"breadcrumb\":{\"@id\":\"https:\\\/\\\/www.duunauspalvelutjarvi.fi\\\/?product=langaton-peruutuskamerasarja-nsd#breadcrumb\"},\"inLanguage\":\"fi\",\"potentialAction\":[{\"@type\":\"ReadAction\",\"target\":[\"https:\\\/\\\/www.duunauspalvelutjarvi.fi\\\/?product=langaton-peruutuskamerasarja-nsd\"]}]},{\"@type\":\"ImageObject\",\"inLanguage\":\"fi\",\"@id\":\"https:\\\/\\\/www.duunauspalvelutjarvi.fi\\\/?product=langaton-peruutuskamerasarja-nsd#primaryimage\",\"url\":\"https:\\\/\\\/www.duunauspalvelutjarvi.fi\\\/wp-content\\\/uploads\\\/2022\\\/04\\\/tuotesivu_LangatonperuutuskamerasarjaNSD_8020103751_e75eaef38dc58be1cc29769019a5ec83_1.jpg\",\"contentUrl\":\"https:\\\/\\\/www.duunauspalvelutjarvi.fi\\\/wp-content\\\/uploads\\\/2022\\\/04\\\/tuotesivu_LangatonperuutuskamerasarjaNSD_8020103751_e75eaef38dc58be1cc29769019a5ec83_1.jpg\",\"width\":400,\"height\":300},{\"@type\":\"BreadcrumbList\",\"@id\":\"https:\\\/\\\/www.duunauspalvelutjarvi.fi\\\/?product=langaton-peruutuskamerasarja-nsd#breadcrumb\",\"itemListElement\":[{\"@type\":\"ListItem\",\"position\":1,\"name\":\"Etusivu\",\"item\":\"https:\\\/\\\/www.duunauspalvelutjarvi.fi\\\/\"},{\"@type\":\"ListItem\",\"position\":2,\"name\":\"Etusivu\",\"item\":\"https:\\\/\\\/www.duunauspalvelutjarvi.fi\\\/\"},{\"@type\":\"ListItem\",\"position\":3,\"name\":\"Langaton peruutuskamerasarja NSD\"}]},{\"@type\":\"WebSite\",\"@id\":\"https:\\\/\\\/www.duunauspalvelutjarvi.fi\\\/#website\",\"url\":\"https:\\\/\\\/www.duunauspalvelutjarvi.fi\\\/\",\"name\":\"\",\"description\":\"\",\"potentialAction\":[{\"@type\":\"SearchAction\",\"target\":{\"@type\":\"EntryPoint\",\"urlTemplate\":\"https:\\\/\\\/www.duunauspalvelutjarvi.fi\\\/?s={search_term_string}\"},\"query-input\":{\"@type\":\"PropertyValueSpecification\",\"valueRequired\":true,\"valueName\":\"search_term_string\"}}],\"inLanguage\":\"fi\"}]}<\/script>\n<!-- \/ Yoast SEO plugin. -->","yoast_head_json":{"title":"Langaton peruutuskamerasarja NSD -","robots":{"index":"index","follow":"follow","max-snippet":"max-snippet:-1","max-image-preview":"max-image-preview:large","max-video-preview":"max-video-preview:-1"},"canonical":"https:\/\/www.duunauspalvelutjarvi.fi\/?product=langaton-peruutuskamerasarja-nsd","og_locale":"fi_FI","og_type":"article","og_title":"Langaton peruutuskamerasarja NSD -","og_description":"Langaton digitaalinen peruutuskamerasarja, NSD.\u00a0Sarja sis\u00e4lt\u00e4\u00e4 n\u00e4yt\u00f6n,imukuppitelineen n\u00e4yt\u00f6lle sek\u00e4 tupakansytytinadapterin n\u00e4yt\u00f6n virransy\u00f6t\u00f6lle ja yhden kameran. Voidaan kytke\u00e4 12-24V j\u00e4rjestelm\u00e4\u00e4n. Toimintataajuus on 2.4GHz, suojattu Wi-fin, Bluetoothin, matkapuhelinten, s\u00e4hk\u00f6linjojen yms aiheuttamia h\u00e4iri\u00f6it\u00e4 vastaan. N\u00e4yt\u00f6n ja kameran v\u00e4linen et\u00e4isyys max. 100m esteett\u00f6m\u00e4sti. N\u00e4ytt\u00f6: \u2022 4,3\u201d TFT LCD yhden kuvan n\u00e4ytt\u00f6 \u2022 Kuvan\/kameran vaihto n\u00e4pp\u00e4imell\u00e4 \u2022 K\u00e4ytt\u00f6j\u00e4nnite 8-28VDC \u2022 N\u00e4yt\u00f6n [&hellip;]","og_url":"https:\/\/www.duunauspalvelutjarvi.fi\/?product=langaton-peruutuskamerasarja-nsd","article_modified_time":"2022-04-30T11:20:37+00:00","og_image":[{"width":400,"height":300,"url":"https:\/\/www.duunauspalvelutjarvi.fi\/wp-content\/uploads\/2022\/04\/tuotesivu_LangatonperuutuskamerasarjaNSD_8020103751_e75eaef38dc58be1cc29769019a5ec83_1.jpg","type":"image\/jpeg"}],"twitter_card":"summary_large_image","twitter_misc":{"Arvioitu lukuaika":"1 minuutti"},"schema":{"@context":"https:\/\/schema.org","@graph":[{"@type":"WebPage","@id":"https:\/\/www.duunauspalvelutjarvi.fi\/?product=langaton-peruutuskamerasarja-nsd","url":"https:\/\/www.duunauspalvelutjarvi.fi\/?product=langaton-peruutuskamerasarja-nsd","name":"Langaton peruutuskamerasarja NSD -","isPartOf":{"@id":"https:\/\/www.duunauspalvelutjarvi.fi\/#website"},"primaryImageOfPage":{"@id":"https:\/\/www.duunauspalvelutjarvi.fi\/?product=langaton-peruutuskamerasarja-nsd#primaryimage"},"image":{"@id":"https:\/\/www.duunauspalvelutjarvi.fi\/?product=langaton-peruutuskamerasarja-nsd#primaryimage"},"thumbnailUrl":"https:\/\/www.duunauspalvelutjarvi.fi\/wp-content\/uploads\/2022\/04\/tuotesivu_LangatonperuutuskamerasarjaNSD_8020103751_e75eaef38dc58be1cc29769019a5ec83_1.jpg","datePublished":"2022-04-30T11:20:05+00:00","dateModified":"2022-04-30T11:20:37+00:00","breadcrumb":{"@id":"https:\/\/www.duunauspalvelutjarvi.fi\/?product=langaton-peruutuskamerasarja-nsd#breadcrumb"},"inLanguage":"fi","potentialAction":[{"@type":"ReadAction","target":["https:\/\/www.duunauspalvelutjarvi.fi\/?product=langaton-peruutuskamerasarja-nsd"]}]},{"@type":"ImageObject","inLanguage":"fi","@id":"https:\/\/www.duunauspalvelutjarvi.fi\/?product=langaton-peruutuskamerasarja-nsd#primaryimage","url":"https:\/\/www.duunauspalvelutjarvi.fi\/wp-content\/uploads\/2022\/04\/tuotesivu_LangatonperuutuskamerasarjaNSD_8020103751_e75eaef38dc58be1cc29769019a5ec83_1.jpg","contentUrl":"https:\/\/www.duunauspalvelutjarvi.fi\/wp-content\/uploads\/2022\/04\/tuotesivu_LangatonperuutuskamerasarjaNSD_8020103751_e75eaef38dc58be1cc29769019a5ec83_1.jpg","width":400,"height":300},{"@type":"BreadcrumbList","@id":"https:\/\/www.duunauspalvelutjarvi.fi\/?product=langaton-peruutuskamerasarja-nsd#breadcrumb","itemListElement":[{"@type":"ListItem","position":1,"name":"Etusivu","item":"https:\/\/www.duunauspalvelutjarvi.fi\/"},{"@type":"ListItem","position":2,"name":"Etusivu","item":"https:\/\/www.duunauspalvelutjarvi.fi\/"},{"@type":"ListItem","position":3,"name":"Langaton peruutuskamerasarja NSD"}]},{"@type":"WebSite","@id":"https:\/\/www.duunauspalvelutjarvi.fi\/#website","url":"https:\/\/www.duunauspalvelutjarvi.fi\/","name":"","description":"","potentialAction":[{"@type":"SearchAction","target":{"@type":"EntryPoint","urlTemplate":"https:\/\/www.duunauspalvelutjarvi.fi\/?s={search_term_string}"},"query-input":{"@type":"PropertyValueSpecification","valueRequired":true,"valueName":"search_term_string"}}],"inLanguage":"fi"}]}},"jetpack_sharing_enabled":true,"_links":{"self":[{"href":"https:\/\/www.duunauspalvelutjarvi.fi\/index.php?rest_route=\/wp\/v2\/product\/12917","targetHints":{"allow":["GET"]}}],"collection":[{"href":"https:\/\/www.duunauspalvelutjarvi.fi\/index.php?rest_route=\/wp\/v2\/product"}],"about":[{"href":"https:\/\/www.duunauspalvelutjarvi.fi\/index.php?rest_route=\/wp\/v2\/types\/product"}],"replies":[{"embeddable":true,"href":"https:\/\/www.duunauspalvelutjarvi.fi\/index.php?rest_route=%2Fwp%2Fv2%2Fcomments&post=12917"}],"wp:featuredmedia":[{"embeddable":true,"href":"https:\/\/www.duunauspalvelutjarvi.fi\/index.php?rest_route=\/wp\/v2\/media\/12918"}],"wp:attachment":[{"href":"https:\/\/www.duunauspalvelutjarvi.fi\/index.php?rest_route=%2Fwp%2Fv2%2Fmedia&parent=12917"}],"wp:term":[{"taxonomy":"product_brand","embeddable":true,"href":"https:\/\/www.duunauspalvelutjarvi.fi\/index.php?rest_route=%2Fwp%2Fv2%2Fproduct_brand&post=12917"},{"taxonomy":"product_cat","embeddable":true,"href":"https:\/\/www.duunauspalvelutjarvi.fi\/index.php?rest_route=%2Fwp%2Fv2%2Fproduct_cat&post=12917"},{"taxonomy":"product_tag","embeddable":true,"href":"https:\/\/www.duunauspalvelutjarvi.fi\/index.php?rest_route=%2Fwp%2Fv2%2Fproduct_tag&post=12917"}],"curies":[{"name":"wp","href":"https:\/\/api.w.org\/{rel}","templated":true}]}}