{"id":13231,"date":"2022-07-23T17:22:25","date_gmt":"2022-07-23T14:22:25","guid":{"rendered":"https:\/\/www.duunauspalvelutjarvi.fi\/?post_type=product&#038;p=13231"},"modified":"2023-09-13T14:57:59","modified_gmt":"2023-09-13T11:57:59","slug":"smartlife-ulkokamera-wifico20cwt","status":"publish","type":"product","link":"https:\/\/www.duunauspalvelutjarvi.fi\/?product=smartlife-ulkokamera-wifico20cwt","title":{"rendered":"Nedis WIFICO11CWT"},"content":{"rendered":"<div class=\"container py-4 product--page\">\n<div id=\"product--page\" class=\"row\" data-tracking=\"{&quot;id&quot;:&quot;WIFICO11CWT&quot;,&quot;list&quot;:&quot;Smart Home&quot;,&quot;name&quot;:&quot;SmartLife Outdoor Camera | Wi-Fi | Full HD 1080p | IP65 | Cloud \\\/ microSD (not included) | 12 VDC | Night vision | Android\\u2122 \\\/ IOS | Silver \\\/ White&quot;,&quot;brand&quot;:&quot;Nedis&quot;,&quot;price&quot;:&quot;42.06&quot;,&quot;category&quot;:&quot;Security &amp; Safety\\\/IP Security\\\/Outdoor&quot;,&quot;variant&quot;:&quot;WIFICO11CWT\\\/ Type C (CEE 7\\\/16)&quot;,&quot;quantity&quot;:1,&quot;dimension10&quot;:&quot;&quot;,&quot;dimension11&quot;:&quot;Normal&quot;,&quot;dimension12&quot;:&quot;Normal&quot;,&quot;position&quot;:&quot;&quot;}\" data-tracking-type=\"productDetail\">\n<div class=\"col-sm-12 col-md-12 col-lg-8 col-xl-9 mt-3\">\n<div class=\"row\">\n<div class=\"col-lg-12\">\n<div class=\"d-none d-lg-block\">\n<h1 class=\"mb-0\"><strong>SmartLife Ulkokamera<\/strong><\/h1>\n<p>Wi-Fi | Full HD 1080p | IP65 | Cloud \/ MicroSD (ei sis\u00e4lly) | 12 VDC | Y\u00f6kuvaus | Android\u2122 \/ IOS | Hopea \/ Valkoinen<\/p>\n<\/div>\n<\/div>\n<div class=\"col-md-7 col-lg-7 col-xl-8\">\n<div class=\"description\">\n<div class=\"d-flex flex-column\">\n<div class=\"position-relative\">\n<div class=\"description-overflow\">\n<p class=\"p-0 m-0\">Kodin automatisoinnista tuli juuri entist\u00e4 helpompaa. T\u00e4m\u00e4n helppok\u00e4ytt\u00f6isen \u00e4lykk\u00e4\u00e4n IP-ulkokameran voi yhdist\u00e4\u00e4 k\u00e4tev\u00e4sti olemassa olevaan Wi-Fi-verkkoon, jotta sill\u00e4 voi valvoa kotisi ulkoalueita ja tallentaa \u00e4\u00e4nen tai liikkeen.<\/p>\n<p>Full HD-tarkkuus<br \/>\nSe tallentaa selkeit\u00e4 kuvia Full HD-tarkkuudella (1920 x 1080 pikseli\u00e4). Lis\u00e4ksi kamera on yht\u00e4 tehokas y\u00f6ll\u00e4: sen y\u00f6kuvaustilan kantama on 15 metri\u00e4.<\/p>\n<p>Vedenpit\u00e4v\u00e4<br \/>\nEritt\u00e4in kest\u00e4v\u00e4ll\u00e4 ja vedenpit\u00e4v\u00e4ll\u00e4 kotelolla suojattu IP-kamera tallentaa videokuvaa jopa 128 Gt:n microSD-muistikorteille (ei sis\u00e4lly toimitukseen).<\/p>\n<p>Kristallinkirkas<br \/>\nKamera tallentaa HD-videoita ja -kuvia 1280 x 720 pikselin tarkkuudella 1\/3 tuuman CMOS-kennolla, jotta kuvat ovat kristallinkirkkaita, ja kamera k\u00e4ynnistyy, kun se havaitsee \u00e4\u00e4nt\u00e4 tai liikett\u00e4.<\/p>\n<p>Kaksisuuntainen yhteys<br \/>\nKameran kautta voi keskustella, koska siin\u00e4 on kaksisuuntainen puhe ja kuuntelu k\u00e4yt\u00f6ss\u00e4. Sit\u00e4 voi siis k\u00e4ytt\u00e4\u00e4 puhelimen tapaan sen kantaman alueella.<\/p>\n<p>Helppo asennus<br \/>\nYksik\u00f6n mukana toimitetaan kamerateline, ja sen pikaoppaan avulla asennus onnistuu nopeasti.<\/p>\n<p>Nedis\u00ae SmartLife<br \/>\nL\u00f6yd\u00e4 laaja ja alati kasvava valikoima tuotteita, kuten polttimoita, katkaisijoita, pistorasioita, antureita ja kameroita, joita voi ohjata helppok\u00e4ytt\u00f6isell\u00e4 ja intuitiivisella sovelluksella. Koska \u00e4\u00e4niohjaus tukee Amazon Alexa- ja Google Home -j\u00e4rjestelmi\u00e4, etk\u00e4 tarvitse muuta kuin nykyisen Wi-Fi-verkkosi, saat yhdistetyn \u00e4lykodin helposti.<br \/>\nEtsitp\u00e4 sitten yksitt\u00e4ist\u00e4 \u00e4lypolttimoa tai -pistorasiaa tai haluat automatisoida koko kotisi, tutustu siihen, kuinka helposti saatavilla \u00e4lyteknologia on nyky\u00e4\u00e4n.<\/p>\n<\/div>\n<\/div>\n<\/div>\n<\/div>\n<div class=\"mt-3\">\n<p><strong class=\"d-block\">Ominaisuudet<\/strong><\/p>\n<p class=\"m-0\">\u2022 \u00c4lyk\u00e4s IP-ulkokamera tarjoaa helpon tavan asentaa langattomasti yhdistetyn turvaj\u00e4rjestelm\u00e4n kodin ulkopuolelle. \u2022 Full HD-tarkkuus kristallinkirkkaisiin tallenteisiin \u2022 Helppo yhdist\u00e4\u00e4 suoraan omaan Wi-Fi-verkkoon &#8211; erillist\u00e4 keskitint\u00e4 ei tarvita \u2022 Mukana toimitetaan kamerateline \u2022 Tukee t\u00e4ysin kaikkia Nedis\u00ae SmartLife -valikoiman tuotteita<\/p>\n<\/div>\n<\/div>\n<\/div>\n<\/div>\n<\/div>\n<\/div>\n<div class=\"container-fluid py-3 d-none d-lg-block\">\n<div class=\"container\">\n<div class=\"row align-items-center\">\n<div class=\"col\"><\/div>\n<\/div>\n<\/div>\n<\/div>\n<div id=\"info\" class=\"container py-4\">\n<div class=\"row\">\n<div class=\"col-sm-9 col-xl-8 offset-md-3 mobile-offset-none\">\n<div id=\"package-contents\">\n<p><iframe id=\"widget2\" class=\"product-video\" title=\"Nedis\u00ae SmartLife\" src=\"https:\/\/www.youtube.com\/embed\/ZgBEet3Miyg?enablejsapi=1\" data-gtm-yt-inspected-120=\"true\" data-mce-fragment=\"1\"><\/iframe><\/p>\n<div class=\"border-top-md-down py-4 py-md-0\"><\/div>\n<\/div>\n<div id=\"information\"><\/div>\n<div class=\"border-top-md-down py-4 py-md-0\">\n<h3 id=\"specifications\">Tuotteen tekniset tiedot<\/h3>\n<table class=\"table table-dashed-border\">\n<tbody>\n<tr>\n<th scope=\"row\">V\u00e4ri<\/th>\n<td>Valkoinen<br \/>\nHopea<\/td>\n<\/tr>\n<tr>\n<th scope=\"row\">Sis\u00e4\u00e4nrakennettu mikrofoni<\/th>\n<td>Kyll\u00e4<\/td>\n<\/tr>\n<tr>\n<th scope=\"row\">Virtal\u00e4hteen tyyppi<\/th>\n<td>Verkkovirtak\u00e4ytt\u00f6inen<\/td>\n<\/tr>\n<tr>\n<th scope=\"row\">Materiaali<\/th>\n<td>Muovi<\/td>\n<\/tr>\n<tr>\n<th scope=\"row\">Virtapistoke<\/th>\n<td>Euro\/Tyyppi C (CEE 7\/16)<\/td>\n<\/tr>\n<tr>\n<th scope=\"row\">Pilvipalvelutallennus mahdollisuus<\/th>\n<td>Kyll\u00e4<\/td>\n<\/tr>\n<tr>\n<th scope=\"row\">Integroidut kaiuttimet<\/th>\n<td>Kyll\u00e4<\/td>\n<\/tr>\n<tr>\n<th scope=\"row\">L\u00e4hetystaajuuden alue<\/th>\n<td>2400-2483.5 MHz<\/td>\n<\/tr>\n<tr>\n<th scope=\"row\">Sopii k\u00e4ytett\u00e4v\u00e4ksi<\/th>\n<td>Nedis\u00ae SmartLife<\/td>\n<\/tr>\n<tr>\n<th scope=\"row\">Katselukulma<\/th>\n<td>110 \u00b0<\/td>\n<\/tr>\n<tr>\n<th scope=\"row\">Kuvapiiri<\/th>\n<td>1\/3&#8243; CMOS<\/td>\n<\/tr>\n<tr>\n<th scope=\"row\">LED<\/th>\n<td>1<\/td>\n<\/tr>\n<tr>\n<th scope=\"row\">Tarvikkeet<\/th>\n<td>Kameran Asennusteline<br \/>\nVerkkosovitin EU-Pistoke<\/td>\n<\/tr>\n<tr>\n<th scope=\"row\">Tulovirta<\/th>\n<td>1 A<\/td>\n<\/tr>\n<tr>\n<th scope=\"row\">Langaton tekniikka<\/th>\n<td>Wi-Fi<\/td>\n<\/tr>\n<tr>\n<th scope=\"row\">IP suojaluokitus<\/th>\n<td>IP65<\/td>\n<\/tr>\n<tr>\n<th scope=\"row\">Virtal\u00e4hteen kaapelin pituus<\/th>\n<td>1.50 m<\/td>\n<\/tr>\n<tr>\n<th scope=\"row\">Maksimi l\u00e4hetysteho<\/th>\n<td>15 dBm<\/td>\n<\/tr>\n<tr>\n<th scope=\"row\">Y\u00f6kuvaus<\/th>\n<td>15 m<\/td>\n<\/tr>\n<tr>\n<th scope=\"row\">Maksimi l\u00e4hetysantennin vahvistus<\/th>\n<td>3 dBi<\/td>\n<\/tr>\n<tr>\n<th scope=\"row\">Infrapuna h\u00e4m\u00e4r\u00e4n\u00e4k\u00f6<\/th>\n<td>Kyll\u00e4<\/td>\n<\/tr>\n<tr>\n<th scope=\"row\">Linssi<\/th>\n<td>2.8 mm<\/td>\n<\/tr>\n<tr>\n<th scope=\"row\">Kuvaa per sekunti<\/th>\n<td>25 fps<\/td>\n<\/tr>\n<tr>\n<th scope=\"row\">Tuloj\u00e4nnite<\/th>\n<td>12 VDC<\/td>\n<\/tr>\n<tr>\n<th scope=\"row\">Laitteen tulovirran liittimet<\/th>\n<td>DC 5.5 x 2.1 mm<\/td>\n<\/tr>\n<tr>\n<th scope=\"row\">Maksimi virrankulutus<\/th>\n<td>12 W<\/td>\n<\/tr>\n<tr>\n<th scope=\"row\">Maksimi kuvantarkkuus<\/th>\n<td>Full HD 1080p<\/td>\n<\/tr>\n<tr>\n<th scope=\"row\">Megapikselit<\/th>\n<td>2 MPixel<\/td>\n<\/tr>\n<tr>\n<th scope=\"row\">Virta Ethernetin yli &#8211; tuki<\/th>\n<td>Ei<\/td>\n<\/tr>\n<tr>\n<th scope=\"row\">Kalansilm\u00e4<\/th>\n<td>Ei<\/td>\n<\/tr>\n<tr>\n<th scope=\"row\">Sovellus saatavana kohteeseen<\/th>\n<td>Android\u2122<br \/>\nIOS<\/td>\n<\/tr>\n<tr>\n<th scope=\"row\">Tallennustyyppi<\/th>\n<td>MicroSD (ei sis\u00e4lly)<br \/>\nCloud<\/td>\n<\/tr>\n<tr>\n<th scope=\"row\">Kameran malli<\/th>\n<td>Luoti<\/td>\n<\/tr>\n<tr>\n<th scope=\"row\">Toimintal\u00e4mp\u00f6tila-alue<\/th>\n<td>-20 &#8211; 50 \u00b0C<\/td>\n<\/tr>\n<\/tbody>\n<\/table>\n<p><strong><a href=\"https:\/\/www.duunauspalvelutjarvi.fi\/?product=valvontakameran-asennus\">Tarvitsetko asennuksen kamerallesi?<\/a><\/strong><\/p>\n<\/div>\n<\/div>\n<\/div>\n<\/div>\n","protected":false},"excerpt":{"rendered":"<p>SmartLife Ulkokamera Wi-Fi | Full HD 1080p | IP65 | Cloud \/ MicroSD (ei sis\u00e4lly) | 12 VDC | Y\u00f6kuvaus | Android\u2122 \/ IOS | Hopea \/ Valkoinen Kodin automatisoinnista tuli juuri entist\u00e4 helpompaa. T\u00e4m\u00e4n helppok\u00e4ytt\u00f6isen \u00e4lykk\u00e4\u00e4n IP-ulkokameran voi yhdist\u00e4\u00e4 k\u00e4tev\u00e4sti olemassa olevaan Wi-Fi-verkkoon, jotta sill\u00e4 voi valvoa kotisi ulkoalueita ja tallentaa \u00e4\u00e4nen tai liikkeen. [&hellip;]<\/p>\n","protected":false},"featured_media":13254,"comment_status":"open","ping_status":"closed","template":"","meta":[],"product_brand":[],"product_cat":[662,546],"product_tag":[],"class_list":{"0":"post-13231","1":"product","2":"type-product","3":"status-publish","4":"has-post-thumbnail","6":"product_cat-alykoti-valvonta","7":"product_cat-valvontakamerat","9":"first","10":"instock","11":"taxable","12":"shipping-taxable","13":"purchasable","14":"product-type-simple"},"yoast_head":"<!-- This site is optimized with the Yoast SEO plugin v27.3 - https:\/\/yoast.com\/product\/yoast-seo-wordpress\/ -->\n<title>Nedis WIFICO11CWT -<\/title>\n<meta name=\"robots\" content=\"index, follow, max-snippet:-1, max-image-preview:large, max-video-preview:-1\" \/>\n<link rel=\"canonical\" href=\"https:\/\/www.duunauspalvelutjarvi.fi\/?product=smartlife-ulkokamera-wifico20cwt\" \/>\n<meta property=\"og:locale\" content=\"fi_FI\" \/>\n<meta property=\"og:type\" content=\"article\" \/>\n<meta property=\"og:title\" content=\"Nedis WIFICO11CWT -\" \/>\n<meta property=\"og:description\" content=\"SmartLife Ulkokamera Wi-Fi | Full HD 1080p | IP65 | Cloud \/ MicroSD (ei sis\u00e4lly) | 12 VDC | Y\u00f6kuvaus | Android\u2122 \/ IOS | Hopea \/ Valkoinen Kodin automatisoinnista tuli juuri entist\u00e4 helpompaa. T\u00e4m\u00e4n helppok\u00e4ytt\u00f6isen \u00e4lykk\u00e4\u00e4n IP-ulkokameran voi yhdist\u00e4\u00e4 k\u00e4tev\u00e4sti olemassa olevaan Wi-Fi-verkkoon, jotta sill\u00e4 voi valvoa kotisi ulkoalueita ja tallentaa \u00e4\u00e4nen tai liikkeen. [&hellip;]\" \/>\n<meta property=\"og:url\" content=\"https:\/\/www.duunauspalvelutjarvi.fi\/?product=smartlife-ulkokamera-wifico20cwt\" \/>\n<meta property=\"article:modified_time\" content=\"2023-09-13T11:57:59+00:00\" \/>\n<meta property=\"og:image\" content=\"https:\/\/www.duunauspalvelutjarvi.fi\/wp-content\/uploads\/2022\/07\/WIFICO11CWT_P59.jpg\" \/>\n\t<meta property=\"og:image:width\" content=\"1200\" \/>\n\t<meta property=\"og:image:height\" content=\"1200\" \/>\n\t<meta property=\"og:image:type\" content=\"image\/jpeg\" \/>\n<meta name=\"twitter:card\" content=\"summary_large_image\" \/>\n<meta name=\"twitter:label1\" content=\"Arvioitu lukuaika\" \/>\n\t<meta name=\"twitter:data1\" content=\"3 minuuttia\" \/>\n<script type=\"application\/ld+json\" class=\"yoast-schema-graph\">{\"@context\":\"https:\\\/\\\/schema.org\",\"@graph\":[{\"@type\":\"WebPage\",\"@id\":\"https:\\\/\\\/www.duunauspalvelutjarvi.fi\\\/?product=smartlife-ulkokamera-wifico20cwt\",\"url\":\"https:\\\/\\\/www.duunauspalvelutjarvi.fi\\\/?product=smartlife-ulkokamera-wifico20cwt\",\"name\":\"Nedis WIFICO11CWT -\",\"isPartOf\":{\"@id\":\"https:\\\/\\\/www.duunauspalvelutjarvi.fi\\\/#website\"},\"primaryImageOfPage\":{\"@id\":\"https:\\\/\\\/www.duunauspalvelutjarvi.fi\\\/?product=smartlife-ulkokamera-wifico20cwt#primaryimage\"},\"image\":{\"@id\":\"https:\\\/\\\/www.duunauspalvelutjarvi.fi\\\/?product=smartlife-ulkokamera-wifico20cwt#primaryimage\"},\"thumbnailUrl\":\"https:\\\/\\\/www.duunauspalvelutjarvi.fi\\\/wp-content\\\/uploads\\\/2022\\\/07\\\/WIFICO11CWT_P59.jpg\",\"datePublished\":\"2022-07-23T14:22:25+00:00\",\"dateModified\":\"2023-09-13T11:57:59+00:00\",\"breadcrumb\":{\"@id\":\"https:\\\/\\\/www.duunauspalvelutjarvi.fi\\\/?product=smartlife-ulkokamera-wifico20cwt#breadcrumb\"},\"inLanguage\":\"fi\",\"potentialAction\":[{\"@type\":\"ReadAction\",\"target\":[\"https:\\\/\\\/www.duunauspalvelutjarvi.fi\\\/?product=smartlife-ulkokamera-wifico20cwt\"]}]},{\"@type\":\"ImageObject\",\"inLanguage\":\"fi\",\"@id\":\"https:\\\/\\\/www.duunauspalvelutjarvi.fi\\\/?product=smartlife-ulkokamera-wifico20cwt#primaryimage\",\"url\":\"https:\\\/\\\/www.duunauspalvelutjarvi.fi\\\/wp-content\\\/uploads\\\/2022\\\/07\\\/WIFICO11CWT_P59.jpg\",\"contentUrl\":\"https:\\\/\\\/www.duunauspalvelutjarvi.fi\\\/wp-content\\\/uploads\\\/2022\\\/07\\\/WIFICO11CWT_P59.jpg\",\"width\":1200,\"height\":1200},{\"@type\":\"BreadcrumbList\",\"@id\":\"https:\\\/\\\/www.duunauspalvelutjarvi.fi\\\/?product=smartlife-ulkokamera-wifico20cwt#breadcrumb\",\"itemListElement\":[{\"@type\":\"ListItem\",\"position\":1,\"name\":\"Etusivu\",\"item\":\"https:\\\/\\\/www.duunauspalvelutjarvi.fi\\\/\"},{\"@type\":\"ListItem\",\"position\":2,\"name\":\"Etusivu\",\"item\":\"https:\\\/\\\/www.duunauspalvelutjarvi.fi\\\/\"},{\"@type\":\"ListItem\",\"position\":3,\"name\":\"Nedis WIFICO11CWT\"}]},{\"@type\":\"WebSite\",\"@id\":\"https:\\\/\\\/www.duunauspalvelutjarvi.fi\\\/#website\",\"url\":\"https:\\\/\\\/www.duunauspalvelutjarvi.fi\\\/\",\"name\":\"\",\"description\":\"\",\"potentialAction\":[{\"@type\":\"SearchAction\",\"target\":{\"@type\":\"EntryPoint\",\"urlTemplate\":\"https:\\\/\\\/www.duunauspalvelutjarvi.fi\\\/?s={search_term_string}\"},\"query-input\":{\"@type\":\"PropertyValueSpecification\",\"valueRequired\":true,\"valueName\":\"search_term_string\"}}],\"inLanguage\":\"fi\"}]}<\/script>\n<!-- \/ Yoast SEO plugin. -->","yoast_head_json":{"title":"Nedis WIFICO11CWT -","robots":{"index":"index","follow":"follow","max-snippet":"max-snippet:-1","max-image-preview":"max-image-preview:large","max-video-preview":"max-video-preview:-1"},"canonical":"https:\/\/www.duunauspalvelutjarvi.fi\/?product=smartlife-ulkokamera-wifico20cwt","og_locale":"fi_FI","og_type":"article","og_title":"Nedis WIFICO11CWT -","og_description":"SmartLife Ulkokamera Wi-Fi | Full HD 1080p | IP65 | Cloud \/ MicroSD (ei sis\u00e4lly) | 12 VDC | Y\u00f6kuvaus | Android\u2122 \/ IOS | Hopea \/ Valkoinen Kodin automatisoinnista tuli juuri entist\u00e4 helpompaa. T\u00e4m\u00e4n helppok\u00e4ytt\u00f6isen \u00e4lykk\u00e4\u00e4n IP-ulkokameran voi yhdist\u00e4\u00e4 k\u00e4tev\u00e4sti olemassa olevaan Wi-Fi-verkkoon, jotta sill\u00e4 voi valvoa kotisi ulkoalueita ja tallentaa \u00e4\u00e4nen tai liikkeen. [&hellip;]","og_url":"https:\/\/www.duunauspalvelutjarvi.fi\/?product=smartlife-ulkokamera-wifico20cwt","article_modified_time":"2023-09-13T11:57:59+00:00","og_image":[{"width":1200,"height":1200,"url":"https:\/\/www.duunauspalvelutjarvi.fi\/wp-content\/uploads\/2022\/07\/WIFICO11CWT_P59.jpg","type":"image\/jpeg"}],"twitter_card":"summary_large_image","twitter_misc":{"Arvioitu lukuaika":"3 minuuttia"},"schema":{"@context":"https:\/\/schema.org","@graph":[{"@type":"WebPage","@id":"https:\/\/www.duunauspalvelutjarvi.fi\/?product=smartlife-ulkokamera-wifico20cwt","url":"https:\/\/www.duunauspalvelutjarvi.fi\/?product=smartlife-ulkokamera-wifico20cwt","name":"Nedis WIFICO11CWT -","isPartOf":{"@id":"https:\/\/www.duunauspalvelutjarvi.fi\/#website"},"primaryImageOfPage":{"@id":"https:\/\/www.duunauspalvelutjarvi.fi\/?product=smartlife-ulkokamera-wifico20cwt#primaryimage"},"image":{"@id":"https:\/\/www.duunauspalvelutjarvi.fi\/?product=smartlife-ulkokamera-wifico20cwt#primaryimage"},"thumbnailUrl":"https:\/\/www.duunauspalvelutjarvi.fi\/wp-content\/uploads\/2022\/07\/WIFICO11CWT_P59.jpg","datePublished":"2022-07-23T14:22:25+00:00","dateModified":"2023-09-13T11:57:59+00:00","breadcrumb":{"@id":"https:\/\/www.duunauspalvelutjarvi.fi\/?product=smartlife-ulkokamera-wifico20cwt#breadcrumb"},"inLanguage":"fi","potentialAction":[{"@type":"ReadAction","target":["https:\/\/www.duunauspalvelutjarvi.fi\/?product=smartlife-ulkokamera-wifico20cwt"]}]},{"@type":"ImageObject","inLanguage":"fi","@id":"https:\/\/www.duunauspalvelutjarvi.fi\/?product=smartlife-ulkokamera-wifico20cwt#primaryimage","url":"https:\/\/www.duunauspalvelutjarvi.fi\/wp-content\/uploads\/2022\/07\/WIFICO11CWT_P59.jpg","contentUrl":"https:\/\/www.duunauspalvelutjarvi.fi\/wp-content\/uploads\/2022\/07\/WIFICO11CWT_P59.jpg","width":1200,"height":1200},{"@type":"BreadcrumbList","@id":"https:\/\/www.duunauspalvelutjarvi.fi\/?product=smartlife-ulkokamera-wifico20cwt#breadcrumb","itemListElement":[{"@type":"ListItem","position":1,"name":"Etusivu","item":"https:\/\/www.duunauspalvelutjarvi.fi\/"},{"@type":"ListItem","position":2,"name":"Etusivu","item":"https:\/\/www.duunauspalvelutjarvi.fi\/"},{"@type":"ListItem","position":3,"name":"Nedis WIFICO11CWT"}]},{"@type":"WebSite","@id":"https:\/\/www.duunauspalvelutjarvi.fi\/#website","url":"https:\/\/www.duunauspalvelutjarvi.fi\/","name":"","description":"","potentialAction":[{"@type":"SearchAction","target":{"@type":"EntryPoint","urlTemplate":"https:\/\/www.duunauspalvelutjarvi.fi\/?s={search_term_string}"},"query-input":{"@type":"PropertyValueSpecification","valueRequired":true,"valueName":"search_term_string"}}],"inLanguage":"fi"}]}},"jetpack_sharing_enabled":true,"_links":{"self":[{"href":"https:\/\/www.duunauspalvelutjarvi.fi\/index.php?rest_route=\/wp\/v2\/product\/13231","targetHints":{"allow":["GET"]}}],"collection":[{"href":"https:\/\/www.duunauspalvelutjarvi.fi\/index.php?rest_route=\/wp\/v2\/product"}],"about":[{"href":"https:\/\/www.duunauspalvelutjarvi.fi\/index.php?rest_route=\/wp\/v2\/types\/product"}],"replies":[{"embeddable":true,"href":"https:\/\/www.duunauspalvelutjarvi.fi\/index.php?rest_route=%2Fwp%2Fv2%2Fcomments&post=13231"}],"wp:featuredmedia":[{"embeddable":true,"href":"https:\/\/www.duunauspalvelutjarvi.fi\/index.php?rest_route=\/wp\/v2\/media\/13254"}],"wp:attachment":[{"href":"https:\/\/www.duunauspalvelutjarvi.fi\/index.php?rest_route=%2Fwp%2Fv2%2Fmedia&parent=13231"}],"wp:term":[{"taxonomy":"product_brand","embeddable":true,"href":"https:\/\/www.duunauspalvelutjarvi.fi\/index.php?rest_route=%2Fwp%2Fv2%2Fproduct_brand&post=13231"},{"taxonomy":"product_cat","embeddable":true,"href":"https:\/\/www.duunauspalvelutjarvi.fi\/index.php?rest_route=%2Fwp%2Fv2%2Fproduct_cat&post=13231"},{"taxonomy":"product_tag","embeddable":true,"href":"https:\/\/www.duunauspalvelutjarvi.fi\/index.php?rest_route=%2Fwp%2Fv2%2Fproduct_tag&post=13231"}],"curies":[{"name":"wp","href":"https:\/\/api.w.org\/{rel}","templated":true}]}}