{"id":14275,"date":"2023-04-13T21:02:12","date_gmt":"2023-04-13T18:02:12","guid":{"rendered":"https:\/\/www.duunauspalvelutjarvi.fi\/?post_type=product&#038;p=14275"},"modified":"2025-01-10T16:53:08","modified_gmt":"2025-01-10T14:53:08","slug":"h7-osram-night-breaker-200-halogen-polttimopari","status":"publish","type":"product","link":"https:\/\/www.duunauspalvelutjarvi.fi\/?product=h7-osram-night-breaker-200-halogen-polttimopari","title":{"rendered":"H7 Osram Night Breaker 200% halogen-polttimopari"},"content":{"rendered":"<p><strong>Huippu-uutuus Osram Night Breaker 200%\u00a0 H7 halogen.\u00a0<\/strong>OSRAMin kirkkain halogeenilamppu, jopa +200% enemm\u00e4n kirkkautta, valokeila jopa 150m pidempi, jopa +20% valkoisempi valo.<\/p>\n<p><strong>Tekniset tiedot:<\/strong><br \/>\n\u2022 K\u00e4ytt\u00f6j\u00e4nnite: 12V<br \/>\n\u2022 Kanta: H7<br \/>\n\u2022 Teho: 55w<br \/>\n\u2022 V\u00e4ril\u00e4mp\u00f6tila: 3550K<br \/>\n\u2022 Valoteho: 1500 (\u00b110%) lm<br \/>\n\u2022 Paketissa polttimoita 2kpl<\/p>\n","protected":false},"excerpt":{"rendered":"<p>Huippu-uutuus Osram Night Breaker 200%\u00a0 H7 halogen.\u00a0OSRAMin kirkkain halogeenilamppu, jopa +200% enemm\u00e4n kirkkautta, valokeila jopa 150m pidempi, jopa +20% valkoisempi valo. Tekniset tiedot: \u2022 K\u00e4ytt\u00f6j\u00e4nnite: 12V \u2022 Kanta: H7 \u2022 Teho: 55w \u2022 V\u00e4ril\u00e4mp\u00f6tila: 3550K \u2022 Valoteho: 1500 (\u00b110%) lm \u2022 Paketissa polttimoita 2kpl<\/p>\n","protected":false},"featured_media":14276,"comment_status":"open","ping_status":"closed","template":"","meta":[],"product_brand":[],"product_cat":[313],"product_tag":[],"class_list":{"0":"post-14275","1":"product","2":"type-product","3":"status-publish","4":"has-post-thumbnail","6":"product_cat-h7-halogen-polttimot","8":"first","9":"instock","10":"taxable","11":"shipping-taxable","12":"purchasable","13":"product-type-simple"},"yoast_head":"<!-- This site is optimized with the Yoast SEO plugin v27.4 - https:\/\/yoast.com\/product\/yoast-seo-wordpress\/ -->\n<title>H7 Osram Night Breaker 200% halogen-polttimopari -<\/title>\n<meta name=\"robots\" content=\"index, follow, max-snippet:-1, max-image-preview:large, max-video-preview:-1\" \/>\n<link rel=\"canonical\" href=\"https:\/\/www.duunauspalvelutjarvi.fi\/?product=h7-osram-night-breaker-200-halogen-polttimopari\" \/>\n<meta property=\"og:locale\" content=\"fi_FI\" \/>\n<meta property=\"og:type\" content=\"article\" \/>\n<meta property=\"og:title\" content=\"H7 Osram Night Breaker 200% halogen-polttimopari -\" \/>\n<meta property=\"og:description\" content=\"Huippu-uutuus Osram Night Breaker 200%\u00a0 H7 halogen.\u00a0OSRAMin kirkkain halogeenilamppu, jopa +200% enemm\u00e4n kirkkautta, valokeila jopa 150m pidempi, jopa +20% valkoisempi valo. Tekniset tiedot: \u2022 K\u00e4ytt\u00f6j\u00e4nnite: 12V \u2022 Kanta: H7 \u2022 Teho: 55w \u2022 V\u00e4ril\u00e4mp\u00f6tila: 3550K \u2022 Valoteho: 1500 (\u00b110%) lm \u2022 Paketissa polttimoita 2kpl\" \/>\n<meta property=\"og:url\" content=\"https:\/\/www.duunauspalvelutjarvi.fi\/?product=h7-osram-night-breaker-200-halogen-polttimopari\" \/>\n<meta property=\"article:modified_time\" content=\"2025-01-10T14:53:08+00:00\" \/>\n<meta property=\"og:image\" content=\"https:\/\/www.duunauspalvelutjarvi.fi\/wp-content\/uploads\/2023\/04\/H7OsramNightBreaker200halogen-polttimopari_8020104774_ac6b9acbb63d275585bb26b827c0f800_1.jpeg\" \/>\n\t<meta property=\"og:image:width\" content=\"800\" \/>\n\t<meta property=\"og:image:height\" content=\"600\" \/>\n\t<meta property=\"og:image:type\" content=\"image\/jpeg\" \/>\n<meta name=\"twitter:card\" content=\"summary_large_image\" \/>\n<meta name=\"twitter:label1\" content=\"Arvioitu lukuaika\" \/>\n\t<meta name=\"twitter:data1\" content=\"1 minuutti\" \/>\n<script type=\"application\/ld+json\" class=\"yoast-schema-graph\">{\"@context\":\"https:\\\/\\\/schema.org\",\"@graph\":[{\"@type\":\"WebPage\",\"@id\":\"https:\\\/\\\/www.duunauspalvelutjarvi.fi\\\/?product=h7-osram-night-breaker-200-halogen-polttimopari\",\"url\":\"https:\\\/\\\/www.duunauspalvelutjarvi.fi\\\/?product=h7-osram-night-breaker-200-halogen-polttimopari\",\"name\":\"H7 Osram Night Breaker 200% halogen-polttimopari -\",\"isPartOf\":{\"@id\":\"https:\\\/\\\/www.duunauspalvelutjarvi.fi\\\/#website\"},\"primaryImageOfPage\":{\"@id\":\"https:\\\/\\\/www.duunauspalvelutjarvi.fi\\\/?product=h7-osram-night-breaker-200-halogen-polttimopari#primaryimage\"},\"image\":{\"@id\":\"https:\\\/\\\/www.duunauspalvelutjarvi.fi\\\/?product=h7-osram-night-breaker-200-halogen-polttimopari#primaryimage\"},\"thumbnailUrl\":\"https:\\\/\\\/www.duunauspalvelutjarvi.fi\\\/wp-content\\\/uploads\\\/2023\\\/04\\\/H7OsramNightBreaker200halogen-polttimopari_8020104774_ac6b9acbb63d275585bb26b827c0f800_1.jpeg\",\"datePublished\":\"2023-04-13T18:02:12+00:00\",\"dateModified\":\"2025-01-10T14:53:08+00:00\",\"breadcrumb\":{\"@id\":\"https:\\\/\\\/www.duunauspalvelutjarvi.fi\\\/?product=h7-osram-night-breaker-200-halogen-polttimopari#breadcrumb\"},\"inLanguage\":\"fi\",\"potentialAction\":[{\"@type\":\"ReadAction\",\"target\":[\"https:\\\/\\\/www.duunauspalvelutjarvi.fi\\\/?product=h7-osram-night-breaker-200-halogen-polttimopari\"]}]},{\"@type\":\"ImageObject\",\"inLanguage\":\"fi\",\"@id\":\"https:\\\/\\\/www.duunauspalvelutjarvi.fi\\\/?product=h7-osram-night-breaker-200-halogen-polttimopari#primaryimage\",\"url\":\"https:\\\/\\\/www.duunauspalvelutjarvi.fi\\\/wp-content\\\/uploads\\\/2023\\\/04\\\/H7OsramNightBreaker200halogen-polttimopari_8020104774_ac6b9acbb63d275585bb26b827c0f800_1.jpeg\",\"contentUrl\":\"https:\\\/\\\/www.duunauspalvelutjarvi.fi\\\/wp-content\\\/uploads\\\/2023\\\/04\\\/H7OsramNightBreaker200halogen-polttimopari_8020104774_ac6b9acbb63d275585bb26b827c0f800_1.jpeg\",\"width\":800,\"height\":600},{\"@type\":\"BreadcrumbList\",\"@id\":\"https:\\\/\\\/www.duunauspalvelutjarvi.fi\\\/?product=h7-osram-night-breaker-200-halogen-polttimopari#breadcrumb\",\"itemListElement\":[{\"@type\":\"ListItem\",\"position\":1,\"name\":\"Etusivu\",\"item\":\"https:\\\/\\\/www.duunauspalvelutjarvi.fi\\\/\"},{\"@type\":\"ListItem\",\"position\":2,\"name\":\"Etusivu\",\"item\":\"https:\\\/\\\/www.duunauspalvelutjarvi.fi\\\/\"},{\"@type\":\"ListItem\",\"position\":3,\"name\":\"H7 Osram Night Breaker 200% halogen-polttimopari\"}]},{\"@type\":\"WebSite\",\"@id\":\"https:\\\/\\\/www.duunauspalvelutjarvi.fi\\\/#website\",\"url\":\"https:\\\/\\\/www.duunauspalvelutjarvi.fi\\\/\",\"name\":\"\",\"description\":\"\",\"potentialAction\":[{\"@type\":\"SearchAction\",\"target\":{\"@type\":\"EntryPoint\",\"urlTemplate\":\"https:\\\/\\\/www.duunauspalvelutjarvi.fi\\\/?s={search_term_string}\"},\"query-input\":{\"@type\":\"PropertyValueSpecification\",\"valueRequired\":true,\"valueName\":\"search_term_string\"}}],\"inLanguage\":\"fi\"}]}<\/script>\n<!-- \/ Yoast SEO plugin. -->","yoast_head_json":{"title":"H7 Osram Night Breaker 200% halogen-polttimopari -","robots":{"index":"index","follow":"follow","max-snippet":"max-snippet:-1","max-image-preview":"max-image-preview:large","max-video-preview":"max-video-preview:-1"},"canonical":"https:\/\/www.duunauspalvelutjarvi.fi\/?product=h7-osram-night-breaker-200-halogen-polttimopari","og_locale":"fi_FI","og_type":"article","og_title":"H7 Osram Night Breaker 200% halogen-polttimopari -","og_description":"Huippu-uutuus Osram Night Breaker 200%\u00a0 H7 halogen.\u00a0OSRAMin kirkkain halogeenilamppu, jopa +200% enemm\u00e4n kirkkautta, valokeila jopa 150m pidempi, jopa +20% valkoisempi valo. Tekniset tiedot: \u2022 K\u00e4ytt\u00f6j\u00e4nnite: 12V \u2022 Kanta: H7 \u2022 Teho: 55w \u2022 V\u00e4ril\u00e4mp\u00f6tila: 3550K \u2022 Valoteho: 1500 (\u00b110%) lm \u2022 Paketissa polttimoita 2kpl","og_url":"https:\/\/www.duunauspalvelutjarvi.fi\/?product=h7-osram-night-breaker-200-halogen-polttimopari","article_modified_time":"2025-01-10T14:53:08+00:00","og_image":[{"width":800,"height":600,"url":"https:\/\/www.duunauspalvelutjarvi.fi\/wp-content\/uploads\/2023\/04\/H7OsramNightBreaker200halogen-polttimopari_8020104774_ac6b9acbb63d275585bb26b827c0f800_1.jpeg","type":"image\/jpeg"}],"twitter_card":"summary_large_image","twitter_misc":{"Arvioitu lukuaika":"1 minuutti"},"schema":{"@context":"https:\/\/schema.org","@graph":[{"@type":"WebPage","@id":"https:\/\/www.duunauspalvelutjarvi.fi\/?product=h7-osram-night-breaker-200-halogen-polttimopari","url":"https:\/\/www.duunauspalvelutjarvi.fi\/?product=h7-osram-night-breaker-200-halogen-polttimopari","name":"H7 Osram Night Breaker 200% halogen-polttimopari -","isPartOf":{"@id":"https:\/\/www.duunauspalvelutjarvi.fi\/#website"},"primaryImageOfPage":{"@id":"https:\/\/www.duunauspalvelutjarvi.fi\/?product=h7-osram-night-breaker-200-halogen-polttimopari#primaryimage"},"image":{"@id":"https:\/\/www.duunauspalvelutjarvi.fi\/?product=h7-osram-night-breaker-200-halogen-polttimopari#primaryimage"},"thumbnailUrl":"https:\/\/www.duunauspalvelutjarvi.fi\/wp-content\/uploads\/2023\/04\/H7OsramNightBreaker200halogen-polttimopari_8020104774_ac6b9acbb63d275585bb26b827c0f800_1.jpeg","datePublished":"2023-04-13T18:02:12+00:00","dateModified":"2025-01-10T14:53:08+00:00","breadcrumb":{"@id":"https:\/\/www.duunauspalvelutjarvi.fi\/?product=h7-osram-night-breaker-200-halogen-polttimopari#breadcrumb"},"inLanguage":"fi","potentialAction":[{"@type":"ReadAction","target":["https:\/\/www.duunauspalvelutjarvi.fi\/?product=h7-osram-night-breaker-200-halogen-polttimopari"]}]},{"@type":"ImageObject","inLanguage":"fi","@id":"https:\/\/www.duunauspalvelutjarvi.fi\/?product=h7-osram-night-breaker-200-halogen-polttimopari#primaryimage","url":"https:\/\/www.duunauspalvelutjarvi.fi\/wp-content\/uploads\/2023\/04\/H7OsramNightBreaker200halogen-polttimopari_8020104774_ac6b9acbb63d275585bb26b827c0f800_1.jpeg","contentUrl":"https:\/\/www.duunauspalvelutjarvi.fi\/wp-content\/uploads\/2023\/04\/H7OsramNightBreaker200halogen-polttimopari_8020104774_ac6b9acbb63d275585bb26b827c0f800_1.jpeg","width":800,"height":600},{"@type":"BreadcrumbList","@id":"https:\/\/www.duunauspalvelutjarvi.fi\/?product=h7-osram-night-breaker-200-halogen-polttimopari#breadcrumb","itemListElement":[{"@type":"ListItem","position":1,"name":"Etusivu","item":"https:\/\/www.duunauspalvelutjarvi.fi\/"},{"@type":"ListItem","position":2,"name":"Etusivu","item":"https:\/\/www.duunauspalvelutjarvi.fi\/"},{"@type":"ListItem","position":3,"name":"H7 Osram Night Breaker 200% halogen-polttimopari"}]},{"@type":"WebSite","@id":"https:\/\/www.duunauspalvelutjarvi.fi\/#website","url":"https:\/\/www.duunauspalvelutjarvi.fi\/","name":"","description":"","potentialAction":[{"@type":"SearchAction","target":{"@type":"EntryPoint","urlTemplate":"https:\/\/www.duunauspalvelutjarvi.fi\/?s={search_term_string}"},"query-input":{"@type":"PropertyValueSpecification","valueRequired":true,"valueName":"search_term_string"}}],"inLanguage":"fi"}]}},"jetpack_sharing_enabled":true,"_links":{"self":[{"href":"https:\/\/www.duunauspalvelutjarvi.fi\/index.php?rest_route=\/wp\/v2\/product\/14275","targetHints":{"allow":["GET"]}}],"collection":[{"href":"https:\/\/www.duunauspalvelutjarvi.fi\/index.php?rest_route=\/wp\/v2\/product"}],"about":[{"href":"https:\/\/www.duunauspalvelutjarvi.fi\/index.php?rest_route=\/wp\/v2\/types\/product"}],"replies":[{"embeddable":true,"href":"https:\/\/www.duunauspalvelutjarvi.fi\/index.php?rest_route=%2Fwp%2Fv2%2Fcomments&post=14275"}],"wp:featuredmedia":[{"embeddable":true,"href":"https:\/\/www.duunauspalvelutjarvi.fi\/index.php?rest_route=\/wp\/v2\/media\/14276"}],"wp:attachment":[{"href":"https:\/\/www.duunauspalvelutjarvi.fi\/index.php?rest_route=%2Fwp%2Fv2%2Fmedia&parent=14275"}],"wp:term":[{"taxonomy":"product_brand","embeddable":true,"href":"https:\/\/www.duunauspalvelutjarvi.fi\/index.php?rest_route=%2Fwp%2Fv2%2Fproduct_brand&post=14275"},{"taxonomy":"product_cat","embeddable":true,"href":"https:\/\/www.duunauspalvelutjarvi.fi\/index.php?rest_route=%2Fwp%2Fv2%2Fproduct_cat&post=14275"},{"taxonomy":"product_tag","embeddable":true,"href":"https:\/\/www.duunauspalvelutjarvi.fi\/index.php?rest_route=%2Fwp%2Fv2%2Fproduct_tag&post=14275"}],"curies":[{"name":"wp","href":"https:\/\/api.w.org\/{rel}","templated":true}]}}