{"id":14277,"date":"2023-04-13T21:09:38","date_gmt":"2023-04-13T18:09:38","guid":{"rendered":"https:\/\/www.duunauspalvelutjarvi.fi\/?post_type=product&#038;p=14277"},"modified":"2024-09-14T19:02:53","modified_gmt":"2024-09-14T16:02:53","slug":"osram-h4-truckstar-halogen-polttimopari-24v","status":"publish","type":"product","link":"https:\/\/www.duunauspalvelutjarvi.fi\/?product=osram-h4-truckstar-halogen-polttimopari-24v","title":{"rendered":"Osram H4 truckstar halogen polttimopari 24v"},"content":{"rendered":"<p><strong>Osram H4 Truckstar Pro 24V<\/strong>\u00a0halogeenipolttimo on tehokas ja luotettava valinta kuorma-autojen halogenpolttimoksi. Erinomaisella suorituskyvyll\u00e4 varustettu polttimo tuottaa jopa 100% enemm\u00e4n valoa ja kest\u00e4\u00e4 jopa 100% pidemp\u00e4\u00e4n vakiotehoisiin halogeenipolttimoihin verrattuna. Kest\u00e4\u00e4 erinomaisesti t\u00e4rin\u00e4\u00e4<\/p>\n<p><strong>Tuoteominaisuudet:<\/strong><\/p>\n<p>\u2022 75\/70W<br \/>\n\u2022 24V<br \/>\n\u2022 Jopa 100 % enemm\u00e4n valoa tielle parantaa ajamisen mukavuutta ja v\u00e4hent\u00e4\u00e4 v\u00e4symist\u00e4<br \/>\n\u2022 Jopa 20 % valkoisempi valo<br \/>\n\u2022 Tehokkaampi sukupolvi<br \/>\n\u2022 Kest\u00e4v\u00e4mpi ja lujatekoisempi<br \/>\n\u2022 Upea ulkon\u00e4k\u00f6<br \/>\n\u2022 \u00c4\u00e4rimm\u00e4isen tehokas halogeeni-autolamppu<\/p>\n<p><strong>Pakkaus sis\u00e4lt\u00e4\u00e4 2kpl polttimoita.<\/strong><strong>\u00a0<\/strong><\/p>\n","protected":false},"excerpt":{"rendered":"<p>Osram H4 Truckstar Pro 24V\u00a0halogeenipolttimo on tehokas ja luotettava valinta kuorma-autojen halogenpolttimoksi. Erinomaisella suorituskyvyll\u00e4 varustettu polttimo tuottaa jopa 100% enemm\u00e4n valoa ja kest\u00e4\u00e4 jopa 100% pidemp\u00e4\u00e4n vakiotehoisiin halogeenipolttimoihin verrattuna. Kest\u00e4\u00e4 erinomaisesti t\u00e4rin\u00e4\u00e4 Tuoteominaisuudet: \u2022 75\/70W \u2022 24V \u2022 Jopa 100 % enemm\u00e4n valoa tielle parantaa ajamisen mukavuutta ja v\u00e4hent\u00e4\u00e4 v\u00e4symist\u00e4 \u2022 Jopa 20 % valkoisempi [&hellip;]<\/p>\n","protected":false},"featured_media":14278,"comment_status":"open","ping_status":"closed","template":"","meta":[],"product_brand":[],"product_cat":[314],"product_tag":[],"class_list":{"0":"post-14277","1":"product","2":"type-product","3":"status-publish","4":"has-post-thumbnail","6":"product_cat-h4-halogen-polttimot","8":"first","9":"instock","10":"taxable","11":"shipping-taxable","12":"purchasable","13":"product-type-simple"},"yoast_head":"<!-- This site is optimized with the Yoast SEO plugin v27.3 - https:\/\/yoast.com\/product\/yoast-seo-wordpress\/ -->\n<title>Osram H4 truckstar halogen polttimopari 24v -<\/title>\n<meta name=\"robots\" content=\"index, follow, max-snippet:-1, max-image-preview:large, max-video-preview:-1\" \/>\n<link rel=\"canonical\" href=\"https:\/\/www.duunauspalvelutjarvi.fi\/?product=osram-h4-truckstar-halogen-polttimopari-24v\" \/>\n<meta property=\"og:locale\" content=\"fi_FI\" \/>\n<meta property=\"og:type\" content=\"article\" \/>\n<meta property=\"og:title\" content=\"Osram H4 truckstar halogen polttimopari 24v -\" \/>\n<meta property=\"og:description\" content=\"Osram H4 Truckstar Pro 24V\u00a0halogeenipolttimo on tehokas ja luotettava valinta kuorma-autojen halogenpolttimoksi. Erinomaisella suorituskyvyll\u00e4 varustettu polttimo tuottaa jopa 100% enemm\u00e4n valoa ja kest\u00e4\u00e4 jopa 100% pidemp\u00e4\u00e4n vakiotehoisiin halogeenipolttimoihin verrattuna. Kest\u00e4\u00e4 erinomaisesti t\u00e4rin\u00e4\u00e4 Tuoteominaisuudet: \u2022 75\/70W \u2022 24V \u2022 Jopa 100 % enemm\u00e4n valoa tielle parantaa ajamisen mukavuutta ja v\u00e4hent\u00e4\u00e4 v\u00e4symist\u00e4 \u2022 Jopa 20 % valkoisempi [&hellip;]\" \/>\n<meta property=\"og:url\" content=\"https:\/\/www.duunauspalvelutjarvi.fi\/?product=osram-h4-truckstar-halogen-polttimopari-24v\" \/>\n<meta property=\"article:modified_time\" content=\"2024-09-14T16:02:53+00:00\" \/>\n<meta property=\"og:image\" content=\"https:\/\/www.duunauspalvelutjarvi.fi\/wp-content\/uploads\/2023\/04\/OsramH4truckstarhalogenpolttimopari_4060101566_c94d9428f83864fc154c05979e312adc_1.jpeg\" \/>\n\t<meta property=\"og:image:width\" content=\"493\" \/>\n\t<meta property=\"og:image:height\" content=\"445\" \/>\n\t<meta property=\"og:image:type\" content=\"image\/jpeg\" \/>\n<meta name=\"twitter:card\" content=\"summary_large_image\" \/>\n<meta name=\"twitter:label1\" content=\"Arvioitu lukuaika\" \/>\n\t<meta name=\"twitter:data1\" content=\"1 minuutti\" \/>\n<script type=\"application\/ld+json\" class=\"yoast-schema-graph\">{\"@context\":\"https:\\\/\\\/schema.org\",\"@graph\":[{\"@type\":\"WebPage\",\"@id\":\"https:\\\/\\\/www.duunauspalvelutjarvi.fi\\\/?product=osram-h4-truckstar-halogen-polttimopari-24v\",\"url\":\"https:\\\/\\\/www.duunauspalvelutjarvi.fi\\\/?product=osram-h4-truckstar-halogen-polttimopari-24v\",\"name\":\"Osram H4 truckstar halogen polttimopari 24v -\",\"isPartOf\":{\"@id\":\"https:\\\/\\\/www.duunauspalvelutjarvi.fi\\\/#website\"},\"primaryImageOfPage\":{\"@id\":\"https:\\\/\\\/www.duunauspalvelutjarvi.fi\\\/?product=osram-h4-truckstar-halogen-polttimopari-24v#primaryimage\"},\"image\":{\"@id\":\"https:\\\/\\\/www.duunauspalvelutjarvi.fi\\\/?product=osram-h4-truckstar-halogen-polttimopari-24v#primaryimage\"},\"thumbnailUrl\":\"https:\\\/\\\/www.duunauspalvelutjarvi.fi\\\/wp-content\\\/uploads\\\/2023\\\/04\\\/OsramH4truckstarhalogenpolttimopari_4060101566_c94d9428f83864fc154c05979e312adc_1.jpeg\",\"datePublished\":\"2023-04-13T18:09:38+00:00\",\"dateModified\":\"2024-09-14T16:02:53+00:00\",\"breadcrumb\":{\"@id\":\"https:\\\/\\\/www.duunauspalvelutjarvi.fi\\\/?product=osram-h4-truckstar-halogen-polttimopari-24v#breadcrumb\"},\"inLanguage\":\"fi\",\"potentialAction\":[{\"@type\":\"ReadAction\",\"target\":[\"https:\\\/\\\/www.duunauspalvelutjarvi.fi\\\/?product=osram-h4-truckstar-halogen-polttimopari-24v\"]}]},{\"@type\":\"ImageObject\",\"inLanguage\":\"fi\",\"@id\":\"https:\\\/\\\/www.duunauspalvelutjarvi.fi\\\/?product=osram-h4-truckstar-halogen-polttimopari-24v#primaryimage\",\"url\":\"https:\\\/\\\/www.duunauspalvelutjarvi.fi\\\/wp-content\\\/uploads\\\/2023\\\/04\\\/OsramH4truckstarhalogenpolttimopari_4060101566_c94d9428f83864fc154c05979e312adc_1.jpeg\",\"contentUrl\":\"https:\\\/\\\/www.duunauspalvelutjarvi.fi\\\/wp-content\\\/uploads\\\/2023\\\/04\\\/OsramH4truckstarhalogenpolttimopari_4060101566_c94d9428f83864fc154c05979e312adc_1.jpeg\",\"width\":493,\"height\":445},{\"@type\":\"BreadcrumbList\",\"@id\":\"https:\\\/\\\/www.duunauspalvelutjarvi.fi\\\/?product=osram-h4-truckstar-halogen-polttimopari-24v#breadcrumb\",\"itemListElement\":[{\"@type\":\"ListItem\",\"position\":1,\"name\":\"Etusivu\",\"item\":\"https:\\\/\\\/www.duunauspalvelutjarvi.fi\\\/\"},{\"@type\":\"ListItem\",\"position\":2,\"name\":\"Etusivu\",\"item\":\"https:\\\/\\\/www.duunauspalvelutjarvi.fi\\\/\"},{\"@type\":\"ListItem\",\"position\":3,\"name\":\"Osram H4 truckstar halogen polttimopari 24v\"}]},{\"@type\":\"WebSite\",\"@id\":\"https:\\\/\\\/www.duunauspalvelutjarvi.fi\\\/#website\",\"url\":\"https:\\\/\\\/www.duunauspalvelutjarvi.fi\\\/\",\"name\":\"\",\"description\":\"\",\"potentialAction\":[{\"@type\":\"SearchAction\",\"target\":{\"@type\":\"EntryPoint\",\"urlTemplate\":\"https:\\\/\\\/www.duunauspalvelutjarvi.fi\\\/?s={search_term_string}\"},\"query-input\":{\"@type\":\"PropertyValueSpecification\",\"valueRequired\":true,\"valueName\":\"search_term_string\"}}],\"inLanguage\":\"fi\"}]}<\/script>\n<!-- \/ Yoast SEO plugin. -->","yoast_head_json":{"title":"Osram H4 truckstar halogen polttimopari 24v -","robots":{"index":"index","follow":"follow","max-snippet":"max-snippet:-1","max-image-preview":"max-image-preview:large","max-video-preview":"max-video-preview:-1"},"canonical":"https:\/\/www.duunauspalvelutjarvi.fi\/?product=osram-h4-truckstar-halogen-polttimopari-24v","og_locale":"fi_FI","og_type":"article","og_title":"Osram H4 truckstar halogen polttimopari 24v -","og_description":"Osram H4 Truckstar Pro 24V\u00a0halogeenipolttimo on tehokas ja luotettava valinta kuorma-autojen halogenpolttimoksi. Erinomaisella suorituskyvyll\u00e4 varustettu polttimo tuottaa jopa 100% enemm\u00e4n valoa ja kest\u00e4\u00e4 jopa 100% pidemp\u00e4\u00e4n vakiotehoisiin halogeenipolttimoihin verrattuna. Kest\u00e4\u00e4 erinomaisesti t\u00e4rin\u00e4\u00e4 Tuoteominaisuudet: \u2022 75\/70W \u2022 24V \u2022 Jopa 100 % enemm\u00e4n valoa tielle parantaa ajamisen mukavuutta ja v\u00e4hent\u00e4\u00e4 v\u00e4symist\u00e4 \u2022 Jopa 20 % valkoisempi [&hellip;]","og_url":"https:\/\/www.duunauspalvelutjarvi.fi\/?product=osram-h4-truckstar-halogen-polttimopari-24v","article_modified_time":"2024-09-14T16:02:53+00:00","og_image":[{"width":493,"height":445,"url":"https:\/\/www.duunauspalvelutjarvi.fi\/wp-content\/uploads\/2023\/04\/OsramH4truckstarhalogenpolttimopari_4060101566_c94d9428f83864fc154c05979e312adc_1.jpeg","type":"image\/jpeg"}],"twitter_card":"summary_large_image","twitter_misc":{"Arvioitu lukuaika":"1 minuutti"},"schema":{"@context":"https:\/\/schema.org","@graph":[{"@type":"WebPage","@id":"https:\/\/www.duunauspalvelutjarvi.fi\/?product=osram-h4-truckstar-halogen-polttimopari-24v","url":"https:\/\/www.duunauspalvelutjarvi.fi\/?product=osram-h4-truckstar-halogen-polttimopari-24v","name":"Osram H4 truckstar halogen polttimopari 24v -","isPartOf":{"@id":"https:\/\/www.duunauspalvelutjarvi.fi\/#website"},"primaryImageOfPage":{"@id":"https:\/\/www.duunauspalvelutjarvi.fi\/?product=osram-h4-truckstar-halogen-polttimopari-24v#primaryimage"},"image":{"@id":"https:\/\/www.duunauspalvelutjarvi.fi\/?product=osram-h4-truckstar-halogen-polttimopari-24v#primaryimage"},"thumbnailUrl":"https:\/\/www.duunauspalvelutjarvi.fi\/wp-content\/uploads\/2023\/04\/OsramH4truckstarhalogenpolttimopari_4060101566_c94d9428f83864fc154c05979e312adc_1.jpeg","datePublished":"2023-04-13T18:09:38+00:00","dateModified":"2024-09-14T16:02:53+00:00","breadcrumb":{"@id":"https:\/\/www.duunauspalvelutjarvi.fi\/?product=osram-h4-truckstar-halogen-polttimopari-24v#breadcrumb"},"inLanguage":"fi","potentialAction":[{"@type":"ReadAction","target":["https:\/\/www.duunauspalvelutjarvi.fi\/?product=osram-h4-truckstar-halogen-polttimopari-24v"]}]},{"@type":"ImageObject","inLanguage":"fi","@id":"https:\/\/www.duunauspalvelutjarvi.fi\/?product=osram-h4-truckstar-halogen-polttimopari-24v#primaryimage","url":"https:\/\/www.duunauspalvelutjarvi.fi\/wp-content\/uploads\/2023\/04\/OsramH4truckstarhalogenpolttimopari_4060101566_c94d9428f83864fc154c05979e312adc_1.jpeg","contentUrl":"https:\/\/www.duunauspalvelutjarvi.fi\/wp-content\/uploads\/2023\/04\/OsramH4truckstarhalogenpolttimopari_4060101566_c94d9428f83864fc154c05979e312adc_1.jpeg","width":493,"height":445},{"@type":"BreadcrumbList","@id":"https:\/\/www.duunauspalvelutjarvi.fi\/?product=osram-h4-truckstar-halogen-polttimopari-24v#breadcrumb","itemListElement":[{"@type":"ListItem","position":1,"name":"Etusivu","item":"https:\/\/www.duunauspalvelutjarvi.fi\/"},{"@type":"ListItem","position":2,"name":"Etusivu","item":"https:\/\/www.duunauspalvelutjarvi.fi\/"},{"@type":"ListItem","position":3,"name":"Osram H4 truckstar halogen polttimopari 24v"}]},{"@type":"WebSite","@id":"https:\/\/www.duunauspalvelutjarvi.fi\/#website","url":"https:\/\/www.duunauspalvelutjarvi.fi\/","name":"","description":"","potentialAction":[{"@type":"SearchAction","target":{"@type":"EntryPoint","urlTemplate":"https:\/\/www.duunauspalvelutjarvi.fi\/?s={search_term_string}"},"query-input":{"@type":"PropertyValueSpecification","valueRequired":true,"valueName":"search_term_string"}}],"inLanguage":"fi"}]}},"jetpack_sharing_enabled":true,"_links":{"self":[{"href":"https:\/\/www.duunauspalvelutjarvi.fi\/index.php?rest_route=\/wp\/v2\/product\/14277","targetHints":{"allow":["GET"]}}],"collection":[{"href":"https:\/\/www.duunauspalvelutjarvi.fi\/index.php?rest_route=\/wp\/v2\/product"}],"about":[{"href":"https:\/\/www.duunauspalvelutjarvi.fi\/index.php?rest_route=\/wp\/v2\/types\/product"}],"replies":[{"embeddable":true,"href":"https:\/\/www.duunauspalvelutjarvi.fi\/index.php?rest_route=%2Fwp%2Fv2%2Fcomments&post=14277"}],"wp:featuredmedia":[{"embeddable":true,"href":"https:\/\/www.duunauspalvelutjarvi.fi\/index.php?rest_route=\/wp\/v2\/media\/14278"}],"wp:attachment":[{"href":"https:\/\/www.duunauspalvelutjarvi.fi\/index.php?rest_route=%2Fwp%2Fv2%2Fmedia&parent=14277"}],"wp:term":[{"taxonomy":"product_brand","embeddable":true,"href":"https:\/\/www.duunauspalvelutjarvi.fi\/index.php?rest_route=%2Fwp%2Fv2%2Fproduct_brand&post=14277"},{"taxonomy":"product_cat","embeddable":true,"href":"https:\/\/www.duunauspalvelutjarvi.fi\/index.php?rest_route=%2Fwp%2Fv2%2Fproduct_cat&post=14277"},{"taxonomy":"product_tag","embeddable":true,"href":"https:\/\/www.duunauspalvelutjarvi.fi\/index.php?rest_route=%2Fwp%2Fv2%2Fproduct_tag&post=14277"}],"curies":[{"name":"wp","href":"https:\/\/api.w.org\/{rel}","templated":true}]}}