{"id":14468,"date":"2023-09-13T15:28:30","date_gmt":"2023-09-13T12:28:30","guid":{"rendered":"https:\/\/www.duunauspalvelutjarvi.fi\/?post_type=product&#038;p=14468"},"modified":"2023-09-13T15:29:40","modified_gmt":"2023-09-13T12:29:40","slug":"nedis-smartlife-simcbo50wt-valvontakamera-ulkokayttoon","status":"publish","type":"product","link":"https:\/\/www.duunauspalvelutjarvi.fi\/?product=nedis-smartlife-simcbo50wt-valvontakamera-ulkokayttoon","title":{"rendered":"Nedis SmartLife SIMCBO50WT valvontakamera, ulkok\u00e4ytt\u00f6\u00f6n"},"content":{"rendered":"<p>Nedis SmartLife SIMCBO50WT on ladattava, panoroitava ja kallistettava ulkok\u00e4ytt\u00f6\u00f6n tarkoitettu IP-kamera, jonka avulla voit n\u00e4hd\u00e4, mit\u00e4 talosi ymp\u00e4rill\u00e4 tapahtuu riippumatta siit\u00e4, onko kyseess\u00e4 v\u00e4lit\u00f6n uhka vai haluatko vain tuntea olosi t\u00e4ysin turvalliseksi. Kamera tukee 4G LTE -verkkoa, joten se on ihanteellinen, kun Wi-Fi-yhteytt\u00e4 ei ole. Lis\u00e4ksi kamera on varustettu aurinkopaneelilla ja akulla, joten se toimii my\u00f6s silloin, kun l\u00e4hist\u00f6ll\u00e4 ei ole pistorasiaa. Vedenpit\u00e4v\u00e4n kotelonsa (IP65) ansiosta \u00e4lykamera on suojattu vedelt\u00e4, joten se voidaan asentaa ulkoiseen julkisivuun huoletta. T\u00e4m\u00e4 tekee siit\u00e4 ihanteellisen kameran esim. maalaistaloihin ja rakennusty\u00f6maille. Kameran avulla voit seurata omaisuuttasi ja tallentaa \u00e4\u00e4ni\u00e4 tai liikkeit\u00e4 riippumatta siit\u00e4, oletko kotona vai tien p\u00e4\u00e4ll\u00e4. Nedis SmartLife -sovellus ilmoittaa sinulle liikkeest\u00e4, joten voit puuttua asiaan ajoissa.<\/p>\n<p><strong>Akkuk\u00e4ytt\u00f6inen<br \/>\n<\/strong>Kun kamera on ladattu, olet valmis k\u00e4ytt\u00e4m\u00e4\u00e4n sit\u00e4 turvakamerana tai pit\u00e4m\u00e4\u00e4n tavaroitasi tarkasti silm\u00e4ll\u00e4. Tallenteiden m\u00e4\u00e4r\u00e4st\u00e4 riippuen akku voi kest\u00e4\u00e4 muutaman kuukauden yhdell\u00e4 latauksella. Keskim\u00e4\u00e4rin, kun kamera tallentaa 5 tapahtumaa p\u00e4iv\u00e4ss\u00e4, akku voi kest\u00e4\u00e4 jopa 20 p\u00e4iv\u00e4\u00e4. Mutta yhdess\u00e4 aurinkopaneelin kanssa akku pidet\u00e4\u00e4n aina ladattuna. L\u00e4mp\u00f6tila voi vaikuttaa akun kestoon.<\/p>\n<p><strong>Full HD -resoluutio<br \/>\n<\/strong>Voit pit\u00e4\u00e4 silm\u00e4ll\u00e4 kaikkea n\u00e4kem\u00e4\u00e4si reaaliajassa ja reagoida siihen Nedis SmartLife -sovelluksen kautta. Mahdollisuus k\u00e4\u00e4nt\u00e4\u00e4 kameraa 350\u00b0 ja kallistaa 70\u00b0 tarjoaa enemm\u00e4n joustavuutta t\u00e4ydellisen kuvan saamiseksi. MicroSD -paikan ansiosta voit tallentaa tallenteita micro-SD-kortille, jonka koko on enint\u00e4\u00e4n 128 Gt (ei sis\u00e4lly toimitukseen). Voit tallentaa kuvat Full HD -resoluutiolla (1920&#215;1080 pikseli\u00e4) kuvien t\u00e4ydellisen selkeyden takaamiseksi. Voit my\u00f6s tallentaa videomateriaalia sovelluksen ja pilvipalvelun kautta (tilauspohjainen).<\/p>\n<p><strong>Reagoi liikkeeseen<br \/>\n<\/strong>Kamera osaa tunnistaa liikkeet 120 asteen n\u00e4k\u00f6kent\u00e4ss\u00e4. AI Human Motion Detectionin ansiosta se analysoi henkil\u00f6iden muotoja, jolloin voit asettaa sen havaitsemaan vain ihmisten liikkeet s\u00e4\u00e4st\u00e4en itsesi tarpeettomilta h\u00e4lytyksilt\u00e4. Jos haluat, se aloittaa tallennuksen automaattisesti ja lis\u00e4ksi saat push-ilmoituksen \u00e4lypuhelimeesi. Ilmoitukset n\u00e4ytet\u00e4\u00e4n ponnahdusviestein\u00e4 \u00e4lypuhelimellasi ilman, ett\u00e4 sinun tarvitsee avata sovellusta. T\u00e4m\u00e4 tarkoittaa, ett\u00e4 saat ilmoituksen v\u00e4litt\u00f6m\u00e4sti ja voit reagoida hyvin nopeasti. Usean k\u00e4ytt\u00e4j\u00e4n toiminnon avulla jopa useat ihmiset voivat k\u00e4ytt\u00e4\u00e4 kameraa samanaikaisesti.<\/p>\n<p><strong>Pime\u00e4n\u00e4k\u00f6<br \/>\n<\/strong>Kamera on varustettu my\u00f6s v\u00e4rillisell\u00e4 y\u00f6n\u00e4k\u00f6toiminnolla, jopa tarjoaa jopa 10 metrin kantaman. Kamerassa on kohdevalotoiminto, joka n\u00e4kee v\u00e4rit y\u00f6ll\u00e4 4 kpl tehokkaiden IR-ledien ja 4 kpl kohdevalojen ansiosta.<\/p>\n<p><strong>Kaksisuuntainen viestint\u00e4<br \/>\n<\/strong>4G-kamera on varustettu mikrofonilla ja kaiuttimella, jossa on melunvaimennus. Kaksisuuntainen \u00e4\u00e4niviestint\u00e4 toimii t\u00e4ydellisesti, kun haluat puhua jollekin, joka on l\u00e4hell\u00e4 kameraa. N\u00e4in voit puhua h\u00e4nelle silloinkin, kun et ole kotona. Kamerassa on 120\u00b0 laajakulmakameran linssi. T\u00e4m\u00e4 mahdollistaa eritt\u00e4in suuren valvontas\u00e4teen. T\u00e4m\u00e4n lis\u00e4ksi kamera tukee my\u00f6s h\u00e4lytys- ja sireenitoimintoa tunkeilijoiden est\u00e4miseksi.<\/p>\n<p><strong>Helppo asentaa<br \/>\n<\/strong>4G-kamera voidaan asentaa ilman yhdysk\u00e4yt\u00e4v\u00e4\u00e4 ja integroida suoraan langattomaan verkkoon &#8211; t\u00e4m\u00e4 yksinkertaistaa asennusta ja s\u00e4\u00e4st\u00e4\u00e4 lis\u00e4kustannuksia. Mukana toimitetaan ulkoinen antenni, joka parantaa Wi-Fi-signaalia jopa 70 metri\u00e4 avoimessa tilassa ja jopa 15 metri\u00e4 sein\u00e4n l\u00e4pi. Kamera saa virtansa ladattavien akkujen kautta tai se voidaan ladata mukana toimitetulla aurinkopaneelilla. Siksi voit asentaa 4G-kameran my\u00f6s silloin, kun l\u00e4hell\u00e4 ei ole pistorasiaa. Mukana on sein\u00e4-, kattokamerakiinnike kameran sijoittamiseksi talosi seiniin, mutta my\u00f6s hihna kameran kiinnitt\u00e4miseksi esimerkiksi puuhun.<\/p>\n<p><strong>Tietoja Nedis SmartLifesta<br \/>\n<\/strong>Nedis SmartLife Wi-Fi -tuotteet on helppo asentaa ja integroida suoraan Wi-Fi-verkkoon. Tutustu laajaan ja jatkuvasti laajenevaan tuotevalikoimaan &#8211; kuten polttimoihin, kytkimiin, pistorasioihin, antureihin ja kameroihin &#8211; joita kaikkia voidaan ohjata helppok\u00e4ytt\u00f6isell\u00e4 ja intuitiivisella sovelluksella. Etsitp\u00e4 sitten yht\u00e4 \u00e4lylamppua tai pistorasiaa tai haluat automatisoida koko talosi, huomaat, kuinka nyky\u00e4\u00e4n \u00e4lytekniikka on helposti saatavilla.<\/p>\n<p><strong>Ominaisuudet:<\/strong><\/p>\n<ul>\n<li>\u00c4lyk\u00e4s akullinen IP-kamera ulkok\u00e4ytt\u00f6\u00f6n &#8211; maksimaalinen joustavuus 100% langattomuudella<\/li>\n<li>Helppo yhdist\u00e4\u00e4 suoraan Nedis Smartlife -sovellukseen 4G-verkon kautta &#8211; erillist\u00e4 keskitint\u00e4 ei tarvita<\/li>\n<li>Vedenpit\u00e4v\u00e4 kotelo (IP65) sis\u00e4- ja ulkok\u00e4ytt\u00f6\u00f6n<\/li>\n<li>Ladattava akku &#8211; ei tarvita l\u00e4hell\u00e4 olevaa pistorasiaa<\/li>\n<li>Aurinkopaneeli &#8211; pit\u00e4\u00e4 akun ladattuna<\/li>\n<li>Tallentaa automaattisesti mink\u00e4 tahansa liikkeen<\/li>\n<li>Liiketunnistus 6-10 metri\u00e4, teko\u00e4lyn mahdollistava Human Motion Detection -toiminto<\/li>\n<li>Ihanteellinen kodin, puutarhan ja muun omaisuuden liikkuvaan valvontaan<\/li>\n<li>Kaksisuuntainen viestint\u00e4 melunvaimennuksella &#8211; kuuntele ja puhu alueella oleville<\/li>\n<li>H\u00e4lytys- ja sireenitoiminto<\/li>\n<li>Full HD 1080P -resoluutio &#8211; kristallinkirkkaaseen materiaalin kaappaamiseen<\/li>\n<li>Suuri katselualue 120\u00b0 laajakulmalla<\/li>\n<li>K\u00e4\u00e4ntyvyys: Panerointi 350\u00b0 ja kallistus 75\u00b0<\/li>\n<li>Color Night Vision -toiminto 10 metrin kantamalla<\/li>\n<li>Spotlight-toiminto v\u00e4rien n\u00e4kemiseen y\u00f6ll\u00e4 &#8211; 4 kpl parannettuja IR-ledej\u00e4 + 4 kpl kohdevaloja<\/li>\n<li>Videotallenteiden tallennus microSD-korttipaikan ansiosta (jopa 128 Gt)<\/li>\n<li>Akun kesto jopa 20 p\u00e4iv\u00e4\u00e4, perustuen 5 tunnistukseen p\u00e4iv\u00e4ss\u00e4<\/li>\n<li>Videon tallennus pilven kautta mahdollista (tilauspohjainen)<\/li>\n<li>Usean k\u00e4ytt\u00e4j\u00e4n toiminto, jotta useat ihmiset voivat k\u00e4ytt\u00e4\u00e4 kameraa samanaikaisesti<\/li>\n<li>Mukana tuleva ulkoinen antenni parantaa 4G vastaanottoa<\/li>\n<li>Toimitetaan asennusmateriaalin kanssa &#8211; tarvikkeet sein\u00e4-, katto-, ulko- ja sis\u00e4asennukseen<\/li>\n<li>Yhteensopvia kaikkien Nedis\u00ae SmartLife -sarjan tuotteiden kanssa<\/li>\n<li>Sovellus saatavana kohteeseen: Android\u2122, IOS<\/li>\n<li>Sopii k\u00e4ytett\u00e4v\u00e4ksi: Nedis\u00ae SmartLife<\/li>\n<\/ul>\n<p><strong>Tekniset tiedot:<\/strong><\/p>\n<ul>\n<li>Maksimi kuvantarkkuus: Full HD 1080p<\/li>\n<li>Megapikselit: 2 MP<\/li>\n<li>Kameran malli: PTZ kamera<\/li>\n<li>Kuvapiiri: 1\/2.9\u201d CMOS<\/li>\n<li>Linssi: 3.2 mm<\/li>\n<li>K\u00e4\u00e4nt\u00f6\/kallistus: kyll\u00e4<\/li>\n<li>Katselukulma: 120 \u00b0<\/li>\n<li>Panorointiasteet: 350 \u00b0<\/li>\n<li>Kallistuskulma: 75 \u00b0<\/li>\n<li>Kalansilm\u00e4: ei<\/li>\n<li>Y\u00f6kuvaus: 10 m<\/li>\n<li>Kuvaa per sekunti: 15 fps<\/li>\n<li>Liiketunnistimella: kyll\u00e4<\/li>\n<li>Sis\u00e4\u00e4nrakennettu mikrofoni: kyll\u00e4<\/li>\n<li>Integroidut kaiuttimet: kyll\u00e4<\/li>\n<li>Pilvipalvelutallennus mahdollisuus: kyll\u00e4<\/li>\n<li>Infrapuna h\u00e4m\u00e4r\u00e4n\u00e4k\u00f6: kyll\u00e4<\/li>\n<li>Maksimi l\u00e4hetysteho: 24 dBm<\/li>\n<li>Maksimi l\u00e4hetysantennin vahvistus: 2 dBi<\/li>\n<li>IP suojaluokitus: IP65<\/li>\n<li>Tallennustyyppi: MicroSD (ei sis\u00e4lly), pilvipalvelutallennus (valinnainen)<\/li>\n<li>LED: 4<\/li>\n<li>Himmennett\u00e4v\u00e4: kyll\u00e4<\/li>\n<li>Ohjelmoitava: kyll\u00e4<\/li>\n<li>Tuettu langaton tekniikka: 4G<\/li>\n<li>Tuloj\u00e4nnite: 5 V DC<\/li>\n<li>Tulovirta: 1,5 A<\/li>\n<li>Maksimi virrankulutus: 5 W<\/li>\n<li>Virtakaapelin pituus: 1 m<\/li>\n<li>Virtal\u00e4hteen tyyppi: USB-virta, akkuk\u00e4ytt\u00f6inen<\/li>\n<li>Akun kapasiteetti: 9000 mAh (Litium-ioni)<\/li>\n<li>Virta Ethernetin yli &#8211; tuki: ei<\/li>\n<li>Virtakaapelin p\u00e4\u00e4 A: USB Type-A<\/li>\n<li>Virtakaapelin p\u00e4\u00e4 B: USB-C\u2122<\/li>\n<li>Laitteen tulovirran liittimet: USB-C\u2122<\/li>\n<li>L\u00e4hetystaajuuden alue: LTE-FDD B1\/B3\/B5\/B7\/B8\/B20 MHz<\/li>\n<li>Toimintal\u00e4mp\u00f6tila-alue: -10 &#8211; 55 \u00b0C<\/li>\n<li>Mitat (l x k x s): 100 x 145 x 100 mm<\/li>\n<li>Paino: 963 g<\/li>\n<li>V\u00e4ri: valkoinen<\/li>\n<\/ul>\n<p><strong>Myyntipaketin sis\u00e4lt\u00f6:<\/strong><\/p>\n<ul>\n<li>Ladattava 4G-kamera<\/li>\n<li>Pika-aloitusopas<\/li>\n<li>Asennusmateriaalit<\/li>\n<li>Sein\u00e4-\/kattokiinnike<\/li>\n<li>Asennusalusta<\/li>\n<li>Kiinnityshihna<\/li>\n<li>Ulkoinen antenni<\/li>\n<li>3 watin aurinkopaneeli<\/li>\n<li>USB-latauskaapeli<\/li>\n<li>Pinsetit<\/li>\n<\/ul>\n<p><strong><a href=\"https:\/\/www.duunauspalvelutjarvi.fi\/?product=valvontakameran-asennus\">Tarvitsetko asennuksen kamerallesi?<\/a><\/strong><\/p>\n","protected":false},"excerpt":{"rendered":"<p>Nedis SmartLife SIMCBO50WT on ladattava, panoroitava ja kallistettava ulkok\u00e4ytt\u00f6\u00f6n tarkoitettu IP-kamera, jonka avulla voit n\u00e4hd\u00e4, mit\u00e4 talosi ymp\u00e4rill\u00e4 tapahtuu riippumatta siit\u00e4, onko kyseess\u00e4 v\u00e4lit\u00f6n uhka vai haluatko vain tuntea olosi t\u00e4ysin turvalliseksi. Kamera tukee 4G LTE -verkkoa, joten se on ihanteellinen, kun Wi-Fi-yhteytt\u00e4 ei ole. Lis\u00e4ksi kamera on varustettu aurinkopaneelilla ja akulla, joten se toimii [&hellip;]<\/p>\n","protected":false},"featured_media":14475,"comment_status":"open","ping_status":"closed","template":"","meta":[],"product_brand":[],"product_cat":[662,546],"product_tag":[],"class_list":{"0":"post-14468","1":"product","2":"type-product","3":"status-publish","4":"has-post-thumbnail","6":"product_cat-alykoti-valvonta","7":"product_cat-valvontakamerat","9":"first","10":"instock","11":"taxable","12":"shipping-taxable","13":"purchasable","14":"product-type-simple"},"yoast_head":"<!-- This site is optimized with the Yoast SEO plugin v27.4 - https:\/\/yoast.com\/product\/yoast-seo-wordpress\/ -->\n<title>Nedis SmartLife SIMCBO50WT valvontakamera, ulkok\u00e4ytt\u00f6\u00f6n -<\/title>\n<meta name=\"robots\" content=\"index, follow, max-snippet:-1, max-image-preview:large, max-video-preview:-1\" \/>\n<link rel=\"canonical\" href=\"https:\/\/www.duunauspalvelutjarvi.fi\/?product=nedis-smartlife-simcbo50wt-valvontakamera-ulkokayttoon\" \/>\n<meta property=\"og:locale\" content=\"fi_FI\" \/>\n<meta property=\"og:type\" content=\"article\" \/>\n<meta property=\"og:title\" content=\"Nedis SmartLife SIMCBO50WT valvontakamera, ulkok\u00e4ytt\u00f6\u00f6n -\" \/>\n<meta property=\"og:description\" content=\"Nedis SmartLife SIMCBO50WT on ladattava, panoroitava ja kallistettava ulkok\u00e4ytt\u00f6\u00f6n tarkoitettu IP-kamera, jonka avulla voit n\u00e4hd\u00e4, mit\u00e4 talosi ymp\u00e4rill\u00e4 tapahtuu riippumatta siit\u00e4, onko kyseess\u00e4 v\u00e4lit\u00f6n uhka vai haluatko vain tuntea olosi t\u00e4ysin turvalliseksi. Kamera tukee 4G LTE -verkkoa, joten se on ihanteellinen, kun Wi-Fi-yhteytt\u00e4 ei ole. Lis\u00e4ksi kamera on varustettu aurinkopaneelilla ja akulla, joten se toimii [&hellip;]\" \/>\n<meta property=\"og:url\" content=\"https:\/\/www.duunauspalvelutjarvi.fi\/?product=nedis-smartlife-simcbo50wt-valvontakamera-ulkokayttoon\" \/>\n<meta property=\"article:modified_time\" content=\"2023-09-13T12:29:40+00:00\" \/>\n<meta property=\"og:image\" content=\"https:\/\/www.duunauspalvelutjarvi.fi\/wp-content\/uploads\/2023\/09\/2_892261-932x1141-1.jpeg\" \/>\n\t<meta property=\"og:image:width\" content=\"932\" \/>\n\t<meta property=\"og:image:height\" content=\"1141\" \/>\n\t<meta property=\"og:image:type\" content=\"image\/jpeg\" \/>\n<meta name=\"twitter:card\" content=\"summary_large_image\" \/>\n<meta name=\"twitter:label1\" content=\"Arvioitu lukuaika\" \/>\n\t<meta name=\"twitter:data1\" content=\"6 minuuttia\" \/>\n<script type=\"application\/ld+json\" class=\"yoast-schema-graph\">{\"@context\":\"https:\\\/\\\/schema.org\",\"@graph\":[{\"@type\":\"WebPage\",\"@id\":\"https:\\\/\\\/www.duunauspalvelutjarvi.fi\\\/?product=nedis-smartlife-simcbo50wt-valvontakamera-ulkokayttoon\",\"url\":\"https:\\\/\\\/www.duunauspalvelutjarvi.fi\\\/?product=nedis-smartlife-simcbo50wt-valvontakamera-ulkokayttoon\",\"name\":\"Nedis SmartLife SIMCBO50WT valvontakamera, ulkok\u00e4ytt\u00f6\u00f6n -\",\"isPartOf\":{\"@id\":\"https:\\\/\\\/www.duunauspalvelutjarvi.fi\\\/#website\"},\"primaryImageOfPage\":{\"@id\":\"https:\\\/\\\/www.duunauspalvelutjarvi.fi\\\/?product=nedis-smartlife-simcbo50wt-valvontakamera-ulkokayttoon#primaryimage\"},\"image\":{\"@id\":\"https:\\\/\\\/www.duunauspalvelutjarvi.fi\\\/?product=nedis-smartlife-simcbo50wt-valvontakamera-ulkokayttoon#primaryimage\"},\"thumbnailUrl\":\"https:\\\/\\\/www.duunauspalvelutjarvi.fi\\\/wp-content\\\/uploads\\\/2023\\\/09\\\/2_892261-932x1141-1.jpeg\",\"datePublished\":\"2023-09-13T12:28:30+00:00\",\"dateModified\":\"2023-09-13T12:29:40+00:00\",\"breadcrumb\":{\"@id\":\"https:\\\/\\\/www.duunauspalvelutjarvi.fi\\\/?product=nedis-smartlife-simcbo50wt-valvontakamera-ulkokayttoon#breadcrumb\"},\"inLanguage\":\"fi\",\"potentialAction\":[{\"@type\":\"ReadAction\",\"target\":[\"https:\\\/\\\/www.duunauspalvelutjarvi.fi\\\/?product=nedis-smartlife-simcbo50wt-valvontakamera-ulkokayttoon\"]}]},{\"@type\":\"ImageObject\",\"inLanguage\":\"fi\",\"@id\":\"https:\\\/\\\/www.duunauspalvelutjarvi.fi\\\/?product=nedis-smartlife-simcbo50wt-valvontakamera-ulkokayttoon#primaryimage\",\"url\":\"https:\\\/\\\/www.duunauspalvelutjarvi.fi\\\/wp-content\\\/uploads\\\/2023\\\/09\\\/2_892261-932x1141-1.jpeg\",\"contentUrl\":\"https:\\\/\\\/www.duunauspalvelutjarvi.fi\\\/wp-content\\\/uploads\\\/2023\\\/09\\\/2_892261-932x1141-1.jpeg\",\"width\":932,\"height\":1141},{\"@type\":\"BreadcrumbList\",\"@id\":\"https:\\\/\\\/www.duunauspalvelutjarvi.fi\\\/?product=nedis-smartlife-simcbo50wt-valvontakamera-ulkokayttoon#breadcrumb\",\"itemListElement\":[{\"@type\":\"ListItem\",\"position\":1,\"name\":\"Etusivu\",\"item\":\"https:\\\/\\\/www.duunauspalvelutjarvi.fi\\\/\"},{\"@type\":\"ListItem\",\"position\":2,\"name\":\"Etusivu\",\"item\":\"https:\\\/\\\/www.duunauspalvelutjarvi.fi\\\/\"},{\"@type\":\"ListItem\",\"position\":3,\"name\":\"Nedis SmartLife SIMCBO50WT valvontakamera, ulkok\u00e4ytt\u00f6\u00f6n\"}]},{\"@type\":\"WebSite\",\"@id\":\"https:\\\/\\\/www.duunauspalvelutjarvi.fi\\\/#website\",\"url\":\"https:\\\/\\\/www.duunauspalvelutjarvi.fi\\\/\",\"name\":\"\",\"description\":\"\",\"potentialAction\":[{\"@type\":\"SearchAction\",\"target\":{\"@type\":\"EntryPoint\",\"urlTemplate\":\"https:\\\/\\\/www.duunauspalvelutjarvi.fi\\\/?s={search_term_string}\"},\"query-input\":{\"@type\":\"PropertyValueSpecification\",\"valueRequired\":true,\"valueName\":\"search_term_string\"}}],\"inLanguage\":\"fi\"}]}<\/script>\n<!-- \/ Yoast SEO plugin. -->","yoast_head_json":{"title":"Nedis SmartLife SIMCBO50WT valvontakamera, ulkok\u00e4ytt\u00f6\u00f6n -","robots":{"index":"index","follow":"follow","max-snippet":"max-snippet:-1","max-image-preview":"max-image-preview:large","max-video-preview":"max-video-preview:-1"},"canonical":"https:\/\/www.duunauspalvelutjarvi.fi\/?product=nedis-smartlife-simcbo50wt-valvontakamera-ulkokayttoon","og_locale":"fi_FI","og_type":"article","og_title":"Nedis SmartLife SIMCBO50WT valvontakamera, ulkok\u00e4ytt\u00f6\u00f6n -","og_description":"Nedis SmartLife SIMCBO50WT on ladattava, panoroitava ja kallistettava ulkok\u00e4ytt\u00f6\u00f6n tarkoitettu IP-kamera, jonka avulla voit n\u00e4hd\u00e4, mit\u00e4 talosi ymp\u00e4rill\u00e4 tapahtuu riippumatta siit\u00e4, onko kyseess\u00e4 v\u00e4lit\u00f6n uhka vai haluatko vain tuntea olosi t\u00e4ysin turvalliseksi. Kamera tukee 4G LTE -verkkoa, joten se on ihanteellinen, kun Wi-Fi-yhteytt\u00e4 ei ole. Lis\u00e4ksi kamera on varustettu aurinkopaneelilla ja akulla, joten se toimii [&hellip;]","og_url":"https:\/\/www.duunauspalvelutjarvi.fi\/?product=nedis-smartlife-simcbo50wt-valvontakamera-ulkokayttoon","article_modified_time":"2023-09-13T12:29:40+00:00","og_image":[{"width":932,"height":1141,"url":"https:\/\/www.duunauspalvelutjarvi.fi\/wp-content\/uploads\/2023\/09\/2_892261-932x1141-1.jpeg","type":"image\/jpeg"}],"twitter_card":"summary_large_image","twitter_misc":{"Arvioitu lukuaika":"6 minuuttia"},"schema":{"@context":"https:\/\/schema.org","@graph":[{"@type":"WebPage","@id":"https:\/\/www.duunauspalvelutjarvi.fi\/?product=nedis-smartlife-simcbo50wt-valvontakamera-ulkokayttoon","url":"https:\/\/www.duunauspalvelutjarvi.fi\/?product=nedis-smartlife-simcbo50wt-valvontakamera-ulkokayttoon","name":"Nedis SmartLife SIMCBO50WT valvontakamera, ulkok\u00e4ytt\u00f6\u00f6n -","isPartOf":{"@id":"https:\/\/www.duunauspalvelutjarvi.fi\/#website"},"primaryImageOfPage":{"@id":"https:\/\/www.duunauspalvelutjarvi.fi\/?product=nedis-smartlife-simcbo50wt-valvontakamera-ulkokayttoon#primaryimage"},"image":{"@id":"https:\/\/www.duunauspalvelutjarvi.fi\/?product=nedis-smartlife-simcbo50wt-valvontakamera-ulkokayttoon#primaryimage"},"thumbnailUrl":"https:\/\/www.duunauspalvelutjarvi.fi\/wp-content\/uploads\/2023\/09\/2_892261-932x1141-1.jpeg","datePublished":"2023-09-13T12:28:30+00:00","dateModified":"2023-09-13T12:29:40+00:00","breadcrumb":{"@id":"https:\/\/www.duunauspalvelutjarvi.fi\/?product=nedis-smartlife-simcbo50wt-valvontakamera-ulkokayttoon#breadcrumb"},"inLanguage":"fi","potentialAction":[{"@type":"ReadAction","target":["https:\/\/www.duunauspalvelutjarvi.fi\/?product=nedis-smartlife-simcbo50wt-valvontakamera-ulkokayttoon"]}]},{"@type":"ImageObject","inLanguage":"fi","@id":"https:\/\/www.duunauspalvelutjarvi.fi\/?product=nedis-smartlife-simcbo50wt-valvontakamera-ulkokayttoon#primaryimage","url":"https:\/\/www.duunauspalvelutjarvi.fi\/wp-content\/uploads\/2023\/09\/2_892261-932x1141-1.jpeg","contentUrl":"https:\/\/www.duunauspalvelutjarvi.fi\/wp-content\/uploads\/2023\/09\/2_892261-932x1141-1.jpeg","width":932,"height":1141},{"@type":"BreadcrumbList","@id":"https:\/\/www.duunauspalvelutjarvi.fi\/?product=nedis-smartlife-simcbo50wt-valvontakamera-ulkokayttoon#breadcrumb","itemListElement":[{"@type":"ListItem","position":1,"name":"Etusivu","item":"https:\/\/www.duunauspalvelutjarvi.fi\/"},{"@type":"ListItem","position":2,"name":"Etusivu","item":"https:\/\/www.duunauspalvelutjarvi.fi\/"},{"@type":"ListItem","position":3,"name":"Nedis SmartLife SIMCBO50WT valvontakamera, ulkok\u00e4ytt\u00f6\u00f6n"}]},{"@type":"WebSite","@id":"https:\/\/www.duunauspalvelutjarvi.fi\/#website","url":"https:\/\/www.duunauspalvelutjarvi.fi\/","name":"","description":"","potentialAction":[{"@type":"SearchAction","target":{"@type":"EntryPoint","urlTemplate":"https:\/\/www.duunauspalvelutjarvi.fi\/?s={search_term_string}"},"query-input":{"@type":"PropertyValueSpecification","valueRequired":true,"valueName":"search_term_string"}}],"inLanguage":"fi"}]}},"jetpack_sharing_enabled":true,"_links":{"self":[{"href":"https:\/\/www.duunauspalvelutjarvi.fi\/index.php?rest_route=\/wp\/v2\/product\/14468","targetHints":{"allow":["GET"]}}],"collection":[{"href":"https:\/\/www.duunauspalvelutjarvi.fi\/index.php?rest_route=\/wp\/v2\/product"}],"about":[{"href":"https:\/\/www.duunauspalvelutjarvi.fi\/index.php?rest_route=\/wp\/v2\/types\/product"}],"replies":[{"embeddable":true,"href":"https:\/\/www.duunauspalvelutjarvi.fi\/index.php?rest_route=%2Fwp%2Fv2%2Fcomments&post=14468"}],"wp:featuredmedia":[{"embeddable":true,"href":"https:\/\/www.duunauspalvelutjarvi.fi\/index.php?rest_route=\/wp\/v2\/media\/14475"}],"wp:attachment":[{"href":"https:\/\/www.duunauspalvelutjarvi.fi\/index.php?rest_route=%2Fwp%2Fv2%2Fmedia&parent=14468"}],"wp:term":[{"taxonomy":"product_brand","embeddable":true,"href":"https:\/\/www.duunauspalvelutjarvi.fi\/index.php?rest_route=%2Fwp%2Fv2%2Fproduct_brand&post=14468"},{"taxonomy":"product_cat","embeddable":true,"href":"https:\/\/www.duunauspalvelutjarvi.fi\/index.php?rest_route=%2Fwp%2Fv2%2Fproduct_cat&post=14468"},{"taxonomy":"product_tag","embeddable":true,"href":"https:\/\/www.duunauspalvelutjarvi.fi\/index.php?rest_route=%2Fwp%2Fv2%2Fproduct_tag&post=14468"}],"curies":[{"name":"wp","href":"https:\/\/api.w.org\/{rel}","templated":true}]}}