{"id":14750,"date":"2024-03-22T23:11:19","date_gmt":"2024-03-22T21:11:19","guid":{"rendered":"https:\/\/www.duunauspalvelutjarvi.fi\/?post_type=product&#038;p=14750"},"modified":"2024-05-25T20:12:16","modified_gmt":"2024-05-25T17:12:16","slug":"nite-ize-nitehowl-valopanta-ladattava","status":"publish","type":"product","link":"https:\/\/www.duunauspalvelutjarvi.fi\/?product=nite-ize-nitehowl-valopanta-ladattava","title":{"rendered":"Nite Ize NiteHowl valopanta, ladattava"},"content":{"rendered":"<div class=\"col-12 col-lg-10\">\n<div class=\"ProductPageContent__description\">\n<div class=\"WysiwygContent\">Ladattava NiteHowl valopanta on valmistettu kest\u00e4v\u00e4st\u00e4 polymeriputkesta, jonka voit helposti leikata koirallesi sopivaan pituuteen ( 30,5 &#8211; 68,5 cm ).<br \/>\nNiteHowl valopannan valonl\u00e4hteen\u00e4 on kaksi kirkasta LEDi\u00e4, jotka valaisevat pannan koko pituudeltaan.<br \/>\nT\u00e4m\u00e4n loistavan turvavarusteen kirkas valo kantaa jopa 300 metriin saakka, valaisten 360\u00b0.<\/p>\n<p>Disc-O toiminnon vaihtuva v\u00e4ri vaihtuu miellytt\u00e4v\u00e4n rauhallisesti eik\u00e4 vilku.<br \/>\nHalutessasi voit my\u00f6s valita vaihtumatta palavan punaisen, sinisen tai vihre\u00e4n valon.<br \/>\nValopannassa on micro USB &#8211; lataus ( kaapeli ei sis\u00e4lly toimitukseen ), latausaika n. 1,5 tuntia.<\/p>\n<p>Tekniset tiedot:<\/p>\n<p>&#8211; Soveltuu k\u00e4ytett\u00e4v\u00e4ksi talutuspannan kanssa<br \/>\n&#8211; S\u00e4\u00e4dett\u00e4v\u00e4 pituus, ( lyhennet\u00e4\u00e4n leikkaamalla sopivaan pituuteen ) 30.5-68.5 cm<br \/>\n&#8211; Disc-O vaihtuva v\u00e4ri, valittavissa my\u00f6s punainen, sininen tai vihre\u00e4 tasaisesti palava valo.<br \/>\n&#8211; 360\u00b0 valaisu<br \/>\n&#8211; S\u00e4\u00e4nkest\u00e4v\u00e4<br \/>\n&#8211; Micro -USB lataus ( latausjohto ei sis\u00e4lly toimitukseen )<br \/>\n&#8211; Mitat: s\u00e4\u00e4dett\u00e4v\u00e4 pituus 30.5 cm &#8211; 68.5 cm x 7.6 mm<br \/>\n&#8211; Paino: 82 g<\/p><\/div>\n<\/div>\n<\/div>\n<div class=\"ProductPageContent__description-details col-sm-12 col-lg-2\">\n<div class=\"lazyload-wrapper \"><\/div>\n<div>\n<h6>Lis\u00e4tiedot<\/h6>\n<div>\n<div class=\"ProductExtraInfo ProductExtraInfo--single-column\">\n<ul class=\"inline-dot\">\n<li class=\"ProductExtraInfo--product-id\">Tuotekoodi:\u00a0094664044616<\/li>\n<li class=\"ProductExtraInfo--ean\">EAN: 094664044616<\/li>\n<li class=\"ProductExtraInfo--warranty\"><span class=\"ProductWarranty\">Takuu:\u00a0<span class=\"ProductWarranty__warranty\">1 vuosi<\/span><\/span><\/li>\n<li class=\"ProductExtraInfo--weight\">Paino:\u00a085 g<\/li>\n<\/ul>\n<\/div>\n<\/div>\n<\/div>\n<\/div>\n","protected":false},"excerpt":{"rendered":"<p>Ladattava NiteHowl valopanta on valmistettu kest\u00e4v\u00e4st\u00e4 polymeriputkesta, jonka voit helposti leikata koirallesi sopivaan pituuteen ( 30,5 &#8211; 68,5 cm ). NiteHowl valopannan valonl\u00e4hteen\u00e4 on kaksi kirkasta LEDi\u00e4, jotka valaisevat pannan koko pituudeltaan. T\u00e4m\u00e4n loistavan turvavarusteen kirkas valo kantaa jopa 300 metriin saakka, valaisten 360\u00b0. Disc-O toiminnon vaihtuva v\u00e4ri vaihtuu miellytt\u00e4v\u00e4n rauhallisesti eik\u00e4 vilku. Halutessasi voit [&hellip;]<\/p>\n","protected":false},"featured_media":14751,"comment_status":"open","ping_status":"closed","template":"","meta":[],"product_brand":[],"product_cat":[692],"product_tag":[],"class_list":{"0":"post-14750","1":"product","2":"type-product","3":"status-publish","4":"has-post-thumbnail","6":"product_cat-koiran-ulkoilu-ja-harrastukset","8":"first","9":"instock","10":"taxable","11":"shipping-taxable","12":"purchasable","13":"product-type-simple"},"yoast_head":"<!-- This site is optimized with the Yoast SEO plugin v27.5 - https:\/\/yoast.com\/product\/yoast-seo-wordpress\/ -->\n<title>Nite Ize NiteHowl valopanta, ladattava -<\/title>\n<meta name=\"robots\" content=\"index, follow, max-snippet:-1, max-image-preview:large, max-video-preview:-1\" \/>\n<link rel=\"canonical\" href=\"https:\/\/www.duunauspalvelutjarvi.fi\/?product=nite-ize-nitehowl-valopanta-ladattava\" \/>\n<meta property=\"og:locale\" content=\"fi_FI\" \/>\n<meta property=\"og:type\" content=\"article\" \/>\n<meta property=\"og:title\" content=\"Nite Ize NiteHowl valopanta, ladattava -\" \/>\n<meta property=\"og:description\" content=\"Ladattava NiteHowl valopanta on valmistettu kest\u00e4v\u00e4st\u00e4 polymeriputkesta, jonka voit helposti leikata koirallesi sopivaan pituuteen ( 30,5 &#8211; 68,5 cm ). NiteHowl valopannan valonl\u00e4hteen\u00e4 on kaksi kirkasta LEDi\u00e4, jotka valaisevat pannan koko pituudeltaan. T\u00e4m\u00e4n loistavan turvavarusteen kirkas valo kantaa jopa 300 metriin saakka, valaisten 360\u00b0. Disc-O toiminnon vaihtuva v\u00e4ri vaihtuu miellytt\u00e4v\u00e4n rauhallisesti eik\u00e4 vilku. Halutessasi voit [&hellip;]\" \/>\n<meta property=\"og:url\" content=\"https:\/\/www.duunauspalvelutjarvi.fi\/?product=nite-ize-nitehowl-valopanta-ladattava\" \/>\n<meta property=\"article:modified_time\" content=\"2024-05-25T17:12:16+00:00\" \/>\n<meta property=\"og:image\" content=\"https:\/\/www.duunauspalvelutjarvi.fi\/wp-content\/uploads\/2024\/03\/094664044616_a5f55922853e6e2da2dc5db67a8d7842_1.jpg\" \/>\n\t<meta property=\"og:image:width\" content=\"700\" \/>\n\t<meta property=\"og:image:height\" content=\"700\" \/>\n\t<meta property=\"og:image:type\" content=\"image\/jpeg\" \/>\n<meta name=\"twitter:card\" content=\"summary_large_image\" \/>\n<meta name=\"twitter:label1\" content=\"Arvioitu lukuaika\" \/>\n\t<meta name=\"twitter:data1\" content=\"2 minuuttia\" \/>\n<script type=\"application\/ld+json\" class=\"yoast-schema-graph\">{\"@context\":\"https:\\\/\\\/schema.org\",\"@graph\":[{\"@type\":\"WebPage\",\"@id\":\"https:\\\/\\\/www.duunauspalvelutjarvi.fi\\\/?product=nite-ize-nitehowl-valopanta-ladattava\",\"url\":\"https:\\\/\\\/www.duunauspalvelutjarvi.fi\\\/?product=nite-ize-nitehowl-valopanta-ladattava\",\"name\":\"Nite Ize NiteHowl valopanta, ladattava -\",\"isPartOf\":{\"@id\":\"https:\\\/\\\/www.duunauspalvelutjarvi.fi\\\/#website\"},\"primaryImageOfPage\":{\"@id\":\"https:\\\/\\\/www.duunauspalvelutjarvi.fi\\\/?product=nite-ize-nitehowl-valopanta-ladattava#primaryimage\"},\"image\":{\"@id\":\"https:\\\/\\\/www.duunauspalvelutjarvi.fi\\\/?product=nite-ize-nitehowl-valopanta-ladattava#primaryimage\"},\"thumbnailUrl\":\"https:\\\/\\\/www.duunauspalvelutjarvi.fi\\\/wp-content\\\/uploads\\\/2024\\\/03\\\/094664044616_a5f55922853e6e2da2dc5db67a8d7842_1.jpg\",\"datePublished\":\"2024-03-22T21:11:19+00:00\",\"dateModified\":\"2024-05-25T17:12:16+00:00\",\"breadcrumb\":{\"@id\":\"https:\\\/\\\/www.duunauspalvelutjarvi.fi\\\/?product=nite-ize-nitehowl-valopanta-ladattava#breadcrumb\"},\"inLanguage\":\"fi\",\"potentialAction\":[{\"@type\":\"ReadAction\",\"target\":[\"https:\\\/\\\/www.duunauspalvelutjarvi.fi\\\/?product=nite-ize-nitehowl-valopanta-ladattava\"]}]},{\"@type\":\"ImageObject\",\"inLanguage\":\"fi\",\"@id\":\"https:\\\/\\\/www.duunauspalvelutjarvi.fi\\\/?product=nite-ize-nitehowl-valopanta-ladattava#primaryimage\",\"url\":\"https:\\\/\\\/www.duunauspalvelutjarvi.fi\\\/wp-content\\\/uploads\\\/2024\\\/03\\\/094664044616_a5f55922853e6e2da2dc5db67a8d7842_1.jpg\",\"contentUrl\":\"https:\\\/\\\/www.duunauspalvelutjarvi.fi\\\/wp-content\\\/uploads\\\/2024\\\/03\\\/094664044616_a5f55922853e6e2da2dc5db67a8d7842_1.jpg\",\"width\":700,\"height\":700},{\"@type\":\"BreadcrumbList\",\"@id\":\"https:\\\/\\\/www.duunauspalvelutjarvi.fi\\\/?product=nite-ize-nitehowl-valopanta-ladattava#breadcrumb\",\"itemListElement\":[{\"@type\":\"ListItem\",\"position\":1,\"name\":\"Etusivu\",\"item\":\"https:\\\/\\\/www.duunauspalvelutjarvi.fi\\\/\"},{\"@type\":\"ListItem\",\"position\":2,\"name\":\"Etusivu\",\"item\":\"https:\\\/\\\/www.duunauspalvelutjarvi.fi\\\/\"},{\"@type\":\"ListItem\",\"position\":3,\"name\":\"Nite Ize NiteHowl valopanta, ladattava\"}]},{\"@type\":\"WebSite\",\"@id\":\"https:\\\/\\\/www.duunauspalvelutjarvi.fi\\\/#website\",\"url\":\"https:\\\/\\\/www.duunauspalvelutjarvi.fi\\\/\",\"name\":\"\",\"description\":\"\",\"potentialAction\":[{\"@type\":\"SearchAction\",\"target\":{\"@type\":\"EntryPoint\",\"urlTemplate\":\"https:\\\/\\\/www.duunauspalvelutjarvi.fi\\\/?s={search_term_string}\"},\"query-input\":{\"@type\":\"PropertyValueSpecification\",\"valueRequired\":true,\"valueName\":\"search_term_string\"}}],\"inLanguage\":\"fi\"}]}<\/script>\n<!-- \/ Yoast SEO plugin. -->","yoast_head_json":{"title":"Nite Ize NiteHowl valopanta, ladattava -","robots":{"index":"index","follow":"follow","max-snippet":"max-snippet:-1","max-image-preview":"max-image-preview:large","max-video-preview":"max-video-preview:-1"},"canonical":"https:\/\/www.duunauspalvelutjarvi.fi\/?product=nite-ize-nitehowl-valopanta-ladattava","og_locale":"fi_FI","og_type":"article","og_title":"Nite Ize NiteHowl valopanta, ladattava -","og_description":"Ladattava NiteHowl valopanta on valmistettu kest\u00e4v\u00e4st\u00e4 polymeriputkesta, jonka voit helposti leikata koirallesi sopivaan pituuteen ( 30,5 &#8211; 68,5 cm ). NiteHowl valopannan valonl\u00e4hteen\u00e4 on kaksi kirkasta LEDi\u00e4, jotka valaisevat pannan koko pituudeltaan. T\u00e4m\u00e4n loistavan turvavarusteen kirkas valo kantaa jopa 300 metriin saakka, valaisten 360\u00b0. Disc-O toiminnon vaihtuva v\u00e4ri vaihtuu miellytt\u00e4v\u00e4n rauhallisesti eik\u00e4 vilku. Halutessasi voit [&hellip;]","og_url":"https:\/\/www.duunauspalvelutjarvi.fi\/?product=nite-ize-nitehowl-valopanta-ladattava","article_modified_time":"2024-05-25T17:12:16+00:00","og_image":[{"width":700,"height":700,"url":"https:\/\/www.duunauspalvelutjarvi.fi\/wp-content\/uploads\/2024\/03\/094664044616_a5f55922853e6e2da2dc5db67a8d7842_1.jpg","type":"image\/jpeg"}],"twitter_card":"summary_large_image","twitter_misc":{"Arvioitu lukuaika":"2 minuuttia"},"schema":{"@context":"https:\/\/schema.org","@graph":[{"@type":"WebPage","@id":"https:\/\/www.duunauspalvelutjarvi.fi\/?product=nite-ize-nitehowl-valopanta-ladattava","url":"https:\/\/www.duunauspalvelutjarvi.fi\/?product=nite-ize-nitehowl-valopanta-ladattava","name":"Nite Ize NiteHowl valopanta, ladattava -","isPartOf":{"@id":"https:\/\/www.duunauspalvelutjarvi.fi\/#website"},"primaryImageOfPage":{"@id":"https:\/\/www.duunauspalvelutjarvi.fi\/?product=nite-ize-nitehowl-valopanta-ladattava#primaryimage"},"image":{"@id":"https:\/\/www.duunauspalvelutjarvi.fi\/?product=nite-ize-nitehowl-valopanta-ladattava#primaryimage"},"thumbnailUrl":"https:\/\/www.duunauspalvelutjarvi.fi\/wp-content\/uploads\/2024\/03\/094664044616_a5f55922853e6e2da2dc5db67a8d7842_1.jpg","datePublished":"2024-03-22T21:11:19+00:00","dateModified":"2024-05-25T17:12:16+00:00","breadcrumb":{"@id":"https:\/\/www.duunauspalvelutjarvi.fi\/?product=nite-ize-nitehowl-valopanta-ladattava#breadcrumb"},"inLanguage":"fi","potentialAction":[{"@type":"ReadAction","target":["https:\/\/www.duunauspalvelutjarvi.fi\/?product=nite-ize-nitehowl-valopanta-ladattava"]}]},{"@type":"ImageObject","inLanguage":"fi","@id":"https:\/\/www.duunauspalvelutjarvi.fi\/?product=nite-ize-nitehowl-valopanta-ladattava#primaryimage","url":"https:\/\/www.duunauspalvelutjarvi.fi\/wp-content\/uploads\/2024\/03\/094664044616_a5f55922853e6e2da2dc5db67a8d7842_1.jpg","contentUrl":"https:\/\/www.duunauspalvelutjarvi.fi\/wp-content\/uploads\/2024\/03\/094664044616_a5f55922853e6e2da2dc5db67a8d7842_1.jpg","width":700,"height":700},{"@type":"BreadcrumbList","@id":"https:\/\/www.duunauspalvelutjarvi.fi\/?product=nite-ize-nitehowl-valopanta-ladattava#breadcrumb","itemListElement":[{"@type":"ListItem","position":1,"name":"Etusivu","item":"https:\/\/www.duunauspalvelutjarvi.fi\/"},{"@type":"ListItem","position":2,"name":"Etusivu","item":"https:\/\/www.duunauspalvelutjarvi.fi\/"},{"@type":"ListItem","position":3,"name":"Nite Ize NiteHowl valopanta, ladattava"}]},{"@type":"WebSite","@id":"https:\/\/www.duunauspalvelutjarvi.fi\/#website","url":"https:\/\/www.duunauspalvelutjarvi.fi\/","name":"","description":"","potentialAction":[{"@type":"SearchAction","target":{"@type":"EntryPoint","urlTemplate":"https:\/\/www.duunauspalvelutjarvi.fi\/?s={search_term_string}"},"query-input":{"@type":"PropertyValueSpecification","valueRequired":true,"valueName":"search_term_string"}}],"inLanguage":"fi"}]}},"jetpack_sharing_enabled":true,"_links":{"self":[{"href":"https:\/\/www.duunauspalvelutjarvi.fi\/index.php?rest_route=\/wp\/v2\/product\/14750","targetHints":{"allow":["GET"]}}],"collection":[{"href":"https:\/\/www.duunauspalvelutjarvi.fi\/index.php?rest_route=\/wp\/v2\/product"}],"about":[{"href":"https:\/\/www.duunauspalvelutjarvi.fi\/index.php?rest_route=\/wp\/v2\/types\/product"}],"replies":[{"embeddable":true,"href":"https:\/\/www.duunauspalvelutjarvi.fi\/index.php?rest_route=%2Fwp%2Fv2%2Fcomments&post=14750"}],"wp:featuredmedia":[{"embeddable":true,"href":"https:\/\/www.duunauspalvelutjarvi.fi\/index.php?rest_route=\/wp\/v2\/media\/14751"}],"wp:attachment":[{"href":"https:\/\/www.duunauspalvelutjarvi.fi\/index.php?rest_route=%2Fwp%2Fv2%2Fmedia&parent=14750"}],"wp:term":[{"taxonomy":"product_brand","embeddable":true,"href":"https:\/\/www.duunauspalvelutjarvi.fi\/index.php?rest_route=%2Fwp%2Fv2%2Fproduct_brand&post=14750"},{"taxonomy":"product_cat","embeddable":true,"href":"https:\/\/www.duunauspalvelutjarvi.fi\/index.php?rest_route=%2Fwp%2Fv2%2Fproduct_cat&post=14750"},{"taxonomy":"product_tag","embeddable":true,"href":"https:\/\/www.duunauspalvelutjarvi.fi\/index.php?rest_route=%2Fwp%2Fv2%2Fproduct_tag&post=14750"}],"curies":[{"name":"wp","href":"https:\/\/api.w.org\/{rel}","templated":true}]}}