{"id":15333,"date":"2025-08-27T16:32:51","date_gmt":"2025-08-27T13:32:51","guid":{"rendered":"https:\/\/www.duunauspalvelutjarvi.fi\/?post_type=product&#038;p=15333"},"modified":"2025-10-09T11:36:04","modified_gmt":"2025-10-09T08:36:04","slug":"https-www-duunauspalvelutjarvi-fi-sahkopyora-gzr-integral-e-52cm","status":"publish","type":"product","link":"https:\/\/www.duunauspalvelutjarvi.fi\/?product=https-www-duunauspalvelutjarvi-fi-sahkopyora-gzr-integral-e-52cm","title":{"rendered":"GZR Integral-e -s\u00e4hk\u00f6py\u00f6r\u00e4, 52 cm"},"content":{"rendered":"<p>GZR Integral-e on Boschin huippulaadukkaalla CX Smart System -tekniikalla varustettu s\u00e4hk\u00f6maasturi, joka sopii niin mets\u00e4poluille kuin arkik\u00e4ytt\u00f6\u00f6nkin. 625 Wh akusta riitt\u00e4\u00e4 virtaa pidemp\u00e4\u00e4nkin lenkkiin. Bosch-s\u00e4hk\u00f6j\u00e4rjestelm\u00e4 takaa luotettavuuden ja varaosien saatavuuden my\u00f6s tulevaisuudessa. Py\u00f6r\u00e4ss\u00e4 on lukittava Suntour XCR haarukka kunnollisella \u00f6ljyvaimennuksella ja monipuoliseen maastoajoon hyvin sopiva 120 mm joustomatka.<\/p>\n<p>Shimano CUES on t\u00e4ysin uudenlainen voimansiirtoj\u00e4rjestelm\u00e4, jonka kehityksess\u00e4 on painotettu luotettavuutta, helppok\u00e4ytt\u00f6isyytt\u00e4 ja kest\u00e4vyytt\u00e4. Ketjun ohjaus vaihteelta toiselle on aiempaa tarkempaa, joka est\u00e4\u00e4 ik\u00e4vi\u00e4 hypp\u00e4yksi\u00e4, jotka my\u00f6s kuluttavat osia. Kymmenen vaihdetta eritt\u00e4in laajalla 11-48 hampaisella takapakalla takaa sopivat v\u00e4litykset kaikkiin olosuhteisiin. Nelim\u00e4nt\u00e4iset Shimano MT420 -levyjarrut hiljent\u00e4v\u00e4t vauhtia tunnokkaasti ja tehokkaasti kaikissa olosuhteissa.<\/p>\n<p>Integral-e on my\u00f6s helppo varustella lokasuojilla ja tavaratelineell\u00e4 p\u00e4ivitt\u00e4iseen hy\u00f6tyk\u00e4ytt\u00f6\u00f6n ja siksi se on my\u00f6s erinomainen ty\u00f6suhdepy\u00f6r\u00e4.<\/p>\n<p>Tekniset tiedot:<\/p>\n<ul>\n<li>Rungon koko: 52 cm<\/li>\n<li>Ajajan suosituspituus: 175 &#8211; 190 cm<\/li>\n<li>Runko: alumiini 6061, hydromuokattu<\/li>\n<li>Haarukka: Suntour XCR Boost RL, 120 mm joustomatka<\/li>\n<li>Takavaihtaja: Shimano Cues RD-U6000<\/li>\n<li>Vaihdevivut: Shimano Cues SL-U6000 10-v<\/li>\n<li>Kammet: FSA<\/li>\n<li>Eturatas: FSA Megatooth 34T, ter\u00e4s<\/li>\n<li>Takarattaat: Shimano CS-LG300 11-48T<\/li>\n<li>Ketju: KMC e11S<\/li>\n<li>Jarrukahvat: Shimano BL-M4100<\/li>\n<li>Jarrut: Shimano BR-MT420 nelim\u00e4nt\u00e4inen hydraulinen levyjarru<\/li>\n<li>Jarrulevyt: Shimano SM-RT10 180 mm<\/li>\n<li>Renkaat: Schwalbe SMART SAM K-Guard 60-622 (29 x 2.35&#8243;)<\/li>\n<li>Vanteet: Radiale E25 32H black 622<\/li>\n<li>Etunapa: Shimano HB-TC500 15 x 110 mm boost, center lock, 32h<\/li>\n<li>Takanapa: Shimano FH-TC500 12 x 148 mm boost, center lock, 32h<\/li>\n<li>Ohjaustanko: 720 mm<\/li>\n<li>Gripit: Herrmans Grind 104B 130 mm<\/li>\n<li>Ohjainkannatin: 60 mm<\/li>\n<li>Ohjainlaakerit: Acros tapered<\/li>\n<li>Satulatolppa: 31,6 mm<\/li>\n<li>Satula: Selle Royal 2059DRN Sauris<\/li>\n<li>Polkimet: avopolkimet<\/li>\n<li>Suurin sallittu kuorma: 120 kg<\/li>\n<\/ul>\n<p>S\u00e4hk\u00f6j\u00e4rjestelm\u00e4:<\/p>\n<ul>\n<li>Moottori: Bosch Performance CX Smart moottori<\/li>\n<li>Akku: Bosch Powertube 625 Wh<\/li>\n<li>Akku lukkiutuu kiinni py\u00f6r\u00e4\u00e4n ja se voidaan irrottaa avaimella latausta varten<\/li>\n<li>Bosch led remote ohjauspaneeli<\/li>\n<li>Bosch laturi 4 A<\/li>\n<li>Toimintamatka s\u00e4hk\u00f6ll\u00e4 jopa 150 km<\/li>\n<li>Mukana laturi, latausaika 0-100% n. 7 h<\/li>\n<li>Viisitasoinen avustuksen valitsin<\/li>\n<li>Polkutunnistus momentilla<\/li>\n<\/ul>\n<p><strong>Py\u00f6r\u00e4 toimitetaan<\/strong>\u00a0<strong>tehdaspakkauksessa<\/strong>\u00a0<strong>l\u00e4hes ajovalmiiksi kasattuna.<\/strong>\u00a0<strong>Jos py\u00f6r\u00e4n kohdalla ei ole ilmoitettu muuta, on kasausaste 95%.<\/strong>\u00a0<strong>Pienill\u00e4 toimenpiteill\u00e4 saat py\u00f6r\u00e4n ajovalmiiksi<\/strong><strong>.<\/strong><\/p>\n<p>Polkimia asennettaessa kannattaa kierteisiin laittaa rasvaa tai \u00f6ljy\u00e4. Olethan tarkkana, ett\u00e4 vasen ja oikea poljin menev\u00e4t oikein p\u00e4in. Aloita kiristys sormin ja k\u00e4yt\u00e4 ty\u00f6kalua vasta loppuvaiheessa. Kirist\u00e4 polkimet huolellisesti.<\/p>\n<p>Tarkista jarrujen ja vaihteiden s\u00e4\u00e4d\u00f6t ennen ensimm\u00e4ist\u00e4 ajokertaa.<\/p>\n<p>Pienet osat kuten kello ja heijastimet ovat p\u00e4\u00e4s\u00e4\u00e4nt\u00f6isesti irrallaan, muista asentaa ne turvallista liikkumista varten.<\/p>\n<p><strong>Suosittelemme, ett\u00e4 py\u00f6r\u00e4\u00e4n tehd\u00e4\u00e4n ensihuolto 100-300 km ajon j\u00e4lkeen asiantuntevassa py\u00f6r\u00e4huoltoliikkeess\u00e4. Mik\u00e4li sinulla on vaikeuksia saada py\u00f6r\u00e4\u00e4 viimeistelty\u00e4 ajokuntoon<\/strong>\u00a0<strong>kannattaa<\/strong>\u00a0<strong>k\u00e4\u00e4n<\/strong><strong>t<\/strong><strong>y<\/strong><strong>\u00e4<\/strong>\u00a0<strong>asiantuntevan py\u00f6r\u00e4huollon puoleen.<\/strong><\/p>\n<p>Tuotteen saatavuus saattaa vaihdella. Valmistaja pid\u00e4tt\u00e4\u00e4 oikeuden muutoksiin v\u00e4rien, materiaalien, komponenttien, teknisten tietojen ja mallien osalta. Valmiusaste, komponentit ja tekniset tiedot saattavat vaihdella eri tuotantoerien kohdalla.<\/p>\n<p>Kasausasteet:<\/p>\n<ul>\n<li><em>98% \u201dready to ride\u201d<\/em>\u00a0<em>&#8211;<\/em>\u00a0<em>E<\/em><em>turengas<\/em><em>, polkimet<\/em>\u00a0<em>ja satulatolppa ovat<\/em>\u00a0<em>asentamatta.<\/em>\u00a0<em>O<\/em><em>hjainkannatin pit\u00e4\u00e4 k\u00e4\u00e4nt\u00e4\u00e4 oikeaan asentoon ja kirist\u00e4\u00e4. Vaihteet ja jarrut ovat jo s\u00e4\u00e4detty tehtaalla.<\/em><\/li>\n<li><em>95%<\/em>\u00a0<em>&#8211; E<\/em><em>turengas,<\/em>\u00a0<em>polkimet,<\/em>\u00a0<em>satulatolppa<\/em>\u00a0<em>ja<\/em>\u00a0<em>ohjaustanko ovat<\/em>\u00a0<em>asentamatta<\/em><em>. Tarkista pulttien ja mutterien kireys. Vaihteiden sek\u00e4 jarrujen<\/em>\u00a0<em>s\u00e4\u00e4d\u00f6t ovat hienos\u00e4\u00e4t\u00f6\u00e4 vaille valmiit.<\/em><\/li>\n<li><em>90%<\/em>\u00a0<em>&#8211;<\/em>\u00a0<em>Eturengas,<\/em>\u00a0<em>polkimet,<\/em>\u00a0<em>satulatolppa<\/em>\u00a0<em>ja<\/em>\u00a0<em>ohjaustanko ovat<\/em>\u00a0<em>asentamatta.<\/em>\u00a0<em>Lokasuojat ja mahdollinen kori ovat<\/em>\u00a0<em>asentamatta. Tarkista pulttien ja mutterien kireys. Vaihteiden sek\u00e4 jarrujen<\/em>\u00a0<em>s\u00e4\u00e4d\u00f6t eiv\u00e4t<\/em>\u00a0<em>todenn\u00e4k\u00f6isesti<\/em>\u00a0<em>ole kohdillaan.<\/em><\/li>\n<\/ul>\n","protected":false},"excerpt":{"rendered":"<p>GZR Integral-e on Boschin huippulaadukkaalla CX Smart System -tekniikalla varustettu s\u00e4hk\u00f6maasturi, joka sopii niin mets\u00e4poluille kuin arkik\u00e4ytt\u00f6\u00f6nkin. 625 Wh akusta riitt\u00e4\u00e4 virtaa pidemp\u00e4\u00e4nkin lenkkiin. Bosch-s\u00e4hk\u00f6j\u00e4rjestelm\u00e4 takaa luotettavuuden ja varaosien saatavuuden my\u00f6s tulevaisuudessa. Py\u00f6r\u00e4ss\u00e4 on lukittava Suntour XCR haarukka kunnollisella \u00f6ljyvaimennuksella ja monipuoliseen maastoajoon hyvin sopiva 120 mm joustomatka. Shimano CUES on t\u00e4ysin uudenlainen voimansiirtoj\u00e4rjestelm\u00e4, jonka [&hellip;]<\/p>\n","protected":false},"featured_media":15338,"comment_status":"open","ping_status":"closed","template":"","meta":[],"product_brand":[],"product_cat":[663],"product_tag":[752,753,750,754,751],"class_list":{"0":"post-15333","1":"product","2":"type-product","3":"status-publish","4":"has-post-thumbnail","6":"product_cat-polkupyorat","7":"product_tag-e-bike-sahkoavusteinen","8":"product_tag-polkupyora","9":"product_tag-sahkopyora","10":"product_tag-sahkopyora-kotiinkuljetus-kalviassa","11":"product_tag-sahkopyorat","12":"product_shipping_class-polkupyorat","14":"first","15":"instock","16":"sale","17":"taxable","18":"shipping-taxable","19":"purchasable","20":"product-type-simple"},"yoast_head":"<!-- This site is optimized with the Yoast SEO plugin v27.3 - https:\/\/yoast.com\/product\/yoast-seo-wordpress\/ -->\n<title>S\u00e4hk\u00f6py\u00f6r\u00e4 Kokkolassa \u2013 GZR Integral-e 52 cm<\/title>\n<meta name=\"description\" content=\"\u201cTutustu GZR Integral-e 52 cm s\u00e4hk\u00f6py\u00f6r\u00e4\u00e4n Kokkolassa. Tehokas Bosch-moottori ja 10-vaihteinen Shimano Deore. Kotiinkuljetus saatavilla.\u201d\" \/>\n<meta name=\"robots\" content=\"index, follow, max-snippet:-1, max-image-preview:large, max-video-preview:-1\" \/>\n<link rel=\"canonical\" href=\"https:\/\/www.duunauspalvelutjarvi.fi\/?product=https-www-duunauspalvelutjarvi-fi-sahkopyora-gzr-integral-e-52cm\" \/>\n<meta property=\"og:locale\" content=\"fi_FI\" \/>\n<meta property=\"og:type\" content=\"article\" \/>\n<meta property=\"og:title\" content=\"S\u00e4hk\u00f6py\u00f6r\u00e4 Kokkolassa \u2013 GZR Integral-e 52 cm\" \/>\n<meta property=\"og:description\" content=\"\u201cTutustu GZR Integral-e 52 cm s\u00e4hk\u00f6py\u00f6r\u00e4\u00e4n Kokkolassa. Tehokas Bosch-moottori ja 10-vaihteinen Shimano Deore. Kotiinkuljetus saatavilla.\u201d\" \/>\n<meta property=\"og:url\" content=\"https:\/\/www.duunauspalvelutjarvi.fi\/?product=https-www-duunauspalvelutjarvi-fi-sahkopyora-gzr-integral-e-52cm\" \/>\n<meta property=\"article:modified_time\" content=\"2025-10-09T08:36:04+00:00\" \/>\n<meta property=\"og:image\" content=\"https:\/\/www.duunauspalvelutjarvi.fi\/wp-content\/uploads\/2025\/08\/2_758671-1399x820-1.jpeg\" \/>\n\t<meta property=\"og:image:width\" content=\"1399\" \/>\n\t<meta property=\"og:image:height\" content=\"820\" \/>\n\t<meta property=\"og:image:type\" content=\"image\/jpeg\" \/>\n<meta name=\"twitter:card\" content=\"summary_large_image\" \/>\n<meta name=\"twitter:label1\" content=\"Arvioitu lukuaika\" \/>\n\t<meta name=\"twitter:data1\" content=\"4 minuuttia\" \/>\n<script type=\"application\/ld+json\" class=\"yoast-schema-graph\">{\"@context\":\"https:\\\/\\\/schema.org\",\"@graph\":[{\"@type\":\"WebPage\",\"@id\":\"https:\\\/\\\/www.duunauspalvelutjarvi.fi\\\/?product=https-www-duunauspalvelutjarvi-fi-sahkopyora-gzr-integral-e-52cm\",\"url\":\"https:\\\/\\\/www.duunauspalvelutjarvi.fi\\\/?product=https-www-duunauspalvelutjarvi-fi-sahkopyora-gzr-integral-e-52cm\",\"name\":\"S\u00e4hk\u00f6py\u00f6r\u00e4 Kokkolassa \u2013 GZR Integral-e 52 cm\",\"isPartOf\":{\"@id\":\"https:\\\/\\\/www.duunauspalvelutjarvi.fi\\\/#website\"},\"primaryImageOfPage\":{\"@id\":\"https:\\\/\\\/www.duunauspalvelutjarvi.fi\\\/?product=https-www-duunauspalvelutjarvi-fi-sahkopyora-gzr-integral-e-52cm#primaryimage\"},\"image\":{\"@id\":\"https:\\\/\\\/www.duunauspalvelutjarvi.fi\\\/?product=https-www-duunauspalvelutjarvi-fi-sahkopyora-gzr-integral-e-52cm#primaryimage\"},\"thumbnailUrl\":\"https:\\\/\\\/www.duunauspalvelutjarvi.fi\\\/wp-content\\\/uploads\\\/2025\\\/08\\\/2_758671-1399x820-1.jpeg\",\"datePublished\":\"2025-08-27T13:32:51+00:00\",\"dateModified\":\"2025-10-09T08:36:04+00:00\",\"description\":\"\u201cTutustu GZR Integral-e 52 cm s\u00e4hk\u00f6py\u00f6r\u00e4\u00e4n Kokkolassa. Tehokas Bosch-moottori ja 10-vaihteinen Shimano Deore. Kotiinkuljetus saatavilla.\u201d\",\"breadcrumb\":{\"@id\":\"https:\\\/\\\/www.duunauspalvelutjarvi.fi\\\/?product=https-www-duunauspalvelutjarvi-fi-sahkopyora-gzr-integral-e-52cm#breadcrumb\"},\"inLanguage\":\"fi\",\"potentialAction\":[{\"@type\":\"ReadAction\",\"target\":[\"https:\\\/\\\/www.duunauspalvelutjarvi.fi\\\/?product=https-www-duunauspalvelutjarvi-fi-sahkopyora-gzr-integral-e-52cm\"]}]},{\"@type\":\"ImageObject\",\"inLanguage\":\"fi\",\"@id\":\"https:\\\/\\\/www.duunauspalvelutjarvi.fi\\\/?product=https-www-duunauspalvelutjarvi-fi-sahkopyora-gzr-integral-e-52cm#primaryimage\",\"url\":\"https:\\\/\\\/www.duunauspalvelutjarvi.fi\\\/wp-content\\\/uploads\\\/2025\\\/08\\\/2_758671-1399x820-1.jpeg\",\"contentUrl\":\"https:\\\/\\\/www.duunauspalvelutjarvi.fi\\\/wp-content\\\/uploads\\\/2025\\\/08\\\/2_758671-1399x820-1.jpeg\",\"width\":1399,\"height\":820},{\"@type\":\"BreadcrumbList\",\"@id\":\"https:\\\/\\\/www.duunauspalvelutjarvi.fi\\\/?product=https-www-duunauspalvelutjarvi-fi-sahkopyora-gzr-integral-e-52cm#breadcrumb\",\"itemListElement\":[{\"@type\":\"ListItem\",\"position\":1,\"name\":\"Etusivu\",\"item\":\"https:\\\/\\\/www.duunauspalvelutjarvi.fi\\\/\"},{\"@type\":\"ListItem\",\"position\":2,\"name\":\"Etusivu\",\"item\":\"https:\\\/\\\/www.duunauspalvelutjarvi.fi\\\/\"},{\"@type\":\"ListItem\",\"position\":3,\"name\":\"GZR Integral-e -s\u00e4hk\u00f6py\u00f6r\u00e4, 52 cm\"}]},{\"@type\":\"WebSite\",\"@id\":\"https:\\\/\\\/www.duunauspalvelutjarvi.fi\\\/#website\",\"url\":\"https:\\\/\\\/www.duunauspalvelutjarvi.fi\\\/\",\"name\":\"\",\"description\":\"\",\"potentialAction\":[{\"@type\":\"SearchAction\",\"target\":{\"@type\":\"EntryPoint\",\"urlTemplate\":\"https:\\\/\\\/www.duunauspalvelutjarvi.fi\\\/?s={search_term_string}\"},\"query-input\":{\"@type\":\"PropertyValueSpecification\",\"valueRequired\":true,\"valueName\":\"search_term_string\"}}],\"inLanguage\":\"fi\"}]}<\/script>\n<!-- \/ Yoast SEO plugin. -->","yoast_head_json":{"title":"S\u00e4hk\u00f6py\u00f6r\u00e4 Kokkolassa \u2013 GZR Integral-e 52 cm","description":"\u201cTutustu GZR Integral-e 52 cm s\u00e4hk\u00f6py\u00f6r\u00e4\u00e4n Kokkolassa. Tehokas Bosch-moottori ja 10-vaihteinen Shimano Deore. Kotiinkuljetus saatavilla.\u201d","robots":{"index":"index","follow":"follow","max-snippet":"max-snippet:-1","max-image-preview":"max-image-preview:large","max-video-preview":"max-video-preview:-1"},"canonical":"https:\/\/www.duunauspalvelutjarvi.fi\/?product=https-www-duunauspalvelutjarvi-fi-sahkopyora-gzr-integral-e-52cm","og_locale":"fi_FI","og_type":"article","og_title":"S\u00e4hk\u00f6py\u00f6r\u00e4 Kokkolassa \u2013 GZR Integral-e 52 cm","og_description":"\u201cTutustu GZR Integral-e 52 cm s\u00e4hk\u00f6py\u00f6r\u00e4\u00e4n Kokkolassa. Tehokas Bosch-moottori ja 10-vaihteinen Shimano Deore. Kotiinkuljetus saatavilla.\u201d","og_url":"https:\/\/www.duunauspalvelutjarvi.fi\/?product=https-www-duunauspalvelutjarvi-fi-sahkopyora-gzr-integral-e-52cm","article_modified_time":"2025-10-09T08:36:04+00:00","og_image":[{"width":1399,"height":820,"url":"https:\/\/www.duunauspalvelutjarvi.fi\/wp-content\/uploads\/2025\/08\/2_758671-1399x820-1.jpeg","type":"image\/jpeg"}],"twitter_card":"summary_large_image","twitter_misc":{"Arvioitu lukuaika":"4 minuuttia"},"schema":{"@context":"https:\/\/schema.org","@graph":[{"@type":"WebPage","@id":"https:\/\/www.duunauspalvelutjarvi.fi\/?product=https-www-duunauspalvelutjarvi-fi-sahkopyora-gzr-integral-e-52cm","url":"https:\/\/www.duunauspalvelutjarvi.fi\/?product=https-www-duunauspalvelutjarvi-fi-sahkopyora-gzr-integral-e-52cm","name":"S\u00e4hk\u00f6py\u00f6r\u00e4 Kokkolassa \u2013 GZR Integral-e 52 cm","isPartOf":{"@id":"https:\/\/www.duunauspalvelutjarvi.fi\/#website"},"primaryImageOfPage":{"@id":"https:\/\/www.duunauspalvelutjarvi.fi\/?product=https-www-duunauspalvelutjarvi-fi-sahkopyora-gzr-integral-e-52cm#primaryimage"},"image":{"@id":"https:\/\/www.duunauspalvelutjarvi.fi\/?product=https-www-duunauspalvelutjarvi-fi-sahkopyora-gzr-integral-e-52cm#primaryimage"},"thumbnailUrl":"https:\/\/www.duunauspalvelutjarvi.fi\/wp-content\/uploads\/2025\/08\/2_758671-1399x820-1.jpeg","datePublished":"2025-08-27T13:32:51+00:00","dateModified":"2025-10-09T08:36:04+00:00","description":"\u201cTutustu GZR Integral-e 52 cm s\u00e4hk\u00f6py\u00f6r\u00e4\u00e4n Kokkolassa. Tehokas Bosch-moottori ja 10-vaihteinen Shimano Deore. Kotiinkuljetus saatavilla.\u201d","breadcrumb":{"@id":"https:\/\/www.duunauspalvelutjarvi.fi\/?product=https-www-duunauspalvelutjarvi-fi-sahkopyora-gzr-integral-e-52cm#breadcrumb"},"inLanguage":"fi","potentialAction":[{"@type":"ReadAction","target":["https:\/\/www.duunauspalvelutjarvi.fi\/?product=https-www-duunauspalvelutjarvi-fi-sahkopyora-gzr-integral-e-52cm"]}]},{"@type":"ImageObject","inLanguage":"fi","@id":"https:\/\/www.duunauspalvelutjarvi.fi\/?product=https-www-duunauspalvelutjarvi-fi-sahkopyora-gzr-integral-e-52cm#primaryimage","url":"https:\/\/www.duunauspalvelutjarvi.fi\/wp-content\/uploads\/2025\/08\/2_758671-1399x820-1.jpeg","contentUrl":"https:\/\/www.duunauspalvelutjarvi.fi\/wp-content\/uploads\/2025\/08\/2_758671-1399x820-1.jpeg","width":1399,"height":820},{"@type":"BreadcrumbList","@id":"https:\/\/www.duunauspalvelutjarvi.fi\/?product=https-www-duunauspalvelutjarvi-fi-sahkopyora-gzr-integral-e-52cm#breadcrumb","itemListElement":[{"@type":"ListItem","position":1,"name":"Etusivu","item":"https:\/\/www.duunauspalvelutjarvi.fi\/"},{"@type":"ListItem","position":2,"name":"Etusivu","item":"https:\/\/www.duunauspalvelutjarvi.fi\/"},{"@type":"ListItem","position":3,"name":"GZR Integral-e -s\u00e4hk\u00f6py\u00f6r\u00e4, 52 cm"}]},{"@type":"WebSite","@id":"https:\/\/www.duunauspalvelutjarvi.fi\/#website","url":"https:\/\/www.duunauspalvelutjarvi.fi\/","name":"","description":"","potentialAction":[{"@type":"SearchAction","target":{"@type":"EntryPoint","urlTemplate":"https:\/\/www.duunauspalvelutjarvi.fi\/?s={search_term_string}"},"query-input":{"@type":"PropertyValueSpecification","valueRequired":true,"valueName":"search_term_string"}}],"inLanguage":"fi"}]}},"jetpack_sharing_enabled":true,"_links":{"self":[{"href":"https:\/\/www.duunauspalvelutjarvi.fi\/index.php?rest_route=\/wp\/v2\/product\/15333","targetHints":{"allow":["GET"]}}],"collection":[{"href":"https:\/\/www.duunauspalvelutjarvi.fi\/index.php?rest_route=\/wp\/v2\/product"}],"about":[{"href":"https:\/\/www.duunauspalvelutjarvi.fi\/index.php?rest_route=\/wp\/v2\/types\/product"}],"replies":[{"embeddable":true,"href":"https:\/\/www.duunauspalvelutjarvi.fi\/index.php?rest_route=%2Fwp%2Fv2%2Fcomments&post=15333"}],"wp:featuredmedia":[{"embeddable":true,"href":"https:\/\/www.duunauspalvelutjarvi.fi\/index.php?rest_route=\/wp\/v2\/media\/15338"}],"wp:attachment":[{"href":"https:\/\/www.duunauspalvelutjarvi.fi\/index.php?rest_route=%2Fwp%2Fv2%2Fmedia&parent=15333"}],"wp:term":[{"taxonomy":"product_brand","embeddable":true,"href":"https:\/\/www.duunauspalvelutjarvi.fi\/index.php?rest_route=%2Fwp%2Fv2%2Fproduct_brand&post=15333"},{"taxonomy":"product_cat","embeddable":true,"href":"https:\/\/www.duunauspalvelutjarvi.fi\/index.php?rest_route=%2Fwp%2Fv2%2Fproduct_cat&post=15333"},{"taxonomy":"product_tag","embeddable":true,"href":"https:\/\/www.duunauspalvelutjarvi.fi\/index.php?rest_route=%2Fwp%2Fv2%2Fproduct_tag&post=15333"}],"curies":[{"name":"wp","href":"https:\/\/api.w.org\/{rel}","templated":true}]}}