{"id":15367,"date":"2025-10-08T21:45:18","date_gmt":"2025-10-08T18:45:18","guid":{"rendered":"https:\/\/www.duunauspalvelutjarvi.fi\/?post_type=product&#038;p=15367"},"modified":"2025-10-09T11:38:58","modified_gmt":"2025-10-09T08:38:58","slug":"luminalights-scout-slim-1100-flash-led-lisavalopaneeli","status":"publish","type":"product","link":"https:\/\/www.duunauspalvelutjarvi.fi\/?product=luminalights-scout-slim-1100-flash-led-lisavalopaneeli","title":{"rendered":"LuminaLights Scout Slim 1100 Flash led-lis\u00e4valopaneeli"},"content":{"rendered":"<div class=\"ProductFiles\">\n<div class=\"ProductFile\">\n<div class=\"ProductFile__name\"><strong><a href=\"https:\/\/www.duunauspalvelutjarvi.fi\/wp-content\/uploads\/2025\/10\/8020105193-LuminaLights_SCOUT-SLIM-FLASH_manual_8e0bda7db32e3e8bf554f391807de01c.pdf\">LuminaLights_SCOUT-SLIM-FLASH_manual.pd<\/a><\/strong><\/div>\n<div class=\"ProductFile__download\"><strong>\u00a0<span class=\"ProductFile__download-text\">Lataa<\/span><\/strong><\/div>\n<\/div>\n<\/div>\n<div class=\"WysiwygContent\">\n<p align=\"left\"><span lang=\"fi-FI\">Suosittu LuminaLights Scout -tuoteperhe on uudistunut! Suurimpana uutuutena Scout-sarjaan on tullut Flash-lis\u00e4valopaneelit, jotka sis\u00e4lt\u00e4v\u00e4t varoitusvalon. Paneeli on ulkoisesti eritt\u00e4in moderni ja sen suunnittelussa on huomioitu uusien ajoneuvojen muodot, joita t\u00e4m\u00e4 malli mukaileekin eritt\u00e4in hyvin. LuminaLights Scout Slim Flashin varoitusvalo on my\u00f6s mahdollista muuttaa tyylikk\u00e4\u00e4ksi parkkivaloksi.<\/span><\/p>\n<p><span lang=\"fi-FI\">Paneeli tuottaa miellytt\u00e4v\u00e4n leve\u00e4n yhdistelm\u00e4valokuvion, joka tuottaa paljon valoa my\u00f6s teiden reunoille, eli sinne miss\u00e4 sit\u00e4 eniten tarvitaan. Havaitset mm. pime\u00e4ss\u00e4 kulkevat el\u00e4imet aiemmin, jolloin reagointiaikaa j\u00e4\u00e4 enemm\u00e4n.<\/span><\/p>\n<p align=\"left\"><span lang=\"fi-FI\">Valon v\u00e4ri on aavistuksen kylm\u00e4ns\u00e4vyinen, joten se vastaa hyvin uudempien autojen omien valojen v\u00e4ril\u00e4mp\u00f6tilaa. Scout sopii erinomaisesti esimerkiksi LED-valotekniikalla varustettuihin ajoneuvoihin, koska lis\u00e4valo ja auton omat kaukovalot ovat v\u00e4rilt\u00e4\u00e4n l\u00e4hell\u00e4 toisiaan. Kylm\u00e4 v\u00e4ris\u00e4vy p\u00e4\u00e4see parhaiten oikeuksiinsa pime\u00e4ss\u00e4 syksyisess\u00e4 sadekeliss\u00e4, jolloin hyv\u00e4 n\u00e4kyvyys vaatii kirkasta valoa.<\/span><\/p>\n<p align=\"left\"><span lang=\"fi-FI\">Mik\u00e4li haussa on siro lis\u00e4valopaneeli, joka sis\u00e4lt\u00e4\u00e4 varoitusvalon \u2013 t\u00e4ss\u00e4 on vaihtoehto, joka vastaa toiveisiinne.<\/span><\/p>\n<p align=\"left\"><span lang=\"fi-FI\">T\u00e4h\u00e4n eleganttiin, mutta siroon paneeliin on kehitetty miellytt\u00e4v\u00e4n leve\u00e4 yhdistelm\u00e4valokuvio kirkkaanvalkealla 5700K v\u00e4ril\u00e4mp\u00f6tilalla. Scout Flash-lis\u00e4valopaneelin v\u00e4ril\u00e4mp\u00f6tila mukailee etenkin uudempien autojen ajovalojen v\u00e4ris\u00e4vy\u00e4, mutta on ehdottomasti erinomainen vaihtoehto my\u00f6s vanhempien ajovalojen rinnalle.<\/span><span lang=\"fi-FI\">Valmistajan mukaan paneelin valoteho on 17 640 lumenia, joka on eritt\u00e4in hyv\u00e4 lis\u00e4 auton omien valojen oheen.<\/span><\/p>\n<p><span lang=\"fi-FI\">Paketti sis\u00e4lt\u00e4\u00e4 taka- ja p\u00e4\u00e4tykiinnikkeet, joilla paneeli voidaan asentaa autoosi juuri haluamallasi tavalla. Matalan korkeutensa puolesta paneelin voi mahduttaa my\u00f6s erilaisiin v\u00e4leihin, mik\u00e4li toiveissa on paneelin uppoasennus. Paneelin siron muotoilun lis\u00e4ksi se on my\u00f6s kokoonsa n\u00e4hden eritt\u00e4in kevyt.<\/span><\/p>\n<p><span lang=\"fi-FI\">Kokonsa puolesta paneeli sopii erinomaisesti kattoasennuksiin. Leveytt\u00e4 paneelilla on 1005 mm ja syvyys on vain 55 mm. Paneelin linssi on valmistettu kest\u00e4v\u00e4st\u00e4 polykarbonaatista ja runko on alumiinia. Paneelin ledit ovat Osramin valmistamat.<\/span><\/p>\n<p align=\"left\"><span lang=\"fi-FI\">LuminaLights Scout Slim Flash 1100 -lis\u00e4valopaneelilla on ECE R112-hyv\u00e4ksynt\u00e4, eli se on hyv\u00e4ksytty tieliikenteeseen. Lis\u00e4valon referenssiluku on ainoastaan 50, joten sen voi huoletta asentaa suurimpaan osaan autoista. K\u00e4ytt\u00f6j\u00e4nnitealue t\u00e4ll\u00e4 LuminaLightsin paneelilla on 9\u201336V, joten se sopii k\u00e4ytett\u00e4v\u00e4ksi sek\u00e4 henkil\u00f6- ett\u00e4 kuorma-autoissa.<\/span><\/p>\n<p>&nbsp;<\/p>\n<p><span lang=\"fi-FI\">Paneelin takuuaika on 24kk.<\/span><\/p>\n<p>&nbsp;<\/p>\n<p align=\"left\"><span lang=\"fi-FI\">Miksi valitsisit LuminaLights Scout Slim Flash 1100-paneelin ajoneuvosi lis\u00e4valoksi?<\/span><\/p>\n<ul>\n<li>\n<p align=\"left\"><span lang=\"fi-FI\">LuminaLights on tuotemerkkin\u00e4 ollut markkinoiden varma valinta jo usean vuoden ajan, eik\u00e4 t\u00e4m\u00e4k\u00e4\u00e4n malli tee poikkeusta asian suhteen.<\/span><\/p>\n<\/li>\n<li>\n<p align=\"left\"><span lang=\"fi-FI\">LuminaLights-lis\u00e4valot ovat tunnettuja erinomaisesta hinta-laatusuhteesta.<\/span><\/p>\n<\/li>\n<li>\n<p align=\"left\"><span lang=\"fi-FI\">Tuttuun tapaan my\u00f6s t\u00e4ll\u00e4 tuoteperheen paneelilla on 24kk takuuaika. Se tarjoaa huolettomia kilometrej\u00e4 sek\u00e4 pitk\u00e4\u00e4 k\u00e4ytt\u00f6ik\u00e4\u00e4.<\/span><\/p>\n<\/li>\n<\/ul>\n<\/div>\n","protected":false},"excerpt":{"rendered":"<p>LuminaLights_SCOUT-SLIM-FLASH_manual.pd \u00a0Lataa Suosittu LuminaLights Scout -tuoteperhe on uudistunut! Suurimpana uutuutena Scout-sarjaan on tullut Flash-lis\u00e4valopaneelit, jotka sis\u00e4lt\u00e4v\u00e4t varoitusvalon. Paneeli on ulkoisesti eritt\u00e4in moderni ja sen suunnittelussa on huomioitu uusien ajoneuvojen muodot, joita t\u00e4m\u00e4 malli mukaileekin eritt\u00e4in hyvin. LuminaLights Scout Slim Flashin varoitusvalo on my\u00f6s mahdollista muuttaa tyylikk\u00e4\u00e4ksi parkkivaloksi. Paneeli tuottaa miellytt\u00e4v\u00e4n leve\u00e4n yhdistelm\u00e4valokuvion, joka tuottaa paljon [&hellip;]<\/p>\n","protected":false},"featured_media":15369,"comment_status":"open","ping_status":"closed","template":"","meta":[],"product_brand":[],"product_cat":[44],"product_tag":[],"class_list":{"0":"post-15367","1":"product","2":"type-product","3":"status-publish","4":"has-post-thumbnail","6":"product_cat-led-lisavalopaneelit","7":"product_shipping_class-xl-paketti","9":"first","10":"instock","11":"taxable","12":"shipping-taxable","13":"purchasable","14":"product-type-simple"},"yoast_head":"<!-- This site is optimized with the Yoast SEO plugin v27.3 - https:\/\/yoast.com\/product\/yoast-seo-wordpress\/ -->\n<title>LuminaLights Scout Slim 1100 Flash led-lis\u00e4valopaneeli -<\/title>\n<meta name=\"robots\" content=\"index, follow, max-snippet:-1, max-image-preview:large, max-video-preview:-1\" \/>\n<link rel=\"canonical\" href=\"https:\/\/www.duunauspalvelutjarvi.fi\/?product=luminalights-scout-slim-1100-flash-led-lisavalopaneeli\" \/>\n<meta property=\"og:locale\" content=\"fi_FI\" \/>\n<meta property=\"og:type\" content=\"article\" \/>\n<meta property=\"og:title\" content=\"LuminaLights Scout Slim 1100 Flash led-lis\u00e4valopaneeli -\" \/>\n<meta property=\"og:description\" content=\"LuminaLights_SCOUT-SLIM-FLASH_manual.pd \u00a0Lataa Suosittu LuminaLights Scout -tuoteperhe on uudistunut! Suurimpana uutuutena Scout-sarjaan on tullut Flash-lis\u00e4valopaneelit, jotka sis\u00e4lt\u00e4v\u00e4t varoitusvalon. Paneeli on ulkoisesti eritt\u00e4in moderni ja sen suunnittelussa on huomioitu uusien ajoneuvojen muodot, joita t\u00e4m\u00e4 malli mukaileekin eritt\u00e4in hyvin. LuminaLights Scout Slim Flashin varoitusvalo on my\u00f6s mahdollista muuttaa tyylikk\u00e4\u00e4ksi parkkivaloksi. Paneeli tuottaa miellytt\u00e4v\u00e4n leve\u00e4n yhdistelm\u00e4valokuvion, joka tuottaa paljon [&hellip;]\" \/>\n<meta property=\"og:url\" content=\"https:\/\/www.duunauspalvelutjarvi.fi\/?product=luminalights-scout-slim-1100-flash-led-lisavalopaneeli\" \/>\n<meta property=\"article:modified_time\" content=\"2025-10-09T08:38:58+00:00\" \/>\n<meta property=\"og:image\" content=\"https:\/\/www.duunauspalvelutjarvi.fi\/wp-content\/uploads\/2025\/10\/luminalightsscoutslim1100flashled-lisavalopaneeli_8020105193_e14550ff6411_1.webp\" \/>\n\t<meta property=\"og:image:width\" content=\"2000\" \/>\n\t<meta property=\"og:image:height\" content=\"2000\" \/>\n\t<meta property=\"og:image:type\" content=\"image\/webp\" \/>\n<meta name=\"twitter:card\" content=\"summary_large_image\" \/>\n<meta name=\"twitter:label1\" content=\"Arvioitu lukuaika\" \/>\n\t<meta name=\"twitter:data1\" content=\"3 minuuttia\" \/>\n<script type=\"application\/ld+json\" class=\"yoast-schema-graph\">{\"@context\":\"https:\\\/\\\/schema.org\",\"@graph\":[{\"@type\":\"WebPage\",\"@id\":\"https:\\\/\\\/www.duunauspalvelutjarvi.fi\\\/?product=luminalights-scout-slim-1100-flash-led-lisavalopaneeli\",\"url\":\"https:\\\/\\\/www.duunauspalvelutjarvi.fi\\\/?product=luminalights-scout-slim-1100-flash-led-lisavalopaneeli\",\"name\":\"LuminaLights Scout Slim 1100 Flash led-lis\u00e4valopaneeli -\",\"isPartOf\":{\"@id\":\"https:\\\/\\\/www.duunauspalvelutjarvi.fi\\\/#website\"},\"primaryImageOfPage\":{\"@id\":\"https:\\\/\\\/www.duunauspalvelutjarvi.fi\\\/?product=luminalights-scout-slim-1100-flash-led-lisavalopaneeli#primaryimage\"},\"image\":{\"@id\":\"https:\\\/\\\/www.duunauspalvelutjarvi.fi\\\/?product=luminalights-scout-slim-1100-flash-led-lisavalopaneeli#primaryimage\"},\"thumbnailUrl\":\"https:\\\/\\\/www.duunauspalvelutjarvi.fi\\\/wp-content\\\/uploads\\\/2025\\\/10\\\/luminalightsscoutslim1100flashled-lisavalopaneeli_8020105193_e14550ff6411_1.webp\",\"datePublished\":\"2025-10-08T18:45:18+00:00\",\"dateModified\":\"2025-10-09T08:38:58+00:00\",\"breadcrumb\":{\"@id\":\"https:\\\/\\\/www.duunauspalvelutjarvi.fi\\\/?product=luminalights-scout-slim-1100-flash-led-lisavalopaneeli#breadcrumb\"},\"inLanguage\":\"fi\",\"potentialAction\":[{\"@type\":\"ReadAction\",\"target\":[\"https:\\\/\\\/www.duunauspalvelutjarvi.fi\\\/?product=luminalights-scout-slim-1100-flash-led-lisavalopaneeli\"]}]},{\"@type\":\"ImageObject\",\"inLanguage\":\"fi\",\"@id\":\"https:\\\/\\\/www.duunauspalvelutjarvi.fi\\\/?product=luminalights-scout-slim-1100-flash-led-lisavalopaneeli#primaryimage\",\"url\":\"https:\\\/\\\/www.duunauspalvelutjarvi.fi\\\/wp-content\\\/uploads\\\/2025\\\/10\\\/luminalightsscoutslim1100flashled-lisavalopaneeli_8020105193_e14550ff6411_1.webp\",\"contentUrl\":\"https:\\\/\\\/www.duunauspalvelutjarvi.fi\\\/wp-content\\\/uploads\\\/2025\\\/10\\\/luminalightsscoutslim1100flashled-lisavalopaneeli_8020105193_e14550ff6411_1.webp\",\"width\":2000,\"height\":2000},{\"@type\":\"BreadcrumbList\",\"@id\":\"https:\\\/\\\/www.duunauspalvelutjarvi.fi\\\/?product=luminalights-scout-slim-1100-flash-led-lisavalopaneeli#breadcrumb\",\"itemListElement\":[{\"@type\":\"ListItem\",\"position\":1,\"name\":\"Etusivu\",\"item\":\"https:\\\/\\\/www.duunauspalvelutjarvi.fi\\\/\"},{\"@type\":\"ListItem\",\"position\":2,\"name\":\"Etusivu\",\"item\":\"https:\\\/\\\/www.duunauspalvelutjarvi.fi\\\/\"},{\"@type\":\"ListItem\",\"position\":3,\"name\":\"LuminaLights Scout Slim 1100 Flash led-lis\u00e4valopaneeli\"}]},{\"@type\":\"WebSite\",\"@id\":\"https:\\\/\\\/www.duunauspalvelutjarvi.fi\\\/#website\",\"url\":\"https:\\\/\\\/www.duunauspalvelutjarvi.fi\\\/\",\"name\":\"\",\"description\":\"\",\"potentialAction\":[{\"@type\":\"SearchAction\",\"target\":{\"@type\":\"EntryPoint\",\"urlTemplate\":\"https:\\\/\\\/www.duunauspalvelutjarvi.fi\\\/?s={search_term_string}\"},\"query-input\":{\"@type\":\"PropertyValueSpecification\",\"valueRequired\":true,\"valueName\":\"search_term_string\"}}],\"inLanguage\":\"fi\"}]}<\/script>\n<!-- \/ Yoast SEO plugin. -->","yoast_head_json":{"title":"LuminaLights Scout Slim 1100 Flash led-lis\u00e4valopaneeli -","robots":{"index":"index","follow":"follow","max-snippet":"max-snippet:-1","max-image-preview":"max-image-preview:large","max-video-preview":"max-video-preview:-1"},"canonical":"https:\/\/www.duunauspalvelutjarvi.fi\/?product=luminalights-scout-slim-1100-flash-led-lisavalopaneeli","og_locale":"fi_FI","og_type":"article","og_title":"LuminaLights Scout Slim 1100 Flash led-lis\u00e4valopaneeli -","og_description":"LuminaLights_SCOUT-SLIM-FLASH_manual.pd \u00a0Lataa Suosittu LuminaLights Scout -tuoteperhe on uudistunut! Suurimpana uutuutena Scout-sarjaan on tullut Flash-lis\u00e4valopaneelit, jotka sis\u00e4lt\u00e4v\u00e4t varoitusvalon. Paneeli on ulkoisesti eritt\u00e4in moderni ja sen suunnittelussa on huomioitu uusien ajoneuvojen muodot, joita t\u00e4m\u00e4 malli mukaileekin eritt\u00e4in hyvin. LuminaLights Scout Slim Flashin varoitusvalo on my\u00f6s mahdollista muuttaa tyylikk\u00e4\u00e4ksi parkkivaloksi. Paneeli tuottaa miellytt\u00e4v\u00e4n leve\u00e4n yhdistelm\u00e4valokuvion, joka tuottaa paljon [&hellip;]","og_url":"https:\/\/www.duunauspalvelutjarvi.fi\/?product=luminalights-scout-slim-1100-flash-led-lisavalopaneeli","article_modified_time":"2025-10-09T08:38:58+00:00","og_image":[{"width":2000,"height":2000,"url":"https:\/\/www.duunauspalvelutjarvi.fi\/wp-content\/uploads\/2025\/10\/luminalightsscoutslim1100flashled-lisavalopaneeli_8020105193_e14550ff6411_1.webp","type":"image\/webp"}],"twitter_card":"summary_large_image","twitter_misc":{"Arvioitu lukuaika":"3 minuuttia"},"schema":{"@context":"https:\/\/schema.org","@graph":[{"@type":"WebPage","@id":"https:\/\/www.duunauspalvelutjarvi.fi\/?product=luminalights-scout-slim-1100-flash-led-lisavalopaneeli","url":"https:\/\/www.duunauspalvelutjarvi.fi\/?product=luminalights-scout-slim-1100-flash-led-lisavalopaneeli","name":"LuminaLights Scout Slim 1100 Flash led-lis\u00e4valopaneeli -","isPartOf":{"@id":"https:\/\/www.duunauspalvelutjarvi.fi\/#website"},"primaryImageOfPage":{"@id":"https:\/\/www.duunauspalvelutjarvi.fi\/?product=luminalights-scout-slim-1100-flash-led-lisavalopaneeli#primaryimage"},"image":{"@id":"https:\/\/www.duunauspalvelutjarvi.fi\/?product=luminalights-scout-slim-1100-flash-led-lisavalopaneeli#primaryimage"},"thumbnailUrl":"https:\/\/www.duunauspalvelutjarvi.fi\/wp-content\/uploads\/2025\/10\/luminalightsscoutslim1100flashled-lisavalopaneeli_8020105193_e14550ff6411_1.webp","datePublished":"2025-10-08T18:45:18+00:00","dateModified":"2025-10-09T08:38:58+00:00","breadcrumb":{"@id":"https:\/\/www.duunauspalvelutjarvi.fi\/?product=luminalights-scout-slim-1100-flash-led-lisavalopaneeli#breadcrumb"},"inLanguage":"fi","potentialAction":[{"@type":"ReadAction","target":["https:\/\/www.duunauspalvelutjarvi.fi\/?product=luminalights-scout-slim-1100-flash-led-lisavalopaneeli"]}]},{"@type":"ImageObject","inLanguage":"fi","@id":"https:\/\/www.duunauspalvelutjarvi.fi\/?product=luminalights-scout-slim-1100-flash-led-lisavalopaneeli#primaryimage","url":"https:\/\/www.duunauspalvelutjarvi.fi\/wp-content\/uploads\/2025\/10\/luminalightsscoutslim1100flashled-lisavalopaneeli_8020105193_e14550ff6411_1.webp","contentUrl":"https:\/\/www.duunauspalvelutjarvi.fi\/wp-content\/uploads\/2025\/10\/luminalightsscoutslim1100flashled-lisavalopaneeli_8020105193_e14550ff6411_1.webp","width":2000,"height":2000},{"@type":"BreadcrumbList","@id":"https:\/\/www.duunauspalvelutjarvi.fi\/?product=luminalights-scout-slim-1100-flash-led-lisavalopaneeli#breadcrumb","itemListElement":[{"@type":"ListItem","position":1,"name":"Etusivu","item":"https:\/\/www.duunauspalvelutjarvi.fi\/"},{"@type":"ListItem","position":2,"name":"Etusivu","item":"https:\/\/www.duunauspalvelutjarvi.fi\/"},{"@type":"ListItem","position":3,"name":"LuminaLights Scout Slim 1100 Flash led-lis\u00e4valopaneeli"}]},{"@type":"WebSite","@id":"https:\/\/www.duunauspalvelutjarvi.fi\/#website","url":"https:\/\/www.duunauspalvelutjarvi.fi\/","name":"","description":"","potentialAction":[{"@type":"SearchAction","target":{"@type":"EntryPoint","urlTemplate":"https:\/\/www.duunauspalvelutjarvi.fi\/?s={search_term_string}"},"query-input":{"@type":"PropertyValueSpecification","valueRequired":true,"valueName":"search_term_string"}}],"inLanguage":"fi"}]}},"jetpack_sharing_enabled":true,"_links":{"self":[{"href":"https:\/\/www.duunauspalvelutjarvi.fi\/index.php?rest_route=\/wp\/v2\/product\/15367","targetHints":{"allow":["GET"]}}],"collection":[{"href":"https:\/\/www.duunauspalvelutjarvi.fi\/index.php?rest_route=\/wp\/v2\/product"}],"about":[{"href":"https:\/\/www.duunauspalvelutjarvi.fi\/index.php?rest_route=\/wp\/v2\/types\/product"}],"replies":[{"embeddable":true,"href":"https:\/\/www.duunauspalvelutjarvi.fi\/index.php?rest_route=%2Fwp%2Fv2%2Fcomments&post=15367"}],"wp:featuredmedia":[{"embeddable":true,"href":"https:\/\/www.duunauspalvelutjarvi.fi\/index.php?rest_route=\/wp\/v2\/media\/15369"}],"wp:attachment":[{"href":"https:\/\/www.duunauspalvelutjarvi.fi\/index.php?rest_route=%2Fwp%2Fv2%2Fmedia&parent=15367"}],"wp:term":[{"taxonomy":"product_brand","embeddable":true,"href":"https:\/\/www.duunauspalvelutjarvi.fi\/index.php?rest_route=%2Fwp%2Fv2%2Fproduct_brand&post=15367"},{"taxonomy":"product_cat","embeddable":true,"href":"https:\/\/www.duunauspalvelutjarvi.fi\/index.php?rest_route=%2Fwp%2Fv2%2Fproduct_cat&post=15367"},{"taxonomy":"product_tag","embeddable":true,"href":"https:\/\/www.duunauspalvelutjarvi.fi\/index.php?rest_route=%2Fwp%2Fv2%2Fproduct_tag&post=15367"}],"curies":[{"name":"wp","href":"https:\/\/api.w.org\/{rel}","templated":true}]}}