{"id":2949,"date":"2021-02-12T15:31:01","date_gmt":"2021-02-12T13:31:01","guid":{"rendered":"http:\/\/www.duunauspalvelutjarvi.fi\/?post_type=product&#038;p=2949"},"modified":"2025-08-10T22:11:18","modified_gmt":"2025-08-10T19:11:18","slug":"led-tyovalo-15w-luminalights-nano-pinta-asennettava","status":"publish","type":"product","link":"https:\/\/www.duunauspalvelutjarvi.fi\/?product=led-tyovalo-15w-luminalights-nano-pinta-asennettava","title":{"rendered":"LED-ty\u00f6valo 15W LuminaLights Nano, Pinta-asennettava"},"content":{"rendered":"<p><strong>LED-ty\u00f6valo 15W LuminaLights Nano, pinta-asennettava.\u00a0<\/strong>Eritt\u00e4in pienen kokonsa ansiosta helppo asentaa ja sijoittaa sellaisiin paikkkoihin mihin muut ty\u00f6valot ei sovi tai kest\u00e4. 24kk takuu.<br \/>\n<strong><br \/>\nTekniset tiedot:<\/strong><br \/>\n\u2022 Teho: 15W<br \/>\n\u2022 K\u00e4ytt\u00f6j\u00e4nnite: 10-30V<br \/>\n\u2022 Valoteho: 1500lm (raw)<br \/>\n\u2022 K\u00e4ytt\u00f6ik\u00e4 yli 30 000h<br \/>\n\u2022 Leve\u00e4 valokuvio<br \/>\n\u2022\u00a0Leveys: 72 mm<br \/>\n\u2022 Korkeus: 39 mm<br \/>\n\u2022 Syvyys: 13 (22 jalalla)<br \/>\n\u2022 Alumiinirunko<br \/>\n\u2022 50cm johto<br \/>\n\u2022 Paino: 80g<br \/>\n\u2022 IP68<br \/>\n\u2022 Takuu: 24kk<br \/>\n\u2022 Sis\u00e4lt\u00e4\u00e4 kaksi kumista asennusalustaa<\/p>\n","protected":false},"excerpt":{"rendered":"<p><a href=\"https:\/\/www.duunauspalvelutjarvi.fi\/?term=&amp;s=LuminaLights&amp;post_type=product&amp;taxonomy=product_cat\"><img loading=\"lazy\" decoding=\"async\" class=\"alignnone size-full wp-image-9939\" src=\"https:\/\/www.duunauspalvelutjarvi.fi\/wp-content\/uploads\/2021\/08\/luminalights_manufacturer_image.png\" alt=\"\" width=\"200\" height=\"65\" \/><\/a><\/p>\n","protected":false},"featured_media":13814,"comment_status":"open","ping_status":"closed","template":"","meta":[],"product_brand":[704],"product_cat":[49],"product_tag":[],"class_list":{"0":"post-2949","1":"product","2":"type-product","3":"status-publish","4":"has-post-thumbnail","6":"product_brand-luminalights","7":"product_cat-led-tyovalot-alle-28w","9":"first","10":"instock","11":"sale","12":"taxable","13":"shipping-taxable","14":"purchasable","15":"product-type-simple"},"yoast_head":"<!-- This site is optimized with the Yoast SEO plugin v27.4 - https:\/\/yoast.com\/product\/yoast-seo-wordpress\/ -->\n<title>LED-ty\u00f6valo 15W LuminaLights Nano, Pinta-asennettava -<\/title>\n<meta name=\"robots\" content=\"index, follow, max-snippet:-1, max-image-preview:large, max-video-preview:-1\" \/>\n<link rel=\"canonical\" href=\"https:\/\/www.duunauspalvelutjarvi.fi\/?product=led-tyovalo-15w-luminalights-nano-pinta-asennettava\" \/>\n<meta property=\"og:locale\" content=\"fi_FI\" \/>\n<meta property=\"og:type\" content=\"article\" \/>\n<meta property=\"og:title\" content=\"LED-ty\u00f6valo 15W LuminaLights Nano, Pinta-asennettava -\" \/>\n<meta property=\"og:url\" content=\"https:\/\/www.duunauspalvelutjarvi.fi\/?product=led-tyovalo-15w-luminalights-nano-pinta-asennettava\" \/>\n<meta property=\"article:modified_time\" content=\"2025-08-10T19:11:18+00:00\" \/>\n<meta property=\"og:image\" content=\"https:\/\/www.duunauspalvelutjarvi.fi\/wp-content\/uploads\/2021\/02\/LED-tyovalo15WLuminaLightsNanoPinta-asennettava_2020110501_c24c9eb6e57cdf3e019a3c37889e155c_1-1.jpg\" \/>\n\t<meta property=\"og:image:width\" content=\"1046\" \/>\n\t<meta property=\"og:image:height\" content=\"1045\" \/>\n\t<meta property=\"og:image:type\" content=\"image\/jpeg\" \/>\n<meta name=\"twitter:card\" content=\"summary_large_image\" \/>\n<script type=\"application\/ld+json\" class=\"yoast-schema-graph\">{\"@context\":\"https:\\\/\\\/schema.org\",\"@graph\":[{\"@type\":\"WebPage\",\"@id\":\"https:\\\/\\\/www.duunauspalvelutjarvi.fi\\\/?product=led-tyovalo-15w-luminalights-nano-pinta-asennettava\",\"url\":\"https:\\\/\\\/www.duunauspalvelutjarvi.fi\\\/?product=led-tyovalo-15w-luminalights-nano-pinta-asennettava\",\"name\":\"LED-ty\u00f6valo 15W LuminaLights Nano, Pinta-asennettava -\",\"isPartOf\":{\"@id\":\"https:\\\/\\\/www.duunauspalvelutjarvi.fi\\\/#website\"},\"primaryImageOfPage\":{\"@id\":\"https:\\\/\\\/www.duunauspalvelutjarvi.fi\\\/?product=led-tyovalo-15w-luminalights-nano-pinta-asennettava#primaryimage\"},\"image\":{\"@id\":\"https:\\\/\\\/www.duunauspalvelutjarvi.fi\\\/?product=led-tyovalo-15w-luminalights-nano-pinta-asennettava#primaryimage\"},\"thumbnailUrl\":\"https:\\\/\\\/www.duunauspalvelutjarvi.fi\\\/wp-content\\\/uploads\\\/2021\\\/02\\\/LED-tyovalo15WLuminaLightsNanoPinta-asennettava_2020110501_c24c9eb6e57cdf3e019a3c37889e155c_1-1.jpg\",\"datePublished\":\"2021-02-12T13:31:01+00:00\",\"dateModified\":\"2025-08-10T19:11:18+00:00\",\"breadcrumb\":{\"@id\":\"https:\\\/\\\/www.duunauspalvelutjarvi.fi\\\/?product=led-tyovalo-15w-luminalights-nano-pinta-asennettava#breadcrumb\"},\"inLanguage\":\"fi\",\"potentialAction\":[{\"@type\":\"ReadAction\",\"target\":[\"https:\\\/\\\/www.duunauspalvelutjarvi.fi\\\/?product=led-tyovalo-15w-luminalights-nano-pinta-asennettava\"]}]},{\"@type\":\"ImageObject\",\"inLanguage\":\"fi\",\"@id\":\"https:\\\/\\\/www.duunauspalvelutjarvi.fi\\\/?product=led-tyovalo-15w-luminalights-nano-pinta-asennettava#primaryimage\",\"url\":\"https:\\\/\\\/www.duunauspalvelutjarvi.fi\\\/wp-content\\\/uploads\\\/2021\\\/02\\\/LED-tyovalo15WLuminaLightsNanoPinta-asennettava_2020110501_c24c9eb6e57cdf3e019a3c37889e155c_1-1.jpg\",\"contentUrl\":\"https:\\\/\\\/www.duunauspalvelutjarvi.fi\\\/wp-content\\\/uploads\\\/2021\\\/02\\\/LED-tyovalo15WLuminaLightsNanoPinta-asennettava_2020110501_c24c9eb6e57cdf3e019a3c37889e155c_1-1.jpg\",\"width\":1046,\"height\":1045},{\"@type\":\"BreadcrumbList\",\"@id\":\"https:\\\/\\\/www.duunauspalvelutjarvi.fi\\\/?product=led-tyovalo-15w-luminalights-nano-pinta-asennettava#breadcrumb\",\"itemListElement\":[{\"@type\":\"ListItem\",\"position\":1,\"name\":\"Etusivu\",\"item\":\"https:\\\/\\\/www.duunauspalvelutjarvi.fi\\\/\"},{\"@type\":\"ListItem\",\"position\":2,\"name\":\"Etusivu\",\"item\":\"https:\\\/\\\/www.duunauspalvelutjarvi.fi\\\/\"},{\"@type\":\"ListItem\",\"position\":3,\"name\":\"LED-ty\u00f6valo 15W LuminaLights Nano, Pinta-asennettava\"}]},{\"@type\":\"WebSite\",\"@id\":\"https:\\\/\\\/www.duunauspalvelutjarvi.fi\\\/#website\",\"url\":\"https:\\\/\\\/www.duunauspalvelutjarvi.fi\\\/\",\"name\":\"\",\"description\":\"\",\"potentialAction\":[{\"@type\":\"SearchAction\",\"target\":{\"@type\":\"EntryPoint\",\"urlTemplate\":\"https:\\\/\\\/www.duunauspalvelutjarvi.fi\\\/?s={search_term_string}\"},\"query-input\":{\"@type\":\"PropertyValueSpecification\",\"valueRequired\":true,\"valueName\":\"search_term_string\"}}],\"inLanguage\":\"fi\"}]}<\/script>\n<!-- \/ Yoast SEO plugin. -->","yoast_head_json":{"title":"LED-ty\u00f6valo 15W LuminaLights Nano, Pinta-asennettava -","robots":{"index":"index","follow":"follow","max-snippet":"max-snippet:-1","max-image-preview":"max-image-preview:large","max-video-preview":"max-video-preview:-1"},"canonical":"https:\/\/www.duunauspalvelutjarvi.fi\/?product=led-tyovalo-15w-luminalights-nano-pinta-asennettava","og_locale":"fi_FI","og_type":"article","og_title":"LED-ty\u00f6valo 15W LuminaLights Nano, Pinta-asennettava -","og_url":"https:\/\/www.duunauspalvelutjarvi.fi\/?product=led-tyovalo-15w-luminalights-nano-pinta-asennettava","article_modified_time":"2025-08-10T19:11:18+00:00","og_image":[{"width":1046,"height":1045,"url":"https:\/\/www.duunauspalvelutjarvi.fi\/wp-content\/uploads\/2021\/02\/LED-tyovalo15WLuminaLightsNanoPinta-asennettava_2020110501_c24c9eb6e57cdf3e019a3c37889e155c_1-1.jpg","type":"image\/jpeg"}],"twitter_card":"summary_large_image","schema":{"@context":"https:\/\/schema.org","@graph":[{"@type":"WebPage","@id":"https:\/\/www.duunauspalvelutjarvi.fi\/?product=led-tyovalo-15w-luminalights-nano-pinta-asennettava","url":"https:\/\/www.duunauspalvelutjarvi.fi\/?product=led-tyovalo-15w-luminalights-nano-pinta-asennettava","name":"LED-ty\u00f6valo 15W LuminaLights Nano, Pinta-asennettava -","isPartOf":{"@id":"https:\/\/www.duunauspalvelutjarvi.fi\/#website"},"primaryImageOfPage":{"@id":"https:\/\/www.duunauspalvelutjarvi.fi\/?product=led-tyovalo-15w-luminalights-nano-pinta-asennettava#primaryimage"},"image":{"@id":"https:\/\/www.duunauspalvelutjarvi.fi\/?product=led-tyovalo-15w-luminalights-nano-pinta-asennettava#primaryimage"},"thumbnailUrl":"https:\/\/www.duunauspalvelutjarvi.fi\/wp-content\/uploads\/2021\/02\/LED-tyovalo15WLuminaLightsNanoPinta-asennettava_2020110501_c24c9eb6e57cdf3e019a3c37889e155c_1-1.jpg","datePublished":"2021-02-12T13:31:01+00:00","dateModified":"2025-08-10T19:11:18+00:00","breadcrumb":{"@id":"https:\/\/www.duunauspalvelutjarvi.fi\/?product=led-tyovalo-15w-luminalights-nano-pinta-asennettava#breadcrumb"},"inLanguage":"fi","potentialAction":[{"@type":"ReadAction","target":["https:\/\/www.duunauspalvelutjarvi.fi\/?product=led-tyovalo-15w-luminalights-nano-pinta-asennettava"]}]},{"@type":"ImageObject","inLanguage":"fi","@id":"https:\/\/www.duunauspalvelutjarvi.fi\/?product=led-tyovalo-15w-luminalights-nano-pinta-asennettava#primaryimage","url":"https:\/\/www.duunauspalvelutjarvi.fi\/wp-content\/uploads\/2021\/02\/LED-tyovalo15WLuminaLightsNanoPinta-asennettava_2020110501_c24c9eb6e57cdf3e019a3c37889e155c_1-1.jpg","contentUrl":"https:\/\/www.duunauspalvelutjarvi.fi\/wp-content\/uploads\/2021\/02\/LED-tyovalo15WLuminaLightsNanoPinta-asennettava_2020110501_c24c9eb6e57cdf3e019a3c37889e155c_1-1.jpg","width":1046,"height":1045},{"@type":"BreadcrumbList","@id":"https:\/\/www.duunauspalvelutjarvi.fi\/?product=led-tyovalo-15w-luminalights-nano-pinta-asennettava#breadcrumb","itemListElement":[{"@type":"ListItem","position":1,"name":"Etusivu","item":"https:\/\/www.duunauspalvelutjarvi.fi\/"},{"@type":"ListItem","position":2,"name":"Etusivu","item":"https:\/\/www.duunauspalvelutjarvi.fi\/"},{"@type":"ListItem","position":3,"name":"LED-ty\u00f6valo 15W LuminaLights Nano, Pinta-asennettava"}]},{"@type":"WebSite","@id":"https:\/\/www.duunauspalvelutjarvi.fi\/#website","url":"https:\/\/www.duunauspalvelutjarvi.fi\/","name":"","description":"","potentialAction":[{"@type":"SearchAction","target":{"@type":"EntryPoint","urlTemplate":"https:\/\/www.duunauspalvelutjarvi.fi\/?s={search_term_string}"},"query-input":{"@type":"PropertyValueSpecification","valueRequired":true,"valueName":"search_term_string"}}],"inLanguage":"fi"}]}},"jetpack_sharing_enabled":true,"_links":{"self":[{"href":"https:\/\/www.duunauspalvelutjarvi.fi\/index.php?rest_route=\/wp\/v2\/product\/2949","targetHints":{"allow":["GET"]}}],"collection":[{"href":"https:\/\/www.duunauspalvelutjarvi.fi\/index.php?rest_route=\/wp\/v2\/product"}],"about":[{"href":"https:\/\/www.duunauspalvelutjarvi.fi\/index.php?rest_route=\/wp\/v2\/types\/product"}],"replies":[{"embeddable":true,"href":"https:\/\/www.duunauspalvelutjarvi.fi\/index.php?rest_route=%2Fwp%2Fv2%2Fcomments&post=2949"}],"wp:featuredmedia":[{"embeddable":true,"href":"https:\/\/www.duunauspalvelutjarvi.fi\/index.php?rest_route=\/wp\/v2\/media\/13814"}],"wp:attachment":[{"href":"https:\/\/www.duunauspalvelutjarvi.fi\/index.php?rest_route=%2Fwp%2Fv2%2Fmedia&parent=2949"}],"wp:term":[{"taxonomy":"product_brand","embeddable":true,"href":"https:\/\/www.duunauspalvelutjarvi.fi\/index.php?rest_route=%2Fwp%2Fv2%2Fproduct_brand&post=2949"},{"taxonomy":"product_cat","embeddable":true,"href":"https:\/\/www.duunauspalvelutjarvi.fi\/index.php?rest_route=%2Fwp%2Fv2%2Fproduct_cat&post=2949"},{"taxonomy":"product_tag","embeddable":true,"href":"https:\/\/www.duunauspalvelutjarvi.fi\/index.php?rest_route=%2Fwp%2Fv2%2Fproduct_tag&post=2949"}],"curies":[{"name":"wp","href":"https:\/\/api.w.org\/{rel}","templated":true}]}}