{"id":3023,"date":"2021-02-12T22:00:17","date_gmt":"2021-02-12T20:00:17","guid":{"rendered":"https:\/\/www.duunauspalvelutjarvi.fi\/?post_type=product&#038;p=3023"},"modified":"2024-03-24T22:11:38","modified_gmt":"2024-03-24T20:11:38","slug":"led-tyovalopaneeli-bullpro-graphite-60w","status":"publish","type":"product","link":"https:\/\/www.duunauspalvelutjarvi.fi\/?product=led-tyovalopaneeli-bullpro-graphite-60w","title":{"rendered":"LED-ty\u00f6valopaneeli Bullpro Graphite 60W"},"content":{"rendered":"<p><strong>LED-ty\u00f6valopaneeli Bullpro Graphite 60W<\/strong>\u00a0on pieni ja tehokas ty\u00f6valo Bullprolta! Leve\u00e4ll\u00e4 valokuviolla varustettu ty\u00f6valopaneeli antaa kokoonsa n\u00e4hden erinomaisesti valoa ja kompaktin kokonsa ansiosta se on my\u00f6s varsin n\u00e4pp\u00e4r\u00e4 asentaa hieman ahtaampiinkin paikkoihin. Grafiitinharmaa kest\u00e4v\u00e4 pinnoite ja IP69K suojausluokka varmistavat kest\u00e4vyyden kovemmissa olosuhteissa. Ty\u00f6valopaneeli on h\u00e4iri\u00f6suojattu ja ECE R10 hyv\u00e4ksytty ajoneuvok\u00e4ytt\u00f6\u00f6n.<\/p>\n<p>&nbsp;<\/p>\n<p><strong>Tekniset tiedot:<\/strong><br \/>\n\u2022 K\u00e4ytt\u00f6j\u00e4nnite: 10 -30V<br \/>\n\u2022 12 x 5W Osram<br \/>\n\u2022 Leve\u00e4 valokuvio<br \/>\n\u2022 Valovirta teoreettinen: 7200 lm<br \/>\n\u2022 Valovirta mitattu: 3984 lm<br \/>\n\u2022 V\u00e4ril\u00e4mp\u00f6tila: 6000 K<br \/>\n\u2022 Leveys: 204,5mm<br \/>\n\u2022 Korkeus: 78,5mm (Kiinnikkeiden kanssa 89,3mm)<br \/>\n\u2022 Syvyys: 59,5 mm<br \/>\n\u2022 Kest\u00e4v\u00e4 alumiinirunko ja Lexan polykarbonaattilasi<br \/>\n\u2022 ETM-ylikuumenemissuoja<br \/>\n\u2022 DT2-liitin, sis\u00e4lt\u00e4\u00e4 my\u00f6s vastakappaleen<br \/>\n\u2022 Suojausluokka: IP69K, IP67<br \/>\n\u2022 ECE R10 hyv\u00e4ksytty maastok\u00e4ytt\u00f6\u00f6n<br \/>\n\u2022 Takuu 24kk<\/p>\n","protected":false},"excerpt":{"rendered":"<p><a href=\"http:\/\/www.duunauspalvelutjarvi.fi\/?term=&amp;s=bullpro&amp;post_type=product&amp;taxonomy=product_cat\"><img loading=\"lazy\" decoding=\"async\" class=\"alignnone wp-image-10037 size-full\" src=\"https:\/\/www.duunauspalvelutjarvi.fi\/wp-content\/uploads\/2021\/08\/bullpro.png\" alt=\"\" width=\"200\" height=\"65\" \/><\/a><\/p>\n","protected":false},"featured_media":14832,"comment_status":"open","ping_status":"closed","template":"","meta":[],"product_brand":[],"product_cat":[52],"product_tag":[],"class_list":{"0":"post-3023","1":"product","2":"type-product","3":"status-publish","4":"has-post-thumbnail","6":"product_cat-led-tyovalopaneelit","8":"first","9":"instock","10":"sale","11":"taxable","12":"shipping-taxable","13":"purchasable","14":"product-type-simple"},"yoast_head":"<!-- This site is optimized with the Yoast SEO plugin v27.5 - https:\/\/yoast.com\/product\/yoast-seo-wordpress\/ -->\n<title>LED-ty\u00f6valopaneeli Bullpro Graphite 60W -<\/title>\n<meta name=\"robots\" content=\"index, follow, max-snippet:-1, max-image-preview:large, max-video-preview:-1\" \/>\n<link rel=\"canonical\" href=\"https:\/\/www.duunauspalvelutjarvi.fi\/?product=led-tyovalopaneeli-bullpro-graphite-60w\" \/>\n<meta property=\"og:locale\" content=\"fi_FI\" \/>\n<meta property=\"og:type\" content=\"article\" \/>\n<meta property=\"og:title\" content=\"LED-ty\u00f6valopaneeli Bullpro Graphite 60W -\" \/>\n<meta property=\"og:url\" content=\"https:\/\/www.duunauspalvelutjarvi.fi\/?product=led-tyovalopaneeli-bullpro-graphite-60w\" \/>\n<meta property=\"article:modified_time\" content=\"2024-03-24T20:11:38+00:00\" \/>\n<meta property=\"og:image\" content=\"https:\/\/www.duunauspalvelutjarvi.fi\/wp-content\/uploads\/2021\/02\/BullproGraphite60Wled-tyovalopaneeli_8020103093_5ee38ca5d07d999c6d90ef6d85061486_1.jpeg\" \/>\n\t<meta property=\"og:image:width\" content=\"570\" \/>\n\t<meta property=\"og:image:height\" content=\"276\" \/>\n\t<meta property=\"og:image:type\" content=\"image\/jpeg\" \/>\n<meta name=\"twitter:card\" content=\"summary_large_image\" \/>\n<meta name=\"twitter:label1\" content=\"Arvioitu lukuaika\" \/>\n\t<meta name=\"twitter:data1\" content=\"1 minuutti\" \/>\n<script type=\"application\/ld+json\" class=\"yoast-schema-graph\">{\"@context\":\"https:\\\/\\\/schema.org\",\"@graph\":[{\"@type\":\"WebPage\",\"@id\":\"https:\\\/\\\/www.duunauspalvelutjarvi.fi\\\/?product=led-tyovalopaneeli-bullpro-graphite-60w\",\"url\":\"https:\\\/\\\/www.duunauspalvelutjarvi.fi\\\/?product=led-tyovalopaneeli-bullpro-graphite-60w\",\"name\":\"LED-ty\u00f6valopaneeli Bullpro Graphite 60W -\",\"isPartOf\":{\"@id\":\"https:\\\/\\\/www.duunauspalvelutjarvi.fi\\\/#website\"},\"primaryImageOfPage\":{\"@id\":\"https:\\\/\\\/www.duunauspalvelutjarvi.fi\\\/?product=led-tyovalopaneeli-bullpro-graphite-60w#primaryimage\"},\"image\":{\"@id\":\"https:\\\/\\\/www.duunauspalvelutjarvi.fi\\\/?product=led-tyovalopaneeli-bullpro-graphite-60w#primaryimage\"},\"thumbnailUrl\":\"https:\\\/\\\/www.duunauspalvelutjarvi.fi\\\/wp-content\\\/uploads\\\/2021\\\/02\\\/BullproGraphite60Wled-tyovalopaneeli_8020103093_5ee38ca5d07d999c6d90ef6d85061486_1.jpeg\",\"datePublished\":\"2021-02-12T20:00:17+00:00\",\"dateModified\":\"2024-03-24T20:11:38+00:00\",\"breadcrumb\":{\"@id\":\"https:\\\/\\\/www.duunauspalvelutjarvi.fi\\\/?product=led-tyovalopaneeli-bullpro-graphite-60w#breadcrumb\"},\"inLanguage\":\"fi\",\"potentialAction\":[{\"@type\":\"ReadAction\",\"target\":[\"https:\\\/\\\/www.duunauspalvelutjarvi.fi\\\/?product=led-tyovalopaneeli-bullpro-graphite-60w\"]}]},{\"@type\":\"ImageObject\",\"inLanguage\":\"fi\",\"@id\":\"https:\\\/\\\/www.duunauspalvelutjarvi.fi\\\/?product=led-tyovalopaneeli-bullpro-graphite-60w#primaryimage\",\"url\":\"https:\\\/\\\/www.duunauspalvelutjarvi.fi\\\/wp-content\\\/uploads\\\/2021\\\/02\\\/BullproGraphite60Wled-tyovalopaneeli_8020103093_5ee38ca5d07d999c6d90ef6d85061486_1.jpeg\",\"contentUrl\":\"https:\\\/\\\/www.duunauspalvelutjarvi.fi\\\/wp-content\\\/uploads\\\/2021\\\/02\\\/BullproGraphite60Wled-tyovalopaneeli_8020103093_5ee38ca5d07d999c6d90ef6d85061486_1.jpeg\",\"width\":570,\"height\":276},{\"@type\":\"BreadcrumbList\",\"@id\":\"https:\\\/\\\/www.duunauspalvelutjarvi.fi\\\/?product=led-tyovalopaneeli-bullpro-graphite-60w#breadcrumb\",\"itemListElement\":[{\"@type\":\"ListItem\",\"position\":1,\"name\":\"Etusivu\",\"item\":\"https:\\\/\\\/www.duunauspalvelutjarvi.fi\\\/\"},{\"@type\":\"ListItem\",\"position\":2,\"name\":\"Etusivu\",\"item\":\"https:\\\/\\\/www.duunauspalvelutjarvi.fi\\\/\"},{\"@type\":\"ListItem\",\"position\":3,\"name\":\"LED-ty\u00f6valopaneeli Bullpro Graphite 60W\"}]},{\"@type\":\"WebSite\",\"@id\":\"https:\\\/\\\/www.duunauspalvelutjarvi.fi\\\/#website\",\"url\":\"https:\\\/\\\/www.duunauspalvelutjarvi.fi\\\/\",\"name\":\"\",\"description\":\"\",\"potentialAction\":[{\"@type\":\"SearchAction\",\"target\":{\"@type\":\"EntryPoint\",\"urlTemplate\":\"https:\\\/\\\/www.duunauspalvelutjarvi.fi\\\/?s={search_term_string}\"},\"query-input\":{\"@type\":\"PropertyValueSpecification\",\"valueRequired\":true,\"valueName\":\"search_term_string\"}}],\"inLanguage\":\"fi\"}]}<\/script>\n<!-- \/ Yoast SEO plugin. -->","yoast_head_json":{"title":"LED-ty\u00f6valopaneeli Bullpro Graphite 60W -","robots":{"index":"index","follow":"follow","max-snippet":"max-snippet:-1","max-image-preview":"max-image-preview:large","max-video-preview":"max-video-preview:-1"},"canonical":"https:\/\/www.duunauspalvelutjarvi.fi\/?product=led-tyovalopaneeli-bullpro-graphite-60w","og_locale":"fi_FI","og_type":"article","og_title":"LED-ty\u00f6valopaneeli Bullpro Graphite 60W -","og_url":"https:\/\/www.duunauspalvelutjarvi.fi\/?product=led-tyovalopaneeli-bullpro-graphite-60w","article_modified_time":"2024-03-24T20:11:38+00:00","og_image":[{"width":570,"height":276,"url":"https:\/\/www.duunauspalvelutjarvi.fi\/wp-content\/uploads\/2021\/02\/BullproGraphite60Wled-tyovalopaneeli_8020103093_5ee38ca5d07d999c6d90ef6d85061486_1.jpeg","type":"image\/jpeg"}],"twitter_card":"summary_large_image","twitter_misc":{"Arvioitu lukuaika":"1 minuutti"},"schema":{"@context":"https:\/\/schema.org","@graph":[{"@type":"WebPage","@id":"https:\/\/www.duunauspalvelutjarvi.fi\/?product=led-tyovalopaneeli-bullpro-graphite-60w","url":"https:\/\/www.duunauspalvelutjarvi.fi\/?product=led-tyovalopaneeli-bullpro-graphite-60w","name":"LED-ty\u00f6valopaneeli Bullpro Graphite 60W -","isPartOf":{"@id":"https:\/\/www.duunauspalvelutjarvi.fi\/#website"},"primaryImageOfPage":{"@id":"https:\/\/www.duunauspalvelutjarvi.fi\/?product=led-tyovalopaneeli-bullpro-graphite-60w#primaryimage"},"image":{"@id":"https:\/\/www.duunauspalvelutjarvi.fi\/?product=led-tyovalopaneeli-bullpro-graphite-60w#primaryimage"},"thumbnailUrl":"https:\/\/www.duunauspalvelutjarvi.fi\/wp-content\/uploads\/2021\/02\/BullproGraphite60Wled-tyovalopaneeli_8020103093_5ee38ca5d07d999c6d90ef6d85061486_1.jpeg","datePublished":"2021-02-12T20:00:17+00:00","dateModified":"2024-03-24T20:11:38+00:00","breadcrumb":{"@id":"https:\/\/www.duunauspalvelutjarvi.fi\/?product=led-tyovalopaneeli-bullpro-graphite-60w#breadcrumb"},"inLanguage":"fi","potentialAction":[{"@type":"ReadAction","target":["https:\/\/www.duunauspalvelutjarvi.fi\/?product=led-tyovalopaneeli-bullpro-graphite-60w"]}]},{"@type":"ImageObject","inLanguage":"fi","@id":"https:\/\/www.duunauspalvelutjarvi.fi\/?product=led-tyovalopaneeli-bullpro-graphite-60w#primaryimage","url":"https:\/\/www.duunauspalvelutjarvi.fi\/wp-content\/uploads\/2021\/02\/BullproGraphite60Wled-tyovalopaneeli_8020103093_5ee38ca5d07d999c6d90ef6d85061486_1.jpeg","contentUrl":"https:\/\/www.duunauspalvelutjarvi.fi\/wp-content\/uploads\/2021\/02\/BullproGraphite60Wled-tyovalopaneeli_8020103093_5ee38ca5d07d999c6d90ef6d85061486_1.jpeg","width":570,"height":276},{"@type":"BreadcrumbList","@id":"https:\/\/www.duunauspalvelutjarvi.fi\/?product=led-tyovalopaneeli-bullpro-graphite-60w#breadcrumb","itemListElement":[{"@type":"ListItem","position":1,"name":"Etusivu","item":"https:\/\/www.duunauspalvelutjarvi.fi\/"},{"@type":"ListItem","position":2,"name":"Etusivu","item":"https:\/\/www.duunauspalvelutjarvi.fi\/"},{"@type":"ListItem","position":3,"name":"LED-ty\u00f6valopaneeli Bullpro Graphite 60W"}]},{"@type":"WebSite","@id":"https:\/\/www.duunauspalvelutjarvi.fi\/#website","url":"https:\/\/www.duunauspalvelutjarvi.fi\/","name":"","description":"","potentialAction":[{"@type":"SearchAction","target":{"@type":"EntryPoint","urlTemplate":"https:\/\/www.duunauspalvelutjarvi.fi\/?s={search_term_string}"},"query-input":{"@type":"PropertyValueSpecification","valueRequired":true,"valueName":"search_term_string"}}],"inLanguage":"fi"}]}},"jetpack_sharing_enabled":true,"_links":{"self":[{"href":"https:\/\/www.duunauspalvelutjarvi.fi\/index.php?rest_route=\/wp\/v2\/product\/3023","targetHints":{"allow":["GET"]}}],"collection":[{"href":"https:\/\/www.duunauspalvelutjarvi.fi\/index.php?rest_route=\/wp\/v2\/product"}],"about":[{"href":"https:\/\/www.duunauspalvelutjarvi.fi\/index.php?rest_route=\/wp\/v2\/types\/product"}],"replies":[{"embeddable":true,"href":"https:\/\/www.duunauspalvelutjarvi.fi\/index.php?rest_route=%2Fwp%2Fv2%2Fcomments&post=3023"}],"wp:featuredmedia":[{"embeddable":true,"href":"https:\/\/www.duunauspalvelutjarvi.fi\/index.php?rest_route=\/wp\/v2\/media\/14832"}],"wp:attachment":[{"href":"https:\/\/www.duunauspalvelutjarvi.fi\/index.php?rest_route=%2Fwp%2Fv2%2Fmedia&parent=3023"}],"wp:term":[{"taxonomy":"product_brand","embeddable":true,"href":"https:\/\/www.duunauspalvelutjarvi.fi\/index.php?rest_route=%2Fwp%2Fv2%2Fproduct_brand&post=3023"},{"taxonomy":"product_cat","embeddable":true,"href":"https:\/\/www.duunauspalvelutjarvi.fi\/index.php?rest_route=%2Fwp%2Fv2%2Fproduct_cat&post=3023"},{"taxonomy":"product_tag","embeddable":true,"href":"https:\/\/www.duunauspalvelutjarvi.fi\/index.php?rest_route=%2Fwp%2Fv2%2Fproduct_tag&post=3023"}],"curies":[{"name":"wp","href":"https:\/\/api.w.org\/{rel}","templated":true}]}}