{"id":3148,"date":"2021-02-13T22:59:20","date_gmt":"2021-02-13T20:59:20","guid":{"rendered":"https:\/\/www.duunauspalvelutjarvi.fi\/?post_type=product&#038;p=3148"},"modified":"2021-02-23T19:53:53","modified_gmt":"2021-02-23T17:53:53","slug":"akkulaturi-victron-energy-blue-smart-power-bluetooth","status":"publish","type":"product","link":"https:\/\/www.duunauspalvelutjarvi.fi\/?product=akkulaturi-victron-energy-blue-smart-power-bluetooth","title":{"rendered":"Akkulaturi Victron Energy Blue Smart power Bluetooth"},"content":{"rendered":"<p><b>Akkulaturi Victron Energy Blue Smart Power IP65.\u00a0<\/b>Victron Energyn Blue Smart Power huippulaadukkaat akkkulaturit on tunnettu merkki ammattilaisten ja harrastajien piireiss\u00e4 ymp\u00e4ri maailmaa. Laaja valikoima jokaiseen kokoluokkaan. Hyv\u00e4t suojaukset sek\u00e4 suuri j\u00e4nnitealue 180 \u2013 265 VAC, jossa laturi pystyy toimimaan t\u00e4ydell\u00e4 teholla. T\u00e4t\u00e4 ominaisuutta tarvitaan kun akkuja ladataan aggregaatilla tai venesatamissa, miss\u00e4 j\u00e4nniteh\u00e4vi\u00f6t ovat suuret, johtuen pitkist\u00e4 kaapelivedoista. Muistathan, ett\u00e4 akkulaturin koko pit\u00e4\u00e4 mitoittaa akuston koon mukaan.<\/p>\n<p><b><br \/>\nTekniset tiedot:<\/b><br \/>\n\u2022 Lyijyakkujen lataamiseen (AGM-, geeli- ja avoimet akut)<br \/>\n\u2022 AC sy\u00f6tt\u00f6: 180 &#8211; 265VAC<br \/>\n\u2022 Latausvirta Max: 15A (12V)<br \/>\n\u2022 Latausj\u00e4nnite: 14,4V (12V)<br \/>\n\u2022 Hy\u00f6tysuhde: 94%<br \/>\n\u2022 Virrankulutus lepotilassa: 0,5W<br \/>\n\u2022 7-portainen \u00e4lyk\u00e4s lataus<br \/>\n\u2022 Akkukaapelit ja M8 kaapelikeng\u00e4t<br \/>\n\u2022 Verkkovirtakaapeli: 1,5m kaapeli pistokkeella<br \/>\n\u2022 Suojaukset: V\u00e4\u00e4rinkytkent\u00e4-, oikosulku- ja ylil\u00e4mpenemissuoja<br \/>\n\u2022 Voidaan k\u00e4ytt\u00e4\u00e4 virtal\u00e4hteen\u00e4<br \/>\n\u2022 IP65<br \/>\n\u2022 Takuu 60kk<br \/>\n\u2022 Victron Energy<\/p>\n","protected":false},"excerpt":{"rendered":"<p>Akkulaturi Victron Energy Blue Smart Power IP65.\u00a0Victron Energyn Blue Smart Power huippulaadukkaat akkkulaturit on tunnettu merkki ammattilaisten ja harrastajien piireiss\u00e4 ymp\u00e4ri maailmaa. Laaja valikoima jokaiseen kokoluokkaan. Hyv\u00e4t suojaukset sek\u00e4 suuri j\u00e4nnitealue 180 \u2013 265 VAC, jossa laturi pystyy toimimaan t\u00e4ydell\u00e4 teholla. T\u00e4t\u00e4 ominaisuutta tarvitaan kun akkuja ladataan aggregaatilla tai venesatamissa, miss\u00e4 j\u00e4nniteh\u00e4vi\u00f6t ovat suuret, johtuen [&hellip;]<\/p>\n","protected":false},"featured_media":0,"comment_status":"open","ping_status":"closed","template":"","meta":[],"product_brand":[],"product_cat":[104],"product_tag":[],"class_list":{"0":"post-3148","1":"product","2":"type-product","3":"status-publish","5":"product_cat-tehokkaat-yli-10a-laturit","7":"first","8":"instock","9":"taxable","10":"shipping-taxable","11":"purchasable","12":"product-type-simple"},"yoast_head":"<!-- This site is optimized with the Yoast SEO plugin v27.5 - https:\/\/yoast.com\/product\/yoast-seo-wordpress\/ -->\n<title>Akkulaturi Victron Energy Blue Smart power Bluetooth -<\/title>\n<meta name=\"robots\" content=\"index, follow, max-snippet:-1, max-image-preview:large, max-video-preview:-1\" \/>\n<link rel=\"canonical\" href=\"https:\/\/www.duunauspalvelutjarvi.fi\/?product=akkulaturi-victron-energy-blue-smart-power-bluetooth\" \/>\n<meta property=\"og:locale\" content=\"fi_FI\" \/>\n<meta property=\"og:type\" content=\"article\" \/>\n<meta property=\"og:title\" content=\"Akkulaturi Victron Energy Blue Smart power Bluetooth -\" \/>\n<meta property=\"og:description\" content=\"Akkulaturi Victron Energy Blue Smart Power IP65.\u00a0Victron Energyn Blue Smart Power huippulaadukkaat akkkulaturit on tunnettu merkki ammattilaisten ja harrastajien piireiss\u00e4 ymp\u00e4ri maailmaa. Laaja valikoima jokaiseen kokoluokkaan. Hyv\u00e4t suojaukset sek\u00e4 suuri j\u00e4nnitealue 180 \u2013 265 VAC, jossa laturi pystyy toimimaan t\u00e4ydell\u00e4 teholla. T\u00e4t\u00e4 ominaisuutta tarvitaan kun akkuja ladataan aggregaatilla tai venesatamissa, miss\u00e4 j\u00e4nniteh\u00e4vi\u00f6t ovat suuret, johtuen [&hellip;]\" \/>\n<meta property=\"og:url\" content=\"https:\/\/www.duunauspalvelutjarvi.fi\/?product=akkulaturi-victron-energy-blue-smart-power-bluetooth\" \/>\n<meta property=\"article:modified_time\" content=\"2021-02-23T17:53:53+00:00\" \/>\n<meta name=\"twitter:card\" content=\"summary_large_image\" \/>\n<meta name=\"twitter:label1\" content=\"Arvioitu lukuaika\" \/>\n\t<meta name=\"twitter:data1\" content=\"1 minuutti\" \/>\n<script type=\"application\/ld+json\" class=\"yoast-schema-graph\">{\"@context\":\"https:\\\/\\\/schema.org\",\"@graph\":[{\"@type\":\"WebPage\",\"@id\":\"https:\\\/\\\/www.duunauspalvelutjarvi.fi\\\/?product=akkulaturi-victron-energy-blue-smart-power-bluetooth\",\"url\":\"https:\\\/\\\/www.duunauspalvelutjarvi.fi\\\/?product=akkulaturi-victron-energy-blue-smart-power-bluetooth\",\"name\":\"Akkulaturi Victron Energy Blue Smart power Bluetooth -\",\"isPartOf\":{\"@id\":\"https:\\\/\\\/www.duunauspalvelutjarvi.fi\\\/#website\"},\"datePublished\":\"2021-02-13T20:59:20+00:00\",\"dateModified\":\"2021-02-23T17:53:53+00:00\",\"breadcrumb\":{\"@id\":\"https:\\\/\\\/www.duunauspalvelutjarvi.fi\\\/?product=akkulaturi-victron-energy-blue-smart-power-bluetooth#breadcrumb\"},\"inLanguage\":\"fi\",\"potentialAction\":[{\"@type\":\"ReadAction\",\"target\":[\"https:\\\/\\\/www.duunauspalvelutjarvi.fi\\\/?product=akkulaturi-victron-energy-blue-smart-power-bluetooth\"]}]},{\"@type\":\"BreadcrumbList\",\"@id\":\"https:\\\/\\\/www.duunauspalvelutjarvi.fi\\\/?product=akkulaturi-victron-energy-blue-smart-power-bluetooth#breadcrumb\",\"itemListElement\":[{\"@type\":\"ListItem\",\"position\":1,\"name\":\"Etusivu\",\"item\":\"https:\\\/\\\/www.duunauspalvelutjarvi.fi\\\/\"},{\"@type\":\"ListItem\",\"position\":2,\"name\":\"Etusivu\",\"item\":\"https:\\\/\\\/www.duunauspalvelutjarvi.fi\\\/\"},{\"@type\":\"ListItem\",\"position\":3,\"name\":\"Akkulaturi Victron Energy Blue Smart power Bluetooth\"}]},{\"@type\":\"WebSite\",\"@id\":\"https:\\\/\\\/www.duunauspalvelutjarvi.fi\\\/#website\",\"url\":\"https:\\\/\\\/www.duunauspalvelutjarvi.fi\\\/\",\"name\":\"\",\"description\":\"\",\"potentialAction\":[{\"@type\":\"SearchAction\",\"target\":{\"@type\":\"EntryPoint\",\"urlTemplate\":\"https:\\\/\\\/www.duunauspalvelutjarvi.fi\\\/?s={search_term_string}\"},\"query-input\":{\"@type\":\"PropertyValueSpecification\",\"valueRequired\":true,\"valueName\":\"search_term_string\"}}],\"inLanguage\":\"fi\"}]}<\/script>\n<!-- \/ Yoast SEO plugin. -->","yoast_head_json":{"title":"Akkulaturi Victron Energy Blue Smart power Bluetooth -","robots":{"index":"index","follow":"follow","max-snippet":"max-snippet:-1","max-image-preview":"max-image-preview:large","max-video-preview":"max-video-preview:-1"},"canonical":"https:\/\/www.duunauspalvelutjarvi.fi\/?product=akkulaturi-victron-energy-blue-smart-power-bluetooth","og_locale":"fi_FI","og_type":"article","og_title":"Akkulaturi Victron Energy Blue Smart power Bluetooth -","og_description":"Akkulaturi Victron Energy Blue Smart Power IP65.\u00a0Victron Energyn Blue Smart Power huippulaadukkaat akkkulaturit on tunnettu merkki ammattilaisten ja harrastajien piireiss\u00e4 ymp\u00e4ri maailmaa. Laaja valikoima jokaiseen kokoluokkaan. Hyv\u00e4t suojaukset sek\u00e4 suuri j\u00e4nnitealue 180 \u2013 265 VAC, jossa laturi pystyy toimimaan t\u00e4ydell\u00e4 teholla. T\u00e4t\u00e4 ominaisuutta tarvitaan kun akkuja ladataan aggregaatilla tai venesatamissa, miss\u00e4 j\u00e4nniteh\u00e4vi\u00f6t ovat suuret, johtuen [&hellip;]","og_url":"https:\/\/www.duunauspalvelutjarvi.fi\/?product=akkulaturi-victron-energy-blue-smart-power-bluetooth","article_modified_time":"2021-02-23T17:53:53+00:00","twitter_card":"summary_large_image","twitter_misc":{"Arvioitu lukuaika":"1 minuutti"},"schema":{"@context":"https:\/\/schema.org","@graph":[{"@type":"WebPage","@id":"https:\/\/www.duunauspalvelutjarvi.fi\/?product=akkulaturi-victron-energy-blue-smart-power-bluetooth","url":"https:\/\/www.duunauspalvelutjarvi.fi\/?product=akkulaturi-victron-energy-blue-smart-power-bluetooth","name":"Akkulaturi Victron Energy Blue Smart power Bluetooth -","isPartOf":{"@id":"https:\/\/www.duunauspalvelutjarvi.fi\/#website"},"datePublished":"2021-02-13T20:59:20+00:00","dateModified":"2021-02-23T17:53:53+00:00","breadcrumb":{"@id":"https:\/\/www.duunauspalvelutjarvi.fi\/?product=akkulaturi-victron-energy-blue-smart-power-bluetooth#breadcrumb"},"inLanguage":"fi","potentialAction":[{"@type":"ReadAction","target":["https:\/\/www.duunauspalvelutjarvi.fi\/?product=akkulaturi-victron-energy-blue-smart-power-bluetooth"]}]},{"@type":"BreadcrumbList","@id":"https:\/\/www.duunauspalvelutjarvi.fi\/?product=akkulaturi-victron-energy-blue-smart-power-bluetooth#breadcrumb","itemListElement":[{"@type":"ListItem","position":1,"name":"Etusivu","item":"https:\/\/www.duunauspalvelutjarvi.fi\/"},{"@type":"ListItem","position":2,"name":"Etusivu","item":"https:\/\/www.duunauspalvelutjarvi.fi\/"},{"@type":"ListItem","position":3,"name":"Akkulaturi Victron Energy Blue Smart power Bluetooth"}]},{"@type":"WebSite","@id":"https:\/\/www.duunauspalvelutjarvi.fi\/#website","url":"https:\/\/www.duunauspalvelutjarvi.fi\/","name":"","description":"","potentialAction":[{"@type":"SearchAction","target":{"@type":"EntryPoint","urlTemplate":"https:\/\/www.duunauspalvelutjarvi.fi\/?s={search_term_string}"},"query-input":{"@type":"PropertyValueSpecification","valueRequired":true,"valueName":"search_term_string"}}],"inLanguage":"fi"}]}},"jetpack_sharing_enabled":true,"_links":{"self":[{"href":"https:\/\/www.duunauspalvelutjarvi.fi\/index.php?rest_route=\/wp\/v2\/product\/3148","targetHints":{"allow":["GET"]}}],"collection":[{"href":"https:\/\/www.duunauspalvelutjarvi.fi\/index.php?rest_route=\/wp\/v2\/product"}],"about":[{"href":"https:\/\/www.duunauspalvelutjarvi.fi\/index.php?rest_route=\/wp\/v2\/types\/product"}],"replies":[{"embeddable":true,"href":"https:\/\/www.duunauspalvelutjarvi.fi\/index.php?rest_route=%2Fwp%2Fv2%2Fcomments&post=3148"}],"wp:attachment":[{"href":"https:\/\/www.duunauspalvelutjarvi.fi\/index.php?rest_route=%2Fwp%2Fv2%2Fmedia&parent=3148"}],"wp:term":[{"taxonomy":"product_brand","embeddable":true,"href":"https:\/\/www.duunauspalvelutjarvi.fi\/index.php?rest_route=%2Fwp%2Fv2%2Fproduct_brand&post=3148"},{"taxonomy":"product_cat","embeddable":true,"href":"https:\/\/www.duunauspalvelutjarvi.fi\/index.php?rest_route=%2Fwp%2Fv2%2Fproduct_cat&post=3148"},{"taxonomy":"product_tag","embeddable":true,"href":"https:\/\/www.duunauspalvelutjarvi.fi\/index.php?rest_route=%2Fwp%2Fv2%2Fproduct_tag&post=3148"}],"curies":[{"name":"wp","href":"https:\/\/api.w.org\/{rel}","templated":true}]}}