{"id":3346,"date":"2021-02-15T00:56:53","date_gmt":"2021-02-14T22:56:53","guid":{"rendered":"https:\/\/www.duunauspalvelutjarvi.fi\/?post_type=product&#038;p=3346"},"modified":"2025-10-09T11:38:20","modified_gmt":"2025-10-09T08:38:20","slug":"led-lisavalo-x-vision-genesis-800-ref-375-180w","status":"publish","type":"product","link":"https:\/\/www.duunauspalvelutjarvi.fi\/?product=led-lisavalo-x-vision-genesis-800-ref-375-180w","title":{"rendered":"X-vision Genesis II 800 hybrid led-lis\u00e4valopaneeli"},"content":{"rendered":"<p><strong>X-Vision Genesis II 800 yhdistelm\u00e4valokuviolla<\/strong>\u00a0on toisen sukupolven p\u00e4ivitetty malli suositusta X-vision Genesis 800 lis\u00e4valosta, joka tarjoaa yhden markkinoiden kehittyneimmist\u00e4 heijastintekniikoista antaen erinomaisen yhdistelm\u00e4valokuvion. Genesis-sarjan lis\u00e4valojen v\u00e4ril\u00e4mp\u00f6tila on optimoitu silmiin kohdistuvan rasituksen v\u00e4hent\u00e4miseksi, joka antaa ajamiseen aivan uutta nautintoa valojen ulkoasusta tinkim\u00e4tt\u00e4. Genesis II 800 lis\u00e4valosta l\u00f6ytyy kaksi eri tehotilaa: Double Up tehotila (Ei tieliikenteeseen hyv\u00e4ksytty) sek\u00e4 tieliikenteeseen hyv\u00e4ksytty matalampi valotehotila. Tehotilan k\u00e4ytt\u00f6 tapahtuu siten, ett\u00e4 kun maa ja virta on kytketty, niin valo toimii Double Up tehotilassa. Mik\u00e4li erillinen rajoitinjohto kytket\u00e4\u00e4n, niin valoteho tippuu alemmaksi tieliikenteeseen hyv\u00e4ksyttyyn tasoon.<\/p>\n<p>Genesis II mallisarjan lis\u00e4valoissa on erityisen\u00e4 ominaisuutena kehykset\u00f6n etuosa, joka erityisesti lumisilla keleill\u00e4 takaa, ett\u00e4 lumi ja loska ei kerry valaisimen linssiin reunoille. N\u00e4in ollen Genesis II 800 lis\u00e4valot tarjoavat huikeaa toimintavarmuutta haastavammissakin olosuhteissa! Tyylik\u00e4s muotoilu ja moderni tumma heijastinoptiikka takaa, ett\u00e4 valot sopivat mink\u00e4 tahansa ajoneuvon ulkoasuun. Genesis II 800 lis\u00e4valosta l\u00f6ytyy my\u00f6s tyylik\u00e4s parkkivaloratkaisu, jossa led-moduulien v\u00e4leihin on sijoitettu kirkkaat Gemstone parkit.<\/p>\n<p><strong><span lang=\"en\">Valitse pelkk\u00e4 valaisin, tai valmis lis\u00e4valopaketti.<\/span><\/strong><\/p>\n<p>T\u00e4ydellinen lis\u00e4valopaketti sis\u00e4lt\u00e4\u00e4:<\/p>\n<ul>\n<li><span lang=\"en\">1 kpl X-Vision Genesis II 800 lis\u00e4valopaneeli yhdistelm\u00e4valokuviolla<br \/>\n<\/span><\/li>\n<li><span lang=\"en\">1 kpl relejohtosarja DTP-4-liittimell\u00e4<br \/>\n<\/span><\/li>\n<li><span lang=\"en\">1 kpl Rekisterikilpiteline lis\u00e4valolle<br \/>\n<\/span><\/li>\n<li><span lang=\"en\">Kiinnitysruuvit lis\u00e4valotelineelle<\/span><\/li>\n<\/ul>\n<p><strong>Tekniset tiedot:<\/strong><br \/>\n\u2022 Referenssiluku 50<br \/>\n\u2022 K\u00e4ytt\u00f6j\u00e4nnite: 9-36V<br \/>\n\u2022 Lumen: 10700lm (t\u00e4ysi teho), 4100lm (R112)<br \/>\n\u2022 1 lux @ 760m (t\u00e4ysi teho), 450m hyv\u00e4ksyttyn\u00e4<br \/>\n\u2022 Yhdistelm\u00e4valokuvio \/ Hybrid Beam<br \/>\n\u2022 V\u00e4ril\u00e4mp\u00f6tila 4500K<br \/>\n\u2022 Alumiinikuori<br \/>\n\u2022 Iskunkest\u00e4v\u00e4 polykarbonaattilinssi<br \/>\n\u2022 Leveys: 790 mm<br \/>\n\u2022 Korkeus: 72 mm<br \/>\n\u2022 Syvyys: 92 mm<br \/>\n\u2022 Takuu 60 kk<br \/>\n\u2022 IP68<br \/>\n\u2022 Hyv\u00e4ksytty tieliikennek\u00e4ytt\u00f6\u00f6n ECE R112, ECE R10<\/p>\n","protected":false},"excerpt":{"rendered":"<p>X-Vision Genesis II 800 yhdistelm\u00e4valokuviolla\u00a0on toisen sukupolven p\u00e4ivitetty malli suositusta X-vision Genesis 800 lis\u00e4valosta, joka tarjoaa yhden markkinoiden kehittyneimmist\u00e4 heijastintekniikoista antaen erinomaisen yhdistelm\u00e4valokuvion. Genesis-sarjan lis\u00e4valojen v\u00e4ril\u00e4mp\u00f6tila on optimoitu silmiin kohdistuvan rasituksen v\u00e4hent\u00e4miseksi, joka antaa ajamiseen aivan uutta nautintoa valojen ulkoasusta tinkim\u00e4tt\u00e4. Genesis II 800 lis\u00e4valosta l\u00f6ytyy kaksi eri tehotilaa: Double Up tehotila (Ei tieliikenteeseen hyv\u00e4ksytty) [&hellip;]<\/p>\n","protected":false},"featured_media":15320,"comment_status":"open","ping_status":"closed","template":"","meta":[],"product_brand":[712],"product_cat":[44],"product_tag":[],"class_list":{"0":"post-3346","1":"product","2":"type-product","3":"status-publish","4":"has-post-thumbnail","6":"product_brand-x-vision","7":"product_cat-led-lisavalopaneelit","8":"product_shipping_class-l-paketti","10":"first","11":"instock","12":"taxable","13":"shipping-taxable","14":"purchasable","15":"product-type-variable"},"yoast_head":"<!-- This site is optimized with the Yoast SEO plugin v27.5 - https:\/\/yoast.com\/product\/yoast-seo-wordpress\/ -->\n<title>X-vision Genesis II 800 hybrid led-lis\u00e4valopaneeli -<\/title>\n<meta name=\"robots\" content=\"index, follow, max-snippet:-1, max-image-preview:large, max-video-preview:-1\" \/>\n<link rel=\"canonical\" href=\"https:\/\/www.duunauspalvelutjarvi.fi\/?product=led-lisavalo-x-vision-genesis-800-ref-375-180w\" \/>\n<meta property=\"og:locale\" content=\"fi_FI\" \/>\n<meta property=\"og:type\" content=\"article\" \/>\n<meta property=\"og:title\" content=\"X-vision Genesis II 800 hybrid led-lis\u00e4valopaneeli -\" \/>\n<meta property=\"og:description\" content=\"X-Vision Genesis II 800 yhdistelm\u00e4valokuviolla\u00a0on toisen sukupolven p\u00e4ivitetty malli suositusta X-vision Genesis 800 lis\u00e4valosta, joka tarjoaa yhden markkinoiden kehittyneimmist\u00e4 heijastintekniikoista antaen erinomaisen yhdistelm\u00e4valokuvion. Genesis-sarjan lis\u00e4valojen v\u00e4ril\u00e4mp\u00f6tila on optimoitu silmiin kohdistuvan rasituksen v\u00e4hent\u00e4miseksi, joka antaa ajamiseen aivan uutta nautintoa valojen ulkoasusta tinkim\u00e4tt\u00e4. Genesis II 800 lis\u00e4valosta l\u00f6ytyy kaksi eri tehotilaa: Double Up tehotila (Ei tieliikenteeseen hyv\u00e4ksytty) [&hellip;]\" \/>\n<meta property=\"og:url\" content=\"https:\/\/www.duunauspalvelutjarvi.fi\/?product=led-lisavalo-x-vision-genesis-800-ref-375-180w\" \/>\n<meta property=\"article:modified_time\" content=\"2025-10-09T08:38:20+00:00\" \/>\n<meta property=\"og:image\" content=\"https:\/\/www.duunauspalvelutjarvi.fi\/wp-content\/uploads\/2021\/02\/x-visiongenesisii800hybridled-lisavalopaneeli_8020103621_2d62ff87ef26_2.webp\" \/>\n\t<meta property=\"og:image:width\" content=\"548\" \/>\n\t<meta property=\"og:image:height\" content=\"222\" \/>\n\t<meta property=\"og:image:type\" content=\"image\/webp\" \/>\n<meta name=\"twitter:card\" content=\"summary_large_image\" \/>\n<meta name=\"twitter:label1\" content=\"Arvioitu lukuaika\" \/>\n\t<meta name=\"twitter:data1\" content=\"2 minuuttia\" \/>\n<script type=\"application\/ld+json\" class=\"yoast-schema-graph\">{\"@context\":\"https:\\\/\\\/schema.org\",\"@graph\":[{\"@type\":\"WebPage\",\"@id\":\"https:\\\/\\\/www.duunauspalvelutjarvi.fi\\\/?product=led-lisavalo-x-vision-genesis-800-ref-375-180w\",\"url\":\"https:\\\/\\\/www.duunauspalvelutjarvi.fi\\\/?product=led-lisavalo-x-vision-genesis-800-ref-375-180w\",\"name\":\"X-vision Genesis II 800 hybrid led-lis\u00e4valopaneeli -\",\"isPartOf\":{\"@id\":\"https:\\\/\\\/www.duunauspalvelutjarvi.fi\\\/#website\"},\"primaryImageOfPage\":{\"@id\":\"https:\\\/\\\/www.duunauspalvelutjarvi.fi\\\/?product=led-lisavalo-x-vision-genesis-800-ref-375-180w#primaryimage\"},\"image\":{\"@id\":\"https:\\\/\\\/www.duunauspalvelutjarvi.fi\\\/?product=led-lisavalo-x-vision-genesis-800-ref-375-180w#primaryimage\"},\"thumbnailUrl\":\"https:\\\/\\\/www.duunauspalvelutjarvi.fi\\\/wp-content\\\/uploads\\\/2021\\\/02\\\/x-visiongenesisii800hybridled-lisavalopaneeli_8020103621_2d62ff87ef26_2.webp\",\"datePublished\":\"2021-02-14T22:56:53+00:00\",\"dateModified\":\"2025-10-09T08:38:20+00:00\",\"breadcrumb\":{\"@id\":\"https:\\\/\\\/www.duunauspalvelutjarvi.fi\\\/?product=led-lisavalo-x-vision-genesis-800-ref-375-180w#breadcrumb\"},\"inLanguage\":\"fi\",\"potentialAction\":[{\"@type\":\"ReadAction\",\"target\":[\"https:\\\/\\\/www.duunauspalvelutjarvi.fi\\\/?product=led-lisavalo-x-vision-genesis-800-ref-375-180w\"]}]},{\"@type\":\"ImageObject\",\"inLanguage\":\"fi\",\"@id\":\"https:\\\/\\\/www.duunauspalvelutjarvi.fi\\\/?product=led-lisavalo-x-vision-genesis-800-ref-375-180w#primaryimage\",\"url\":\"https:\\\/\\\/www.duunauspalvelutjarvi.fi\\\/wp-content\\\/uploads\\\/2021\\\/02\\\/x-visiongenesisii800hybridled-lisavalopaneeli_8020103621_2d62ff87ef26_2.webp\",\"contentUrl\":\"https:\\\/\\\/www.duunauspalvelutjarvi.fi\\\/wp-content\\\/uploads\\\/2021\\\/02\\\/x-visiongenesisii800hybridled-lisavalopaneeli_8020103621_2d62ff87ef26_2.webp\",\"width\":548,\"height\":222},{\"@type\":\"BreadcrumbList\",\"@id\":\"https:\\\/\\\/www.duunauspalvelutjarvi.fi\\\/?product=led-lisavalo-x-vision-genesis-800-ref-375-180w#breadcrumb\",\"itemListElement\":[{\"@type\":\"ListItem\",\"position\":1,\"name\":\"Etusivu\",\"item\":\"https:\\\/\\\/www.duunauspalvelutjarvi.fi\\\/\"},{\"@type\":\"ListItem\",\"position\":2,\"name\":\"Etusivu\",\"item\":\"https:\\\/\\\/www.duunauspalvelutjarvi.fi\\\/\"},{\"@type\":\"ListItem\",\"position\":3,\"name\":\"X-vision Genesis II 800 hybrid led-lis\u00e4valopaneeli\"}]},{\"@type\":\"WebSite\",\"@id\":\"https:\\\/\\\/www.duunauspalvelutjarvi.fi\\\/#website\",\"url\":\"https:\\\/\\\/www.duunauspalvelutjarvi.fi\\\/\",\"name\":\"\",\"description\":\"\",\"potentialAction\":[{\"@type\":\"SearchAction\",\"target\":{\"@type\":\"EntryPoint\",\"urlTemplate\":\"https:\\\/\\\/www.duunauspalvelutjarvi.fi\\\/?s={search_term_string}\"},\"query-input\":{\"@type\":\"PropertyValueSpecification\",\"valueRequired\":true,\"valueName\":\"search_term_string\"}}],\"inLanguage\":\"fi\"}]}<\/script>\n<!-- \/ Yoast SEO plugin. -->","yoast_head_json":{"title":"X-vision Genesis II 800 hybrid led-lis\u00e4valopaneeli -","robots":{"index":"index","follow":"follow","max-snippet":"max-snippet:-1","max-image-preview":"max-image-preview:large","max-video-preview":"max-video-preview:-1"},"canonical":"https:\/\/www.duunauspalvelutjarvi.fi\/?product=led-lisavalo-x-vision-genesis-800-ref-375-180w","og_locale":"fi_FI","og_type":"article","og_title":"X-vision Genesis II 800 hybrid led-lis\u00e4valopaneeli -","og_description":"X-Vision Genesis II 800 yhdistelm\u00e4valokuviolla\u00a0on toisen sukupolven p\u00e4ivitetty malli suositusta X-vision Genesis 800 lis\u00e4valosta, joka tarjoaa yhden markkinoiden kehittyneimmist\u00e4 heijastintekniikoista antaen erinomaisen yhdistelm\u00e4valokuvion. Genesis-sarjan lis\u00e4valojen v\u00e4ril\u00e4mp\u00f6tila on optimoitu silmiin kohdistuvan rasituksen v\u00e4hent\u00e4miseksi, joka antaa ajamiseen aivan uutta nautintoa valojen ulkoasusta tinkim\u00e4tt\u00e4. Genesis II 800 lis\u00e4valosta l\u00f6ytyy kaksi eri tehotilaa: Double Up tehotila (Ei tieliikenteeseen hyv\u00e4ksytty) [&hellip;]","og_url":"https:\/\/www.duunauspalvelutjarvi.fi\/?product=led-lisavalo-x-vision-genesis-800-ref-375-180w","article_modified_time":"2025-10-09T08:38:20+00:00","og_image":[{"width":548,"height":222,"url":"https:\/\/www.duunauspalvelutjarvi.fi\/wp-content\/uploads\/2021\/02\/x-visiongenesisii800hybridled-lisavalopaneeli_8020103621_2d62ff87ef26_2.webp","type":"image\/webp"}],"twitter_card":"summary_large_image","twitter_misc":{"Arvioitu lukuaika":"2 minuuttia"},"schema":{"@context":"https:\/\/schema.org","@graph":[{"@type":"WebPage","@id":"https:\/\/www.duunauspalvelutjarvi.fi\/?product=led-lisavalo-x-vision-genesis-800-ref-375-180w","url":"https:\/\/www.duunauspalvelutjarvi.fi\/?product=led-lisavalo-x-vision-genesis-800-ref-375-180w","name":"X-vision Genesis II 800 hybrid led-lis\u00e4valopaneeli -","isPartOf":{"@id":"https:\/\/www.duunauspalvelutjarvi.fi\/#website"},"primaryImageOfPage":{"@id":"https:\/\/www.duunauspalvelutjarvi.fi\/?product=led-lisavalo-x-vision-genesis-800-ref-375-180w#primaryimage"},"image":{"@id":"https:\/\/www.duunauspalvelutjarvi.fi\/?product=led-lisavalo-x-vision-genesis-800-ref-375-180w#primaryimage"},"thumbnailUrl":"https:\/\/www.duunauspalvelutjarvi.fi\/wp-content\/uploads\/2021\/02\/x-visiongenesisii800hybridled-lisavalopaneeli_8020103621_2d62ff87ef26_2.webp","datePublished":"2021-02-14T22:56:53+00:00","dateModified":"2025-10-09T08:38:20+00:00","breadcrumb":{"@id":"https:\/\/www.duunauspalvelutjarvi.fi\/?product=led-lisavalo-x-vision-genesis-800-ref-375-180w#breadcrumb"},"inLanguage":"fi","potentialAction":[{"@type":"ReadAction","target":["https:\/\/www.duunauspalvelutjarvi.fi\/?product=led-lisavalo-x-vision-genesis-800-ref-375-180w"]}]},{"@type":"ImageObject","inLanguage":"fi","@id":"https:\/\/www.duunauspalvelutjarvi.fi\/?product=led-lisavalo-x-vision-genesis-800-ref-375-180w#primaryimage","url":"https:\/\/www.duunauspalvelutjarvi.fi\/wp-content\/uploads\/2021\/02\/x-visiongenesisii800hybridled-lisavalopaneeli_8020103621_2d62ff87ef26_2.webp","contentUrl":"https:\/\/www.duunauspalvelutjarvi.fi\/wp-content\/uploads\/2021\/02\/x-visiongenesisii800hybridled-lisavalopaneeli_8020103621_2d62ff87ef26_2.webp","width":548,"height":222},{"@type":"BreadcrumbList","@id":"https:\/\/www.duunauspalvelutjarvi.fi\/?product=led-lisavalo-x-vision-genesis-800-ref-375-180w#breadcrumb","itemListElement":[{"@type":"ListItem","position":1,"name":"Etusivu","item":"https:\/\/www.duunauspalvelutjarvi.fi\/"},{"@type":"ListItem","position":2,"name":"Etusivu","item":"https:\/\/www.duunauspalvelutjarvi.fi\/"},{"@type":"ListItem","position":3,"name":"X-vision Genesis II 800 hybrid led-lis\u00e4valopaneeli"}]},{"@type":"WebSite","@id":"https:\/\/www.duunauspalvelutjarvi.fi\/#website","url":"https:\/\/www.duunauspalvelutjarvi.fi\/","name":"","description":"","potentialAction":[{"@type":"SearchAction","target":{"@type":"EntryPoint","urlTemplate":"https:\/\/www.duunauspalvelutjarvi.fi\/?s={search_term_string}"},"query-input":{"@type":"PropertyValueSpecification","valueRequired":true,"valueName":"search_term_string"}}],"inLanguage":"fi"}]}},"jetpack_sharing_enabled":true,"_links":{"self":[{"href":"https:\/\/www.duunauspalvelutjarvi.fi\/index.php?rest_route=\/wp\/v2\/product\/3346","targetHints":{"allow":["GET"]}}],"collection":[{"href":"https:\/\/www.duunauspalvelutjarvi.fi\/index.php?rest_route=\/wp\/v2\/product"}],"about":[{"href":"https:\/\/www.duunauspalvelutjarvi.fi\/index.php?rest_route=\/wp\/v2\/types\/product"}],"replies":[{"embeddable":true,"href":"https:\/\/www.duunauspalvelutjarvi.fi\/index.php?rest_route=%2Fwp%2Fv2%2Fcomments&post=3346"}],"wp:featuredmedia":[{"embeddable":true,"href":"https:\/\/www.duunauspalvelutjarvi.fi\/index.php?rest_route=\/wp\/v2\/media\/15320"}],"wp:attachment":[{"href":"https:\/\/www.duunauspalvelutjarvi.fi\/index.php?rest_route=%2Fwp%2Fv2%2Fmedia&parent=3346"}],"wp:term":[{"taxonomy":"product_brand","embeddable":true,"href":"https:\/\/www.duunauspalvelutjarvi.fi\/index.php?rest_route=%2Fwp%2Fv2%2Fproduct_brand&post=3346"},{"taxonomy":"product_cat","embeddable":true,"href":"https:\/\/www.duunauspalvelutjarvi.fi\/index.php?rest_route=%2Fwp%2Fv2%2Fproduct_cat&post=3346"},{"taxonomy":"product_tag","embeddable":true,"href":"https:\/\/www.duunauspalvelutjarvi.fi\/index.php?rest_route=%2Fwp%2Fv2%2Fproduct_tag&post=3346"}],"curies":[{"name":"wp","href":"https:\/\/api.w.org\/{rel}","templated":true}]}}