{"id":4287,"date":"2021-02-18T23:22:22","date_gmt":"2021-02-18T21:22:22","guid":{"rendered":"https:\/\/www.duunauspalvelutjarvi.fi\/?post_type=product&#038;p=4287"},"modified":"2023-04-13T21:20:10","modified_gmt":"2023-04-13T18:20:10","slug":"h1-philips-x-tremevision-pro150-polttimopari-150","status":"publish","type":"product","link":"https:\/\/www.duunauspalvelutjarvi.fi\/?product=h1-philips-x-tremevision-pro150-polttimopari-150","title":{"rendered":"H1 Philips X-tremeVision Pro150 polttimopari +150%"},"content":{"rendered":"<p><strong>H1 Philips X-tremeVision Pro150<\/strong>\u00a0polttimot ovat laadukas vaihtoehto H1 polttimoiksi. X-tremeVision Pro150 on \u00e4\u00e4rimm\u00e4isen tehokas halogeeni-autolamppu. Luotettavan Philipsin uusi X-tremeVision huipputuote tuottaa enemm\u00e4n valoa, n\u00e4kyvyytt\u00e4 ja turvallisuutta. Jopa 150 % kirkkaampi valokeila vakiohalogeenilamppuihin verrattuna luo erinomaiset edellytykset turvalliselle ja v\u00e4sytt\u00e4m\u00e4tt\u00f6m\u00e4lle ajamiselle. Paranneltujen ominaisuuksiensa ansiosta X-tremeVision polttimot parantavat n\u00e4kyvyytt\u00e4 ja lyhent\u00e4v\u00e4t reaktioaikoja.<br \/>\n<strong><br \/>\nTuoteominaisuudet:<\/strong><br \/>\n\u2022 Jopa 150 % enemm\u00e4n valoa tielle parantaa ajamisen mukavuutta ja v\u00e4hent\u00e4\u00e4 v\u00e4symist\u00e4<br \/>\n\u2022 Teho 55W<br \/>\n\u2022 J\u00e4nnite 12V<br \/>\n\u2022 V\u00e4ril\u00e4mp\u00f6tila 3450K<br \/>\n\u2022 Tehokkaampi sukupolvi<br \/>\n\u2022 Kest\u00e4v\u00e4mpi ja lujatekoisempi, k\u00e4ytt\u00f6ik\u00e4 jopa 350h<br \/>\n\u2022 Upea ulkon\u00e4k\u00f6<br \/>\n\u2022 \u00c4\u00e4rimm\u00e4isen tehokas halogeeni-autolamppu<br \/>\n\u2022 Hyv\u00e4ksytty k\u00e4ytett\u00e4v\u00e4ksi tieliikenteess\u00e4<\/p>\n<p><strong>Pakkaus sis\u00e4lt\u00e4\u00e4 2kpl polttimoita<\/strong>.<\/p>\n","protected":false},"excerpt":{"rendered":"<p>H1 Philips X-tremeVision Pro150\u00a0polttimot ovat laadukas vaihtoehto H1 polttimoiksi. X-tremeVision Pro150 on \u00e4\u00e4rimm\u00e4isen tehokas halogeeni-autolamppu. Luotettavan Philipsin uusi X-tremeVision huipputuote tuottaa enemm\u00e4n valoa, n\u00e4kyvyytt\u00e4 ja turvallisuutta. Jopa 150 % kirkkaampi valokeila vakiohalogeenilamppuihin verrattuna luo erinomaiset edellytykset turvalliselle ja v\u00e4sytt\u00e4m\u00e4tt\u00f6m\u00e4lle ajamiselle. Paranneltujen ominaisuuksiensa ansiosta X-tremeVision polttimot parantavat n\u00e4kyvyytt\u00e4 ja lyhent\u00e4v\u00e4t reaktioaikoja. Tuoteominaisuudet: \u2022 Jopa 150 % [&hellip;]<\/p>\n","protected":false},"featured_media":14284,"comment_status":"open","ping_status":"closed","template":"","meta":[],"product_brand":[],"product_cat":[316],"product_tag":[],"class_list":{"0":"post-4287","1":"product","2":"type-product","3":"status-publish","4":"has-post-thumbnail","6":"product_cat-h1-halogen-polttimot","8":"first","9":"instock","10":"taxable","11":"shipping-taxable","12":"purchasable","13":"product-type-simple"},"yoast_head":"<!-- This site is optimized with the Yoast SEO plugin v27.5 - https:\/\/yoast.com\/product\/yoast-seo-wordpress\/ -->\n<title>H1 Philips X-tremeVision Pro150 polttimopari +150% -<\/title>\n<meta name=\"robots\" content=\"index, follow, max-snippet:-1, max-image-preview:large, max-video-preview:-1\" \/>\n<link rel=\"canonical\" href=\"https:\/\/www.duunauspalvelutjarvi.fi\/?product=h1-philips-x-tremevision-pro150-polttimopari-150\" \/>\n<meta property=\"og:locale\" content=\"fi_FI\" \/>\n<meta property=\"og:type\" content=\"article\" \/>\n<meta property=\"og:title\" content=\"H1 Philips X-tremeVision Pro150 polttimopari +150% -\" \/>\n<meta property=\"og:description\" content=\"H1 Philips X-tremeVision Pro150\u00a0polttimot ovat laadukas vaihtoehto H1 polttimoiksi. X-tremeVision Pro150 on \u00e4\u00e4rimm\u00e4isen tehokas halogeeni-autolamppu. Luotettavan Philipsin uusi X-tremeVision huipputuote tuottaa enemm\u00e4n valoa, n\u00e4kyvyytt\u00e4 ja turvallisuutta. Jopa 150 % kirkkaampi valokeila vakiohalogeenilamppuihin verrattuna luo erinomaiset edellytykset turvalliselle ja v\u00e4sytt\u00e4m\u00e4tt\u00f6m\u00e4lle ajamiselle. Paranneltujen ominaisuuksiensa ansiosta X-tremeVision polttimot parantavat n\u00e4kyvyytt\u00e4 ja lyhent\u00e4v\u00e4t reaktioaikoja. Tuoteominaisuudet: \u2022 Jopa 150 % [&hellip;]\" \/>\n<meta property=\"og:url\" content=\"https:\/\/www.duunauspalvelutjarvi.fi\/?product=h1-philips-x-tremevision-pro150-polttimopari-150\" \/>\n<meta property=\"article:modified_time\" content=\"2023-04-13T18:20:10+00:00\" \/>\n<meta property=\"og:image\" content=\"https:\/\/www.duunauspalvelutjarvi.fi\/wp-content\/uploads\/2021\/02\/H1PhilipsX-tremeVisionPro150polttimopari150_8020103510_6782308670d94164203d764620936de0_1.jpeg\" \/>\n\t<meta property=\"og:image:width\" content=\"909\" \/>\n\t<meta property=\"og:image:height\" content=\"844\" \/>\n\t<meta property=\"og:image:type\" content=\"image\/jpeg\" \/>\n<meta name=\"twitter:card\" content=\"summary_large_image\" \/>\n<meta name=\"twitter:label1\" content=\"Arvioitu lukuaika\" \/>\n\t<meta name=\"twitter:data1\" content=\"1 minuutti\" \/>\n<script type=\"application\/ld+json\" class=\"yoast-schema-graph\">{\"@context\":\"https:\\\/\\\/schema.org\",\"@graph\":[{\"@type\":\"WebPage\",\"@id\":\"https:\\\/\\\/www.duunauspalvelutjarvi.fi\\\/?product=h1-philips-x-tremevision-pro150-polttimopari-150\",\"url\":\"https:\\\/\\\/www.duunauspalvelutjarvi.fi\\\/?product=h1-philips-x-tremevision-pro150-polttimopari-150\",\"name\":\"H1 Philips X-tremeVision Pro150 polttimopari +150% -\",\"isPartOf\":{\"@id\":\"https:\\\/\\\/www.duunauspalvelutjarvi.fi\\\/#website\"},\"primaryImageOfPage\":{\"@id\":\"https:\\\/\\\/www.duunauspalvelutjarvi.fi\\\/?product=h1-philips-x-tremevision-pro150-polttimopari-150#primaryimage\"},\"image\":{\"@id\":\"https:\\\/\\\/www.duunauspalvelutjarvi.fi\\\/?product=h1-philips-x-tremevision-pro150-polttimopari-150#primaryimage\"},\"thumbnailUrl\":\"https:\\\/\\\/www.duunauspalvelutjarvi.fi\\\/wp-content\\\/uploads\\\/2021\\\/02\\\/H1PhilipsX-tremeVisionPro150polttimopari150_8020103510_6782308670d94164203d764620936de0_1.jpeg\",\"datePublished\":\"2021-02-18T21:22:22+00:00\",\"dateModified\":\"2023-04-13T18:20:10+00:00\",\"breadcrumb\":{\"@id\":\"https:\\\/\\\/www.duunauspalvelutjarvi.fi\\\/?product=h1-philips-x-tremevision-pro150-polttimopari-150#breadcrumb\"},\"inLanguage\":\"fi\",\"potentialAction\":[{\"@type\":\"ReadAction\",\"target\":[\"https:\\\/\\\/www.duunauspalvelutjarvi.fi\\\/?product=h1-philips-x-tremevision-pro150-polttimopari-150\"]}]},{\"@type\":\"ImageObject\",\"inLanguage\":\"fi\",\"@id\":\"https:\\\/\\\/www.duunauspalvelutjarvi.fi\\\/?product=h1-philips-x-tremevision-pro150-polttimopari-150#primaryimage\",\"url\":\"https:\\\/\\\/www.duunauspalvelutjarvi.fi\\\/wp-content\\\/uploads\\\/2021\\\/02\\\/H1PhilipsX-tremeVisionPro150polttimopari150_8020103510_6782308670d94164203d764620936de0_1.jpeg\",\"contentUrl\":\"https:\\\/\\\/www.duunauspalvelutjarvi.fi\\\/wp-content\\\/uploads\\\/2021\\\/02\\\/H1PhilipsX-tremeVisionPro150polttimopari150_8020103510_6782308670d94164203d764620936de0_1.jpeg\",\"width\":909,\"height\":844},{\"@type\":\"BreadcrumbList\",\"@id\":\"https:\\\/\\\/www.duunauspalvelutjarvi.fi\\\/?product=h1-philips-x-tremevision-pro150-polttimopari-150#breadcrumb\",\"itemListElement\":[{\"@type\":\"ListItem\",\"position\":1,\"name\":\"Etusivu\",\"item\":\"https:\\\/\\\/www.duunauspalvelutjarvi.fi\\\/\"},{\"@type\":\"ListItem\",\"position\":2,\"name\":\"Etusivu\",\"item\":\"https:\\\/\\\/www.duunauspalvelutjarvi.fi\\\/\"},{\"@type\":\"ListItem\",\"position\":3,\"name\":\"H1 Philips X-tremeVision Pro150 polttimopari +150%\"}]},{\"@type\":\"WebSite\",\"@id\":\"https:\\\/\\\/www.duunauspalvelutjarvi.fi\\\/#website\",\"url\":\"https:\\\/\\\/www.duunauspalvelutjarvi.fi\\\/\",\"name\":\"\",\"description\":\"\",\"potentialAction\":[{\"@type\":\"SearchAction\",\"target\":{\"@type\":\"EntryPoint\",\"urlTemplate\":\"https:\\\/\\\/www.duunauspalvelutjarvi.fi\\\/?s={search_term_string}\"},\"query-input\":{\"@type\":\"PropertyValueSpecification\",\"valueRequired\":true,\"valueName\":\"search_term_string\"}}],\"inLanguage\":\"fi\"}]}<\/script>\n<!-- \/ Yoast SEO plugin. -->","yoast_head_json":{"title":"H1 Philips X-tremeVision Pro150 polttimopari +150% -","robots":{"index":"index","follow":"follow","max-snippet":"max-snippet:-1","max-image-preview":"max-image-preview:large","max-video-preview":"max-video-preview:-1"},"canonical":"https:\/\/www.duunauspalvelutjarvi.fi\/?product=h1-philips-x-tremevision-pro150-polttimopari-150","og_locale":"fi_FI","og_type":"article","og_title":"H1 Philips X-tremeVision Pro150 polttimopari +150% -","og_description":"H1 Philips X-tremeVision Pro150\u00a0polttimot ovat laadukas vaihtoehto H1 polttimoiksi. X-tremeVision Pro150 on \u00e4\u00e4rimm\u00e4isen tehokas halogeeni-autolamppu. Luotettavan Philipsin uusi X-tremeVision huipputuote tuottaa enemm\u00e4n valoa, n\u00e4kyvyytt\u00e4 ja turvallisuutta. Jopa 150 % kirkkaampi valokeila vakiohalogeenilamppuihin verrattuna luo erinomaiset edellytykset turvalliselle ja v\u00e4sytt\u00e4m\u00e4tt\u00f6m\u00e4lle ajamiselle. Paranneltujen ominaisuuksiensa ansiosta X-tremeVision polttimot parantavat n\u00e4kyvyytt\u00e4 ja lyhent\u00e4v\u00e4t reaktioaikoja. Tuoteominaisuudet: \u2022 Jopa 150 % [&hellip;]","og_url":"https:\/\/www.duunauspalvelutjarvi.fi\/?product=h1-philips-x-tremevision-pro150-polttimopari-150","article_modified_time":"2023-04-13T18:20:10+00:00","og_image":[{"width":909,"height":844,"url":"https:\/\/www.duunauspalvelutjarvi.fi\/wp-content\/uploads\/2021\/02\/H1PhilipsX-tremeVisionPro150polttimopari150_8020103510_6782308670d94164203d764620936de0_1.jpeg","type":"image\/jpeg"}],"twitter_card":"summary_large_image","twitter_misc":{"Arvioitu lukuaika":"1 minuutti"},"schema":{"@context":"https:\/\/schema.org","@graph":[{"@type":"WebPage","@id":"https:\/\/www.duunauspalvelutjarvi.fi\/?product=h1-philips-x-tremevision-pro150-polttimopari-150","url":"https:\/\/www.duunauspalvelutjarvi.fi\/?product=h1-philips-x-tremevision-pro150-polttimopari-150","name":"H1 Philips X-tremeVision Pro150 polttimopari +150% -","isPartOf":{"@id":"https:\/\/www.duunauspalvelutjarvi.fi\/#website"},"primaryImageOfPage":{"@id":"https:\/\/www.duunauspalvelutjarvi.fi\/?product=h1-philips-x-tremevision-pro150-polttimopari-150#primaryimage"},"image":{"@id":"https:\/\/www.duunauspalvelutjarvi.fi\/?product=h1-philips-x-tremevision-pro150-polttimopari-150#primaryimage"},"thumbnailUrl":"https:\/\/www.duunauspalvelutjarvi.fi\/wp-content\/uploads\/2021\/02\/H1PhilipsX-tremeVisionPro150polttimopari150_8020103510_6782308670d94164203d764620936de0_1.jpeg","datePublished":"2021-02-18T21:22:22+00:00","dateModified":"2023-04-13T18:20:10+00:00","breadcrumb":{"@id":"https:\/\/www.duunauspalvelutjarvi.fi\/?product=h1-philips-x-tremevision-pro150-polttimopari-150#breadcrumb"},"inLanguage":"fi","potentialAction":[{"@type":"ReadAction","target":["https:\/\/www.duunauspalvelutjarvi.fi\/?product=h1-philips-x-tremevision-pro150-polttimopari-150"]}]},{"@type":"ImageObject","inLanguage":"fi","@id":"https:\/\/www.duunauspalvelutjarvi.fi\/?product=h1-philips-x-tremevision-pro150-polttimopari-150#primaryimage","url":"https:\/\/www.duunauspalvelutjarvi.fi\/wp-content\/uploads\/2021\/02\/H1PhilipsX-tremeVisionPro150polttimopari150_8020103510_6782308670d94164203d764620936de0_1.jpeg","contentUrl":"https:\/\/www.duunauspalvelutjarvi.fi\/wp-content\/uploads\/2021\/02\/H1PhilipsX-tremeVisionPro150polttimopari150_8020103510_6782308670d94164203d764620936de0_1.jpeg","width":909,"height":844},{"@type":"BreadcrumbList","@id":"https:\/\/www.duunauspalvelutjarvi.fi\/?product=h1-philips-x-tremevision-pro150-polttimopari-150#breadcrumb","itemListElement":[{"@type":"ListItem","position":1,"name":"Etusivu","item":"https:\/\/www.duunauspalvelutjarvi.fi\/"},{"@type":"ListItem","position":2,"name":"Etusivu","item":"https:\/\/www.duunauspalvelutjarvi.fi\/"},{"@type":"ListItem","position":3,"name":"H1 Philips X-tremeVision Pro150 polttimopari +150%"}]},{"@type":"WebSite","@id":"https:\/\/www.duunauspalvelutjarvi.fi\/#website","url":"https:\/\/www.duunauspalvelutjarvi.fi\/","name":"","description":"","potentialAction":[{"@type":"SearchAction","target":{"@type":"EntryPoint","urlTemplate":"https:\/\/www.duunauspalvelutjarvi.fi\/?s={search_term_string}"},"query-input":{"@type":"PropertyValueSpecification","valueRequired":true,"valueName":"search_term_string"}}],"inLanguage":"fi"}]}},"jetpack_sharing_enabled":true,"_links":{"self":[{"href":"https:\/\/www.duunauspalvelutjarvi.fi\/index.php?rest_route=\/wp\/v2\/product\/4287","targetHints":{"allow":["GET"]}}],"collection":[{"href":"https:\/\/www.duunauspalvelutjarvi.fi\/index.php?rest_route=\/wp\/v2\/product"}],"about":[{"href":"https:\/\/www.duunauspalvelutjarvi.fi\/index.php?rest_route=\/wp\/v2\/types\/product"}],"replies":[{"embeddable":true,"href":"https:\/\/www.duunauspalvelutjarvi.fi\/index.php?rest_route=%2Fwp%2Fv2%2Fcomments&post=4287"}],"wp:featuredmedia":[{"embeddable":true,"href":"https:\/\/www.duunauspalvelutjarvi.fi\/index.php?rest_route=\/wp\/v2\/media\/14284"}],"wp:attachment":[{"href":"https:\/\/www.duunauspalvelutjarvi.fi\/index.php?rest_route=%2Fwp%2Fv2%2Fmedia&parent=4287"}],"wp:term":[{"taxonomy":"product_brand","embeddable":true,"href":"https:\/\/www.duunauspalvelutjarvi.fi\/index.php?rest_route=%2Fwp%2Fv2%2Fproduct_brand&post=4287"},{"taxonomy":"product_cat","embeddable":true,"href":"https:\/\/www.duunauspalvelutjarvi.fi\/index.php?rest_route=%2Fwp%2Fv2%2Fproduct_cat&post=4287"},{"taxonomy":"product_tag","embeddable":true,"href":"https:\/\/www.duunauspalvelutjarvi.fi\/index.php?rest_route=%2Fwp%2Fv2%2Fproduct_tag&post=4287"}],"curies":[{"name":"wp","href":"https:\/\/api.w.org\/{rel}","templated":true}]}}