{"id":6636,"date":"2021-04-21T22:48:33","date_gmt":"2021-04-21T19:48:33","guid":{"rendered":"https:\/\/www.duunauspalvelutjarvi.fi\/?post_type=product&#038;p=6636"},"modified":"2024-03-24T21:09:12","modified_gmt":"2024-03-24T19:09:12","slug":"brother-yellow-standard-toner-tn243y","status":"publish","type":"product","link":"https:\/\/www.duunauspalvelutjarvi.fi\/?product=brother-yellow-standard-toner-tn243y","title":{"rendered":"BROTHER Yellow standard toner TN243Y"},"content":{"rendered":"<table class=\"main_tech materialNo_3093984\" style=\"height: 710px;\" width=\"1902\">\n<tbody>\n<tr>\n<td class=\"click_path\" colspan=\"2\">\u00a0Kuvaus<\/td>\n<\/tr>\n<tr class=\"even\">\n<td colspan=\"2\">Keltainen TN243Y-laserv\u00e4rikasetti tarjoaa erinomaisen tulostuslaadun jokaisella tulostuskerralla. K\u00e4yt\u00e4 tulostimessasi Brotherin alkuper\u00e4isi\u00e4 tulostustarvikkeita. Tulostimellesi suunnitellut v\u00e4rikasetit tuottavat tarkkoja ja ter\u00e4vi\u00e4 tulosteita joka kerta kun tulostat.<br \/>\nTilaa TN243Y-v\u00e4rikasetti Brotherilta jo t\u00e4n\u00e4\u00e4n ja saat vastinetta rahallesi.<\/td>\n<\/tr>\n<tr>\n<td class=\"click_path\" colspan=\"2\">\u00a0Myyntiargumentit<\/td>\n<\/tr>\n<tr class=\"even\">\n<td colspan=\"2\">\n<ul>\n<li>Tulostaa jopa 1000 sivua ISO\/IEC 19798 -standardin mukaisesti<\/li>\n<li>Korkealaatuinen alkuper\u00e4inen Brother-v\u00e4rikasetti<\/li>\n<li>Ei en\u00e4\u00e4 hukkatulosteita, joten s\u00e4\u00e4st\u00e4t paperia, aikaa ja rahaa<\/li>\n<\/ul>\n<\/td>\n<\/tr>\n<tr>\n<td class=\"click_path\" colspan=\"2\">Tuote:<\/td>\n<\/tr>\n<tr class=\"odd\">\n<td class=\"first\">Tuotenimike:<\/td>\n<td>BROTHER Yellow standard toner TN243Y<\/td>\n<\/tr>\n<tr class=\"even\">\n<td class=\"first\">Kuvaus:<\/td>\n<td>Brother TN243Y &#8211; Keltainen &#8211; alkuper\u00e4inen &#8211; v\u00e4riainekasetti malleihin Brother DCP-L3510, L3517, L3550, HL-L3210, L3230, L3270, MFC-L3710, L3730, L3750, L3770<\/td>\n<\/tr>\n<tr class=\"odd\">\n<td class=\"first\">EAN-koodi:<\/td>\n<td>4977766787475<\/td>\n<\/tr>\n<tr class=\"even\">\n<td>Valmistajan takuu:<\/td>\n<td>12 kuukauden vienti takuu<\/td>\n<\/tr>\n<tr>\n<td class=\"click_path\" colspan=\"2\">\u00a0Yleist\u00e4<\/td>\n<\/tr>\n<tr class=\"even\">\n<td class=\"first\">Mitat (L x S x K) \/ paino:<\/td>\n<td>39 cm x 15 cm x 10.4 cm \/ 400 g<\/td>\n<\/tr>\n<tr>\n<td class=\"click_path\" colspan=\"2\">\u00a0Kulutustavara<\/td>\n<\/tr>\n<tr class=\"even\">\n<td class=\"first\">Kulutustarviketyyppi:<\/td>\n<td>V\u00e4riainekasetti<\/td>\n<\/tr>\n<tr class=\"odd\">\n<td class=\"first\">Tulostusteknologia:<\/td>\n<td>Laser<\/td>\n<\/tr>\n<tr class=\"even\">\n<td class=\"first\">V\u00e4ri:<\/td>\n<td>Keltainen<\/td>\n<\/tr>\n<tr class=\"odd\">\n<td class=\"first\">Tuotto:<\/td>\n<td>Jopa 1 000 sivua ISO\/IEC 19798<\/td>\n<\/tr>\n<tr>\n<td class=\"click_path\" colspan=\"2\">\u00a0Valmistajan takuu<\/td>\n<\/tr>\n<tr class=\"even\">\n<td class=\"first\">Huolto ja tuki:<\/td>\n<td>3 vuoden takuu<\/td>\n<\/tr>\n<tr>\n<td class=\"click_path\" colspan=\"2\">\u00a0Yhteensopivuustiedot<\/td>\n<\/tr>\n<tr class=\"even\">\n<td class=\"first\">Yhteensopivuus::<\/td>\n<td>Brother DCP-L3510CDW, DCP-L3517CDW, DCP-L3550CDW, HL-L3210CW, HL-L3230CDW, HL-L3270CDW, MFC-L3710CW, MFC-L3730CDN, MFC-L3750CDW, MFC-L3770CDW<\/td>\n<\/tr>\n<\/tbody>\n<\/table>\n<p>Tekniset tiedot tarjoaa kolmas osapuoli. Emme vastaa virheellisist\u00e4 tiedoista.<\/p>\n","protected":false},"excerpt":{"rendered":"<p>\u00a0Kuvaus Keltainen TN243Y-laserv\u00e4rikasetti tarjoaa erinomaisen tulostuslaadun jokaisella tulostuskerralla. K\u00e4yt\u00e4 tulostimessasi Brotherin alkuper\u00e4isi\u00e4 tulostustarvikkeita. Tulostimellesi suunnitellut v\u00e4rikasetit tuottavat tarkkoja ja ter\u00e4vi\u00e4 tulosteita joka kerta kun tulostat. Tilaa TN243Y-v\u00e4rikasetti Brotherilta jo t\u00e4n\u00e4\u00e4n ja saat vastinetta rahallesi. \u00a0Myyntiargumentit Tulostaa jopa 1000 sivua ISO\/IEC 19798 -standardin mukaisesti Korkealaatuinen alkuper\u00e4inen Brother-v\u00e4rikasetti Ei en\u00e4\u00e4 hukkatulosteita, joten s\u00e4\u00e4st\u00e4t paperia, aikaa ja rahaa [&hellip;]<\/p>\n","protected":false},"featured_media":14807,"comment_status":"open","ping_status":"closed","template":"","meta":[],"product_brand":[],"product_cat":[455],"product_tag":[],"class_list":{"0":"post-6636","1":"product","2":"type-product","3":"status-publish","4":"has-post-thumbnail","6":"product_cat-laservarit","8":"first","9":"instock","10":"taxable","11":"shipping-taxable","12":"purchasable","13":"product-type-simple"},"yoast_head":"<!-- This site is optimized with the Yoast SEO plugin v27.5 - https:\/\/yoast.com\/product\/yoast-seo-wordpress\/ -->\n<title>BROTHER Yellow standard toner TN243Y -<\/title>\n<meta name=\"robots\" content=\"index, follow, max-snippet:-1, max-image-preview:large, max-video-preview:-1\" \/>\n<link rel=\"canonical\" href=\"https:\/\/www.duunauspalvelutjarvi.fi\/?product=brother-yellow-standard-toner-tn243y\" \/>\n<meta property=\"og:locale\" content=\"fi_FI\" \/>\n<meta property=\"og:type\" content=\"article\" \/>\n<meta property=\"og:title\" content=\"BROTHER Yellow standard toner TN243Y -\" \/>\n<meta property=\"og:description\" content=\"\u00a0Kuvaus Keltainen TN243Y-laserv\u00e4rikasetti tarjoaa erinomaisen tulostuslaadun jokaisella tulostuskerralla. K\u00e4yt\u00e4 tulostimessasi Brotherin alkuper\u00e4isi\u00e4 tulostustarvikkeita. Tulostimellesi suunnitellut v\u00e4rikasetit tuottavat tarkkoja ja ter\u00e4vi\u00e4 tulosteita joka kerta kun tulostat. Tilaa TN243Y-v\u00e4rikasetti Brotherilta jo t\u00e4n\u00e4\u00e4n ja saat vastinetta rahallesi. \u00a0Myyntiargumentit Tulostaa jopa 1000 sivua ISO\/IEC 19798 -standardin mukaisesti Korkealaatuinen alkuper\u00e4inen Brother-v\u00e4rikasetti Ei en\u00e4\u00e4 hukkatulosteita, joten s\u00e4\u00e4st\u00e4t paperia, aikaa ja rahaa [&hellip;]\" \/>\n<meta property=\"og:url\" content=\"https:\/\/www.duunauspalvelutjarvi.fi\/?product=brother-yellow-standard-toner-tn243y\" \/>\n<meta property=\"article:modified_time\" content=\"2024-03-24T19:09:12+00:00\" \/>\n<meta property=\"og:image\" content=\"https:\/\/www.duunauspalvelutjarvi.fi\/wp-content\/uploads\/2021\/04\/2_496386-819x434-1.jpg\" \/>\n\t<meta property=\"og:image:width\" content=\"819\" \/>\n\t<meta property=\"og:image:height\" content=\"434\" \/>\n\t<meta property=\"og:image:type\" content=\"image\/jpeg\" \/>\n<meta name=\"twitter:card\" content=\"summary_large_image\" \/>\n<meta name=\"twitter:label1\" content=\"Arvioitu lukuaika\" \/>\n\t<meta name=\"twitter:data1\" content=\"2 minuuttia\" \/>\n<script type=\"application\/ld+json\" class=\"yoast-schema-graph\">{\"@context\":\"https:\\\/\\\/schema.org\",\"@graph\":[{\"@type\":\"WebPage\",\"@id\":\"https:\\\/\\\/www.duunauspalvelutjarvi.fi\\\/?product=brother-yellow-standard-toner-tn243y\",\"url\":\"https:\\\/\\\/www.duunauspalvelutjarvi.fi\\\/?product=brother-yellow-standard-toner-tn243y\",\"name\":\"BROTHER Yellow standard toner TN243Y -\",\"isPartOf\":{\"@id\":\"https:\\\/\\\/www.duunauspalvelutjarvi.fi\\\/#website\"},\"primaryImageOfPage\":{\"@id\":\"https:\\\/\\\/www.duunauspalvelutjarvi.fi\\\/?product=brother-yellow-standard-toner-tn243y#primaryimage\"},\"image\":{\"@id\":\"https:\\\/\\\/www.duunauspalvelutjarvi.fi\\\/?product=brother-yellow-standard-toner-tn243y#primaryimage\"},\"thumbnailUrl\":\"https:\\\/\\\/www.duunauspalvelutjarvi.fi\\\/wp-content\\\/uploads\\\/2021\\\/04\\\/2_496386-819x434-1.jpg\",\"datePublished\":\"2021-04-21T19:48:33+00:00\",\"dateModified\":\"2024-03-24T19:09:12+00:00\",\"breadcrumb\":{\"@id\":\"https:\\\/\\\/www.duunauspalvelutjarvi.fi\\\/?product=brother-yellow-standard-toner-tn243y#breadcrumb\"},\"inLanguage\":\"fi\",\"potentialAction\":[{\"@type\":\"ReadAction\",\"target\":[\"https:\\\/\\\/www.duunauspalvelutjarvi.fi\\\/?product=brother-yellow-standard-toner-tn243y\"]}]},{\"@type\":\"ImageObject\",\"inLanguage\":\"fi\",\"@id\":\"https:\\\/\\\/www.duunauspalvelutjarvi.fi\\\/?product=brother-yellow-standard-toner-tn243y#primaryimage\",\"url\":\"https:\\\/\\\/www.duunauspalvelutjarvi.fi\\\/wp-content\\\/uploads\\\/2021\\\/04\\\/2_496386-819x434-1.jpg\",\"contentUrl\":\"https:\\\/\\\/www.duunauspalvelutjarvi.fi\\\/wp-content\\\/uploads\\\/2021\\\/04\\\/2_496386-819x434-1.jpg\",\"width\":819,\"height\":434},{\"@type\":\"BreadcrumbList\",\"@id\":\"https:\\\/\\\/www.duunauspalvelutjarvi.fi\\\/?product=brother-yellow-standard-toner-tn243y#breadcrumb\",\"itemListElement\":[{\"@type\":\"ListItem\",\"position\":1,\"name\":\"Etusivu\",\"item\":\"https:\\\/\\\/www.duunauspalvelutjarvi.fi\\\/\"},{\"@type\":\"ListItem\",\"position\":2,\"name\":\"Etusivu\",\"item\":\"https:\\\/\\\/www.duunauspalvelutjarvi.fi\\\/\"},{\"@type\":\"ListItem\",\"position\":3,\"name\":\"BROTHER Yellow standard toner TN243Y\"}]},{\"@type\":\"WebSite\",\"@id\":\"https:\\\/\\\/www.duunauspalvelutjarvi.fi\\\/#website\",\"url\":\"https:\\\/\\\/www.duunauspalvelutjarvi.fi\\\/\",\"name\":\"\",\"description\":\"\",\"potentialAction\":[{\"@type\":\"SearchAction\",\"target\":{\"@type\":\"EntryPoint\",\"urlTemplate\":\"https:\\\/\\\/www.duunauspalvelutjarvi.fi\\\/?s={search_term_string}\"},\"query-input\":{\"@type\":\"PropertyValueSpecification\",\"valueRequired\":true,\"valueName\":\"search_term_string\"}}],\"inLanguage\":\"fi\"}]}<\/script>\n<!-- \/ Yoast SEO plugin. -->","yoast_head_json":{"title":"BROTHER Yellow standard toner TN243Y -","robots":{"index":"index","follow":"follow","max-snippet":"max-snippet:-1","max-image-preview":"max-image-preview:large","max-video-preview":"max-video-preview:-1"},"canonical":"https:\/\/www.duunauspalvelutjarvi.fi\/?product=brother-yellow-standard-toner-tn243y","og_locale":"fi_FI","og_type":"article","og_title":"BROTHER Yellow standard toner TN243Y -","og_description":"\u00a0Kuvaus Keltainen TN243Y-laserv\u00e4rikasetti tarjoaa erinomaisen tulostuslaadun jokaisella tulostuskerralla. K\u00e4yt\u00e4 tulostimessasi Brotherin alkuper\u00e4isi\u00e4 tulostustarvikkeita. Tulostimellesi suunnitellut v\u00e4rikasetit tuottavat tarkkoja ja ter\u00e4vi\u00e4 tulosteita joka kerta kun tulostat. Tilaa TN243Y-v\u00e4rikasetti Brotherilta jo t\u00e4n\u00e4\u00e4n ja saat vastinetta rahallesi. \u00a0Myyntiargumentit Tulostaa jopa 1000 sivua ISO\/IEC 19798 -standardin mukaisesti Korkealaatuinen alkuper\u00e4inen Brother-v\u00e4rikasetti Ei en\u00e4\u00e4 hukkatulosteita, joten s\u00e4\u00e4st\u00e4t paperia, aikaa ja rahaa [&hellip;]","og_url":"https:\/\/www.duunauspalvelutjarvi.fi\/?product=brother-yellow-standard-toner-tn243y","article_modified_time":"2024-03-24T19:09:12+00:00","og_image":[{"width":819,"height":434,"url":"https:\/\/www.duunauspalvelutjarvi.fi\/wp-content\/uploads\/2021\/04\/2_496386-819x434-1.jpg","type":"image\/jpeg"}],"twitter_card":"summary_large_image","twitter_misc":{"Arvioitu lukuaika":"2 minuuttia"},"schema":{"@context":"https:\/\/schema.org","@graph":[{"@type":"WebPage","@id":"https:\/\/www.duunauspalvelutjarvi.fi\/?product=brother-yellow-standard-toner-tn243y","url":"https:\/\/www.duunauspalvelutjarvi.fi\/?product=brother-yellow-standard-toner-tn243y","name":"BROTHER Yellow standard toner TN243Y -","isPartOf":{"@id":"https:\/\/www.duunauspalvelutjarvi.fi\/#website"},"primaryImageOfPage":{"@id":"https:\/\/www.duunauspalvelutjarvi.fi\/?product=brother-yellow-standard-toner-tn243y#primaryimage"},"image":{"@id":"https:\/\/www.duunauspalvelutjarvi.fi\/?product=brother-yellow-standard-toner-tn243y#primaryimage"},"thumbnailUrl":"https:\/\/www.duunauspalvelutjarvi.fi\/wp-content\/uploads\/2021\/04\/2_496386-819x434-1.jpg","datePublished":"2021-04-21T19:48:33+00:00","dateModified":"2024-03-24T19:09:12+00:00","breadcrumb":{"@id":"https:\/\/www.duunauspalvelutjarvi.fi\/?product=brother-yellow-standard-toner-tn243y#breadcrumb"},"inLanguage":"fi","potentialAction":[{"@type":"ReadAction","target":["https:\/\/www.duunauspalvelutjarvi.fi\/?product=brother-yellow-standard-toner-tn243y"]}]},{"@type":"ImageObject","inLanguage":"fi","@id":"https:\/\/www.duunauspalvelutjarvi.fi\/?product=brother-yellow-standard-toner-tn243y#primaryimage","url":"https:\/\/www.duunauspalvelutjarvi.fi\/wp-content\/uploads\/2021\/04\/2_496386-819x434-1.jpg","contentUrl":"https:\/\/www.duunauspalvelutjarvi.fi\/wp-content\/uploads\/2021\/04\/2_496386-819x434-1.jpg","width":819,"height":434},{"@type":"BreadcrumbList","@id":"https:\/\/www.duunauspalvelutjarvi.fi\/?product=brother-yellow-standard-toner-tn243y#breadcrumb","itemListElement":[{"@type":"ListItem","position":1,"name":"Etusivu","item":"https:\/\/www.duunauspalvelutjarvi.fi\/"},{"@type":"ListItem","position":2,"name":"Etusivu","item":"https:\/\/www.duunauspalvelutjarvi.fi\/"},{"@type":"ListItem","position":3,"name":"BROTHER Yellow standard toner TN243Y"}]},{"@type":"WebSite","@id":"https:\/\/www.duunauspalvelutjarvi.fi\/#website","url":"https:\/\/www.duunauspalvelutjarvi.fi\/","name":"","description":"","potentialAction":[{"@type":"SearchAction","target":{"@type":"EntryPoint","urlTemplate":"https:\/\/www.duunauspalvelutjarvi.fi\/?s={search_term_string}"},"query-input":{"@type":"PropertyValueSpecification","valueRequired":true,"valueName":"search_term_string"}}],"inLanguage":"fi"}]}},"jetpack_sharing_enabled":true,"_links":{"self":[{"href":"https:\/\/www.duunauspalvelutjarvi.fi\/index.php?rest_route=\/wp\/v2\/product\/6636","targetHints":{"allow":["GET"]}}],"collection":[{"href":"https:\/\/www.duunauspalvelutjarvi.fi\/index.php?rest_route=\/wp\/v2\/product"}],"about":[{"href":"https:\/\/www.duunauspalvelutjarvi.fi\/index.php?rest_route=\/wp\/v2\/types\/product"}],"replies":[{"embeddable":true,"href":"https:\/\/www.duunauspalvelutjarvi.fi\/index.php?rest_route=%2Fwp%2Fv2%2Fcomments&post=6636"}],"wp:featuredmedia":[{"embeddable":true,"href":"https:\/\/www.duunauspalvelutjarvi.fi\/index.php?rest_route=\/wp\/v2\/media\/14807"}],"wp:attachment":[{"href":"https:\/\/www.duunauspalvelutjarvi.fi\/index.php?rest_route=%2Fwp%2Fv2%2Fmedia&parent=6636"}],"wp:term":[{"taxonomy":"product_brand","embeddable":true,"href":"https:\/\/www.duunauspalvelutjarvi.fi\/index.php?rest_route=%2Fwp%2Fv2%2Fproduct_brand&post=6636"},{"taxonomy":"product_cat","embeddable":true,"href":"https:\/\/www.duunauspalvelutjarvi.fi\/index.php?rest_route=%2Fwp%2Fv2%2Fproduct_cat&post=6636"},{"taxonomy":"product_tag","embeddable":true,"href":"https:\/\/www.duunauspalvelutjarvi.fi\/index.php?rest_route=%2Fwp%2Fv2%2Fproduct_tag&post=6636"}],"curies":[{"name":"wp","href":"https:\/\/api.w.org\/{rel}","templated":true}]}}