{"id":7659,"date":"2021-07-29T12:26:34","date_gmt":"2021-07-29T09:26:34","guid":{"rendered":"https:\/\/www.duunauspalvelutjarvi.fi\/?post_type=product&#038;p=7659"},"modified":"2021-07-29T12:26:36","modified_gmt":"2021-07-29T09:26:36","slug":"kaari-loimu-x2-plasmasytytin-camo-vihrea","status":"publish","type":"product","link":"https:\/\/www.duunauspalvelutjarvi.fi\/?product=kaari-loimu-x2-plasmasytytin-camo-vihrea","title":{"rendered":"Kaari Loimu X2 plasmasytytin Camo vihre\u00e4"},"content":{"rendered":"<p>KAARI LOIMU X2 on er\u00e4nk\u00e4vij\u00e4n, veneilij\u00e4n ja m\u00f6kkeilij\u00e4n valinta, kun sytytint\u00e4 tarvitaan vaativiin k\u00e4ytt\u00f6olosuhteisiin.\u00a0KAARI LOIMU X2 Plasmasytytin tuottaa tehokkaan ja tuulessa sammumattoman kaksoisplasmakaaren. Sytyttimen teleskooppivarsi antaa sytytt\u00e4miselle lis\u00e4\u00e4 ulottuvuutta tarpeen niin vaatiessa ja kaksitehoinen LED-valaisin valaisee l\u00e4hiymp\u00e4rist\u00f6ns\u00e4 tehokkaasti. KAARI LOIMU X2 on suomalainen designtuote. Design from Finland.<\/p>\n<p>&nbsp;<\/p>\n<p>KAARI LOIMU X2 on IPX7 sertifioitu veden- ja p\u00f6lynpit\u00e4v\u00e4 sek\u00e4 vedess\u00e4 kelluva er\u00e4k\u00e4ytt\u00f6\u00f6n suunniteltu plasmasytytin. Se toimii kuin mik\u00e4 tahansa muu sytytin, mutta ilman haitallisia kaasuja tai kemikaaleja, helpommin, tehokkaammin, turvallisemmin ja ymp\u00e4rist\u00f6yst\u00e4v\u00e4llisemmin. Plasmasytytin korvaa perinteiset ponnekaasuihin tai fossiilisiin polttoaineisiin perustuvat sytyttimet ekologisemmalla vaihtoehdolla. Plasmasytyttimell\u00e4 voi sytytt\u00e4\u00e4 jopa 80 kertaa yhdell\u00e4 akun latauksella, jonka j\u00e4lkeen sen voi ladata tavallisella usb-laturilla.<\/p>\n<p>HUOM! \u00c4L\u00c4 K\u00c4YT\u00c4 LATAAMISEEN PIKALATURIA. V\u00c4H\u00c4ISELL\u00c4 AKUN VARAUSTILALLA SYTYTIN EI EN\u00c4\u00c4 TOIMI, LED-VALAISIMEN EDELLEEN TOIMIESSA.<\/p>\n<p>Sytyttimen koko: 139.25 * 28.5 mm<br \/>\n300mAh litiumpolymeeriakku<\/p>\n<p>Pakkauksen sis\u00e4lt\u00f6:<\/p>\n<p>&#8211; 1 kpl KAARI LOIMU X2<br \/>\n-plasmasytytin<br \/>\n&#8211; 1 kpl Mikro-USB-kaapeli<br \/>\n&#8211; 1 kpl Karbiinihaka<br \/>\n&#8211; 1 kpl Heijastava kaulanauha<br \/>\n&#8211; 1 kpl Vy\u00f6kotelo<br \/>\n&#8211; 1 kpl K\u00e4ytt\u00f6ohje: Suomi ja Englanti<\/p>\n","protected":false},"excerpt":{"rendered":"<p>KAARI LOIMU X2 on er\u00e4nk\u00e4vij\u00e4n, veneilij\u00e4n ja m\u00f6kkeilij\u00e4n valinta, kun sytytint\u00e4 tarvitaan vaativiin k\u00e4ytt\u00f6olosuhteisiin.\u00a0KAARI LOIMU X2 Plasmasytytin tuottaa tehokkaan ja tuulessa sammumattoman kaksoisplasmakaaren. Sytyttimen teleskooppivarsi antaa sytytt\u00e4miselle lis\u00e4\u00e4 ulottuvuutta tarpeen niin vaatiessa ja kaksitehoinen LED-valaisin valaisee l\u00e4hiymp\u00e4rist\u00f6ns\u00e4 tehokkaasti. KAARI LOIMU X2 on suomalainen designtuote. Design from Finland. &nbsp; KAARI LOIMU X2 on IPX7 sertifioitu veden- [&hellip;]<\/p>\n","protected":false},"featured_media":0,"comment_status":"open","ping_status":"closed","template":"","meta":[],"product_brand":[],"product_cat":[494],"product_tag":[],"class_list":{"0":"post-7659","1":"product","2":"type-product","3":"status-publish","5":"product_cat-kaari-plasmasytyttimet","7":"first","8":"instock","9":"taxable","10":"shipping-taxable","11":"purchasable","12":"product-type-simple"},"yoast_head":"<!-- This site is optimized with the Yoast SEO plugin v27.5 - https:\/\/yoast.com\/product\/yoast-seo-wordpress\/ -->\n<title>Kaari Loimu X2 plasmasytytin Camo vihre\u00e4 -<\/title>\n<meta name=\"robots\" content=\"index, follow, max-snippet:-1, max-image-preview:large, max-video-preview:-1\" \/>\n<link rel=\"canonical\" href=\"https:\/\/www.duunauspalvelutjarvi.fi\/?product=kaari-loimu-x2-plasmasytytin-camo-vihrea\" \/>\n<meta property=\"og:locale\" content=\"fi_FI\" \/>\n<meta property=\"og:type\" content=\"article\" \/>\n<meta property=\"og:title\" content=\"Kaari Loimu X2 plasmasytytin Camo vihre\u00e4 -\" \/>\n<meta property=\"og:description\" content=\"KAARI LOIMU X2 on er\u00e4nk\u00e4vij\u00e4n, veneilij\u00e4n ja m\u00f6kkeilij\u00e4n valinta, kun sytytint\u00e4 tarvitaan vaativiin k\u00e4ytt\u00f6olosuhteisiin.\u00a0KAARI LOIMU X2 Plasmasytytin tuottaa tehokkaan ja tuulessa sammumattoman kaksoisplasmakaaren. Sytyttimen teleskooppivarsi antaa sytytt\u00e4miselle lis\u00e4\u00e4 ulottuvuutta tarpeen niin vaatiessa ja kaksitehoinen LED-valaisin valaisee l\u00e4hiymp\u00e4rist\u00f6ns\u00e4 tehokkaasti. KAARI LOIMU X2 on suomalainen designtuote. Design from Finland. &nbsp; KAARI LOIMU X2 on IPX7 sertifioitu veden- [&hellip;]\" \/>\n<meta property=\"og:url\" content=\"https:\/\/www.duunauspalvelutjarvi.fi\/?product=kaari-loimu-x2-plasmasytytin-camo-vihrea\" \/>\n<meta property=\"article:modified_time\" content=\"2021-07-29T09:26:36+00:00\" \/>\n<meta name=\"twitter:card\" content=\"summary_large_image\" \/>\n<meta name=\"twitter:label1\" content=\"Arvioitu lukuaika\" \/>\n\t<meta name=\"twitter:data1\" content=\"1 minuutti\" \/>\n<script type=\"application\/ld+json\" class=\"yoast-schema-graph\">{\"@context\":\"https:\\\/\\\/schema.org\",\"@graph\":[{\"@type\":\"WebPage\",\"@id\":\"https:\\\/\\\/www.duunauspalvelutjarvi.fi\\\/?product=kaari-loimu-x2-plasmasytytin-camo-vihrea\",\"url\":\"https:\\\/\\\/www.duunauspalvelutjarvi.fi\\\/?product=kaari-loimu-x2-plasmasytytin-camo-vihrea\",\"name\":\"Kaari Loimu X2 plasmasytytin Camo vihre\u00e4 -\",\"isPartOf\":{\"@id\":\"https:\\\/\\\/www.duunauspalvelutjarvi.fi\\\/#website\"},\"datePublished\":\"2021-07-29T09:26:34+00:00\",\"dateModified\":\"2021-07-29T09:26:36+00:00\",\"breadcrumb\":{\"@id\":\"https:\\\/\\\/www.duunauspalvelutjarvi.fi\\\/?product=kaari-loimu-x2-plasmasytytin-camo-vihrea#breadcrumb\"},\"inLanguage\":\"fi\",\"potentialAction\":[{\"@type\":\"ReadAction\",\"target\":[\"https:\\\/\\\/www.duunauspalvelutjarvi.fi\\\/?product=kaari-loimu-x2-plasmasytytin-camo-vihrea\"]}]},{\"@type\":\"BreadcrumbList\",\"@id\":\"https:\\\/\\\/www.duunauspalvelutjarvi.fi\\\/?product=kaari-loimu-x2-plasmasytytin-camo-vihrea#breadcrumb\",\"itemListElement\":[{\"@type\":\"ListItem\",\"position\":1,\"name\":\"Etusivu\",\"item\":\"https:\\\/\\\/www.duunauspalvelutjarvi.fi\\\/\"},{\"@type\":\"ListItem\",\"position\":2,\"name\":\"Etusivu\",\"item\":\"https:\\\/\\\/www.duunauspalvelutjarvi.fi\\\/\"},{\"@type\":\"ListItem\",\"position\":3,\"name\":\"Kaari Loimu X2 plasmasytytin Camo vihre\u00e4\"}]},{\"@type\":\"WebSite\",\"@id\":\"https:\\\/\\\/www.duunauspalvelutjarvi.fi\\\/#website\",\"url\":\"https:\\\/\\\/www.duunauspalvelutjarvi.fi\\\/\",\"name\":\"\",\"description\":\"\",\"potentialAction\":[{\"@type\":\"SearchAction\",\"target\":{\"@type\":\"EntryPoint\",\"urlTemplate\":\"https:\\\/\\\/www.duunauspalvelutjarvi.fi\\\/?s={search_term_string}\"},\"query-input\":{\"@type\":\"PropertyValueSpecification\",\"valueRequired\":true,\"valueName\":\"search_term_string\"}}],\"inLanguage\":\"fi\"}]}<\/script>\n<!-- \/ Yoast SEO plugin. -->","yoast_head_json":{"title":"Kaari Loimu X2 plasmasytytin Camo vihre\u00e4 -","robots":{"index":"index","follow":"follow","max-snippet":"max-snippet:-1","max-image-preview":"max-image-preview:large","max-video-preview":"max-video-preview:-1"},"canonical":"https:\/\/www.duunauspalvelutjarvi.fi\/?product=kaari-loimu-x2-plasmasytytin-camo-vihrea","og_locale":"fi_FI","og_type":"article","og_title":"Kaari Loimu X2 plasmasytytin Camo vihre\u00e4 -","og_description":"KAARI LOIMU X2 on er\u00e4nk\u00e4vij\u00e4n, veneilij\u00e4n ja m\u00f6kkeilij\u00e4n valinta, kun sytytint\u00e4 tarvitaan vaativiin k\u00e4ytt\u00f6olosuhteisiin.\u00a0KAARI LOIMU X2 Plasmasytytin tuottaa tehokkaan ja tuulessa sammumattoman kaksoisplasmakaaren. Sytyttimen teleskooppivarsi antaa sytytt\u00e4miselle lis\u00e4\u00e4 ulottuvuutta tarpeen niin vaatiessa ja kaksitehoinen LED-valaisin valaisee l\u00e4hiymp\u00e4rist\u00f6ns\u00e4 tehokkaasti. KAARI LOIMU X2 on suomalainen designtuote. Design from Finland. &nbsp; KAARI LOIMU X2 on IPX7 sertifioitu veden- [&hellip;]","og_url":"https:\/\/www.duunauspalvelutjarvi.fi\/?product=kaari-loimu-x2-plasmasytytin-camo-vihrea","article_modified_time":"2021-07-29T09:26:36+00:00","twitter_card":"summary_large_image","twitter_misc":{"Arvioitu lukuaika":"1 minuutti"},"schema":{"@context":"https:\/\/schema.org","@graph":[{"@type":"WebPage","@id":"https:\/\/www.duunauspalvelutjarvi.fi\/?product=kaari-loimu-x2-plasmasytytin-camo-vihrea","url":"https:\/\/www.duunauspalvelutjarvi.fi\/?product=kaari-loimu-x2-plasmasytytin-camo-vihrea","name":"Kaari Loimu X2 plasmasytytin Camo vihre\u00e4 -","isPartOf":{"@id":"https:\/\/www.duunauspalvelutjarvi.fi\/#website"},"datePublished":"2021-07-29T09:26:34+00:00","dateModified":"2021-07-29T09:26:36+00:00","breadcrumb":{"@id":"https:\/\/www.duunauspalvelutjarvi.fi\/?product=kaari-loimu-x2-plasmasytytin-camo-vihrea#breadcrumb"},"inLanguage":"fi","potentialAction":[{"@type":"ReadAction","target":["https:\/\/www.duunauspalvelutjarvi.fi\/?product=kaari-loimu-x2-plasmasytytin-camo-vihrea"]}]},{"@type":"BreadcrumbList","@id":"https:\/\/www.duunauspalvelutjarvi.fi\/?product=kaari-loimu-x2-plasmasytytin-camo-vihrea#breadcrumb","itemListElement":[{"@type":"ListItem","position":1,"name":"Etusivu","item":"https:\/\/www.duunauspalvelutjarvi.fi\/"},{"@type":"ListItem","position":2,"name":"Etusivu","item":"https:\/\/www.duunauspalvelutjarvi.fi\/"},{"@type":"ListItem","position":3,"name":"Kaari Loimu X2 plasmasytytin Camo vihre\u00e4"}]},{"@type":"WebSite","@id":"https:\/\/www.duunauspalvelutjarvi.fi\/#website","url":"https:\/\/www.duunauspalvelutjarvi.fi\/","name":"","description":"","potentialAction":[{"@type":"SearchAction","target":{"@type":"EntryPoint","urlTemplate":"https:\/\/www.duunauspalvelutjarvi.fi\/?s={search_term_string}"},"query-input":{"@type":"PropertyValueSpecification","valueRequired":true,"valueName":"search_term_string"}}],"inLanguage":"fi"}]}},"jetpack_sharing_enabled":true,"_links":{"self":[{"href":"https:\/\/www.duunauspalvelutjarvi.fi\/index.php?rest_route=\/wp\/v2\/product\/7659","targetHints":{"allow":["GET"]}}],"collection":[{"href":"https:\/\/www.duunauspalvelutjarvi.fi\/index.php?rest_route=\/wp\/v2\/product"}],"about":[{"href":"https:\/\/www.duunauspalvelutjarvi.fi\/index.php?rest_route=\/wp\/v2\/types\/product"}],"replies":[{"embeddable":true,"href":"https:\/\/www.duunauspalvelutjarvi.fi\/index.php?rest_route=%2Fwp%2Fv2%2Fcomments&post=7659"}],"wp:attachment":[{"href":"https:\/\/www.duunauspalvelutjarvi.fi\/index.php?rest_route=%2Fwp%2Fv2%2Fmedia&parent=7659"}],"wp:term":[{"taxonomy":"product_brand","embeddable":true,"href":"https:\/\/www.duunauspalvelutjarvi.fi\/index.php?rest_route=%2Fwp%2Fv2%2Fproduct_brand&post=7659"},{"taxonomy":"product_cat","embeddable":true,"href":"https:\/\/www.duunauspalvelutjarvi.fi\/index.php?rest_route=%2Fwp%2Fv2%2Fproduct_cat&post=7659"},{"taxonomy":"product_tag","embeddable":true,"href":"https:\/\/www.duunauspalvelutjarvi.fi\/index.php?rest_route=%2Fwp%2Fv2%2Fproduct_tag&post=7659"}],"curies":[{"name":"wp","href":"https:\/\/api.w.org\/{rel}","templated":true}]}}