{"id":8422,"date":"2021-08-03T23:16:43","date_gmt":"2021-08-03T20:16:43","guid":{"rendered":"https:\/\/www.duunauspalvelutjarvi.fi\/?post_type=product&#038;p=8422"},"modified":"2021-08-04T00:05:34","modified_gmt":"2021-08-03T21:05:34","slug":"4-x-langaton-fullhd-kamera-ja-verkkotallennin","status":"publish","type":"product","link":"https:\/\/www.duunauspalvelutjarvi.fi\/?product=4-x-langaton-fullhd-kamera-ja-verkkotallennin","title":{"rendered":"4 x Langaton FullHD kamera ja verkkotallennin"},"content":{"rendered":"<div class=\"ev-product-description\">\n<p>Heti k\u00e4ytt\u00f6valmis 4 langattoman FullHD valvontakameran valvontaj\u00e4rjestelm\u00e4 verkkotallentimella.\u00a0Uusi versio tarkkaa 1080p videokuvaa kuvaavilla kameroilla. Ohjelmistoa on my\u00f6s viilattu entist\u00e4 helppok\u00e4ytt\u00f6isemm\u00e4ksi, sek\u00e4 videopakkausta tehokkaammaksi. HEVC-pakattu videokuva vie jopa 50% v\u00e4hemm\u00e4n tallennustilaa kuin aiemman version H.264 videokuva. T\u00e4m\u00e4n helpompaa ei valvontakameraj\u00e4rjestelm\u00e4n k\u00e4ytt\u00f6notto en\u00e4\u00e4 voi olla; kytket vain verkkotallentimeen ja kameraan virrat niin ne yhdistyv\u00e4t automaattisesti WiFin v\u00e4lityksell\u00e4!<\/p>\n<p>Tallenna valvontakamerakuvaa verkkotallentimen kovalevylle (ostettava lis\u00e4tarvikkeena) niin p\u00e4\u00e4set katselemaan kameroiden livekuvaa ja nauhoituksia n\u00e4pp\u00e4r\u00e4sti helppok\u00e4ytt\u00f6isen mobiilisovelluksen kautta sek\u00e4 my\u00f6s suoraan internet selaimen kautta ilman erillisi\u00e4 ohjelmistoja! N\u00e4in voit n\u00e4pp\u00e4r\u00e4sti tarkistaa, ett\u00e4 kaikki on kunnossa olit sitten toimistolla tai vaikkapa m\u00f6kill\u00e4si kunhan k\u00e4yt\u00f6ss\u00e4si on internet yhteys.<\/p>\n<p>Kamerat voit asettaa nauhoittamaan ajastettuna, jatkuvasti tai kameroiden havaitessa liikett\u00e4 tarpeidesi mukaan. Saat toki asetettua my\u00f6s liikeh\u00e4lytykset tulemaan puhelimeesi tai s\u00e4hk\u00f6postiisi. Voit liitt\u00e4\u00e4 verkkotallentimen halutessasi n\u00e4ytt\u00f6\u00f6n tai televisioon HDMI- tai VGA-kaapelilla ja katsella tallenteita tai livekuvaa. Kamerat kest\u00e4v\u00e4t hyvin sadetta ja pakkaskestoa riitt\u00e4\u00e4 jopa -30 \u00b0C asteeseen saakka.<\/p>\n<p>Lataa mobiilisovellukset Androidille &amp; iOS:lle:<\/p>\n<div class=\"scrollable-wrapper\">\n<table class=\"table\" width=\"auto\" cellspacing=\"0\" cellpadding=\"0\">\n<tbody>\n<tr>\n<td><a title=\"Goolink -sovellus Gpogle Play\" href=\"https:\/\/play.google.com\/store\/apps\/details?id=com.gooclient.def.two&amp;hl=fi\" target=\"_blank\" rel=\"noopener noreferrer\" aria-describedby=\"a11y-new-window-external-message\"><img decoding=\"async\" class=\"addtc-np\" src=\"https:\/\/www.e-ville.com\/js\/tinymce\/uploaded\/playy.jpg\" alt=\"\" width=\"auto\" height=\"auto\" \/><\/a><\/td>\n<td><a title=\"IP Pro -sovellus App Store\" href=\"https:\/\/apps.apple.com\/us\/app\/ip-pro\/id1099077808\" target=\"_blank\" rel=\"noopener noreferrer\" aria-describedby=\"a11y-new-window-external-message\"><img decoding=\"async\" class=\"addtc-np\" src=\"https:\/\/www.e-ville.com\/js\/tinymce\/uploaded\/app.jpg\" alt=\"\" width=\"auto\" height=\"auto\" \/><\/a><\/td>\n<\/tr>\n<\/tbody>\n<\/table>\n<\/div>\n<\/div>\n<div class=\"ev-product-specs\">\n<h3>Tekniset tiedot:<\/h3>\n<div>\n<ul>\n<li>Plug-and-play asennus<\/li>\n<li>H\u00e4lytykset \u00e4lypuhelimeen tai s\u00e4hk\u00f6postiin<\/li>\n<li>Hallinta mobiilisovelluksella\n<ul>\n<li>Goolink (iOS)<\/li>\n<li>IP Pro (Android)<\/li>\n<\/ul>\n<\/li>\n<li>Monipuoliset h\u00e4lytysasetukset<\/li>\n<li>Smart Link -teknologia, kamerat yhdistyv\u00e4t automaattisesti<\/li>\n<li>Tallennus: SATA-kiintolevypaikka, max.4TB (<a href=\"https:\/\/www.duunauspalvelutjarvi.fi\/?product_cat=sata-levyt\"><span style=\"color: #ff0000;\">Kiintolevy ei sis\u00e4lly pakettiin osta se T\u00c4\u00c4LT\u00c4<\/span><\/a>)<\/li>\n<li>1TB kiintolevylle\u00a0mahtuu reilu 1kk\u00a0jatkuvaa tallennusta 1080p tarkkuudella<\/li>\n<li>Kantomatka: max. 100 metri\u00e4 esteett\u00f6m\u00e4ss\u00e4 tilassa, k\u00e4yt\u00e4nn\u00f6ss\u00e4 30-50m riippuen v\u00e4liss\u00e4 olevista seinist\u00e4 ja esteist\u00e4<\/li>\n<li>Katselukulma: 110\u00b0<\/li>\n<li>Tarkkuus: 1080P 2MP<\/li>\n<li>Videon pakkaus: H.265, M-JPEG<\/li>\n<li>Ethernet: RJ45 10\/100MB<\/li>\n<li>IR -pime\u00e4n\u00e4k\u00f6 10m<\/li>\n<li>Wifi: 802.11 b\/g\/n<\/li>\n<li>K\u00e4ytt\u00f6j\u00e4rjestelm\u00e4t: Android 2.2 tai uudempi, iOS 5.0 tai uudempi<\/li>\n<li>IP-luokitus: IP66<\/li>\n<li>Toimintal\u00e4mp\u00f6tila: -30\u00b0C &#8211; +60\u00b0C<\/li>\n<li>Ilmankosteus: 0% &#8211; 90%<\/li>\n<\/ul>\n<\/div>\n<\/div>\n<div class=\"ev-product-package\">\n<h3>Paketin tiedot:<\/h3>\n<div>\n<ul>\n<li>4 x FullHD valvontakamera<\/li>\n<li>1 x Verkkotallennin<\/li>\n<li>4 x Virtajohtoturvakamera<\/li>\n<li>4 x Sein\u00e4kiinnike<\/li>\n<li>1 x Tallentimen hiiri<\/li>\n<li>1 x Tallentimen virtajohto<\/li>\n<li>1 x RJ45 Ethernet-kaapeli<\/li>\n<li>1 x\u00a0<a href=\"https:\/\/www.duunauspalvelutjarvi.fi\/wp-content\/uploads\/2021\/08\/turvakamera.pdf\" target=\"_blank\" rel=\"noopener noreferrer\" aria-describedby=\"a11y-new-window-external-message\">K\u00e4ytt\u00f6ohjeet<\/a><a href=\"https:\/\/www.duunauspalvelutjarvi.fi\/wp-content\/uploads\/2021\/08\/turvakamera.pdf\">turvakamera<\/a><\/li>\n<\/ul>\n<\/div>\n<\/div>\n","protected":false},"excerpt":{"rendered":"<p>Heti k\u00e4ytt\u00f6valmis 4 langattoman FullHD valvontakameran valvontaj\u00e4rjestelm\u00e4 verkkotallentimella.\u00a0Uusi versio tarkkaa 1080p videokuvaa kuvaavilla kameroilla. Ohjelmistoa on my\u00f6s viilattu entist\u00e4 helppok\u00e4ytt\u00f6isemm\u00e4ksi, sek\u00e4 videopakkausta tehokkaammaksi. HEVC-pakattu videokuva vie jopa 50% v\u00e4hemm\u00e4n tallennustilaa kuin aiemman version H.264 videokuva. T\u00e4m\u00e4n helpompaa ei valvontakameraj\u00e4rjestelm\u00e4n k\u00e4ytt\u00f6notto en\u00e4\u00e4 voi olla; kytket vain verkkotallentimeen ja kameraan virrat niin ne yhdistyv\u00e4t automaattisesti WiFin v\u00e4lityksell\u00e4! [&hellip;]<\/p>\n","protected":false},"featured_media":0,"comment_status":"open","ping_status":"closed","template":"","meta":[],"product_brand":[],"product_cat":[547],"product_tag":[],"class_list":{"0":"post-8422","1":"product","2":"type-product","3":"status-publish","5":"product_cat-valvontajarjestelmat","7":"first","8":"instock","9":"taxable","10":"shipping-taxable","11":"purchasable","12":"product-type-simple"},"yoast_head":"<!-- This site is optimized with the Yoast SEO plugin v27.4 - https:\/\/yoast.com\/product\/yoast-seo-wordpress\/ -->\n<title>4 x Langaton FullHD kamera ja verkkotallennin -<\/title>\n<meta name=\"robots\" content=\"index, follow, max-snippet:-1, max-image-preview:large, max-video-preview:-1\" \/>\n<link rel=\"canonical\" href=\"https:\/\/www.duunauspalvelutjarvi.fi\/?product=4-x-langaton-fullhd-kamera-ja-verkkotallennin\" \/>\n<meta property=\"og:locale\" content=\"fi_FI\" \/>\n<meta property=\"og:type\" content=\"article\" \/>\n<meta property=\"og:title\" content=\"4 x Langaton FullHD kamera ja verkkotallennin -\" \/>\n<meta property=\"og:description\" content=\"Heti k\u00e4ytt\u00f6valmis 4 langattoman FullHD valvontakameran valvontaj\u00e4rjestelm\u00e4 verkkotallentimella.\u00a0Uusi versio tarkkaa 1080p videokuvaa kuvaavilla kameroilla. Ohjelmistoa on my\u00f6s viilattu entist\u00e4 helppok\u00e4ytt\u00f6isemm\u00e4ksi, sek\u00e4 videopakkausta tehokkaammaksi. HEVC-pakattu videokuva vie jopa 50% v\u00e4hemm\u00e4n tallennustilaa kuin aiemman version H.264 videokuva. T\u00e4m\u00e4n helpompaa ei valvontakameraj\u00e4rjestelm\u00e4n k\u00e4ytt\u00f6notto en\u00e4\u00e4 voi olla; kytket vain verkkotallentimeen ja kameraan virrat niin ne yhdistyv\u00e4t automaattisesti WiFin v\u00e4lityksell\u00e4! [&hellip;]\" \/>\n<meta property=\"og:url\" content=\"https:\/\/www.duunauspalvelutjarvi.fi\/?product=4-x-langaton-fullhd-kamera-ja-verkkotallennin\" \/>\n<meta property=\"article:modified_time\" content=\"2021-08-03T21:05:34+00:00\" \/>\n<meta property=\"og:image\" content=\"https:\/\/www.e-ville.com\/js\/tinymce\/uploaded\/playy.jpg\" \/>\n<meta name=\"twitter:card\" content=\"summary_large_image\" \/>\n<meta name=\"twitter:label1\" content=\"Arvioitu lukuaika\" \/>\n\t<meta name=\"twitter:data1\" content=\"2 minuuttia\" \/>\n<script type=\"application\/ld+json\" class=\"yoast-schema-graph\">{\"@context\":\"https:\\\/\\\/schema.org\",\"@graph\":[{\"@type\":\"WebPage\",\"@id\":\"https:\\\/\\\/www.duunauspalvelutjarvi.fi\\\/?product=4-x-langaton-fullhd-kamera-ja-verkkotallennin\",\"url\":\"https:\\\/\\\/www.duunauspalvelutjarvi.fi\\\/?product=4-x-langaton-fullhd-kamera-ja-verkkotallennin\",\"name\":\"4 x Langaton FullHD kamera ja verkkotallennin -\",\"isPartOf\":{\"@id\":\"https:\\\/\\\/www.duunauspalvelutjarvi.fi\\\/#website\"},\"primaryImageOfPage\":{\"@id\":\"https:\\\/\\\/www.duunauspalvelutjarvi.fi\\\/?product=4-x-langaton-fullhd-kamera-ja-verkkotallennin#primaryimage\"},\"image\":{\"@id\":\"https:\\\/\\\/www.duunauspalvelutjarvi.fi\\\/?product=4-x-langaton-fullhd-kamera-ja-verkkotallennin#primaryimage\"},\"thumbnailUrl\":\"https:\\\/\\\/www.e-ville.com\\\/js\\\/tinymce\\\/uploaded\\\/playy.jpg\",\"datePublished\":\"2021-08-03T20:16:43+00:00\",\"dateModified\":\"2021-08-03T21:05:34+00:00\",\"breadcrumb\":{\"@id\":\"https:\\\/\\\/www.duunauspalvelutjarvi.fi\\\/?product=4-x-langaton-fullhd-kamera-ja-verkkotallennin#breadcrumb\"},\"inLanguage\":\"fi\",\"potentialAction\":[{\"@type\":\"ReadAction\",\"target\":[\"https:\\\/\\\/www.duunauspalvelutjarvi.fi\\\/?product=4-x-langaton-fullhd-kamera-ja-verkkotallennin\"]}]},{\"@type\":\"ImageObject\",\"inLanguage\":\"fi\",\"@id\":\"https:\\\/\\\/www.duunauspalvelutjarvi.fi\\\/?product=4-x-langaton-fullhd-kamera-ja-verkkotallennin#primaryimage\",\"url\":\"https:\\\/\\\/www.e-ville.com\\\/js\\\/tinymce\\\/uploaded\\\/playy.jpg\",\"contentUrl\":\"https:\\\/\\\/www.e-ville.com\\\/js\\\/tinymce\\\/uploaded\\\/playy.jpg\"},{\"@type\":\"BreadcrumbList\",\"@id\":\"https:\\\/\\\/www.duunauspalvelutjarvi.fi\\\/?product=4-x-langaton-fullhd-kamera-ja-verkkotallennin#breadcrumb\",\"itemListElement\":[{\"@type\":\"ListItem\",\"position\":1,\"name\":\"Etusivu\",\"item\":\"https:\\\/\\\/www.duunauspalvelutjarvi.fi\\\/\"},{\"@type\":\"ListItem\",\"position\":2,\"name\":\"Etusivu\",\"item\":\"https:\\\/\\\/www.duunauspalvelutjarvi.fi\\\/\"},{\"@type\":\"ListItem\",\"position\":3,\"name\":\"4 x Langaton FullHD kamera ja verkkotallennin\"}]},{\"@type\":\"WebSite\",\"@id\":\"https:\\\/\\\/www.duunauspalvelutjarvi.fi\\\/#website\",\"url\":\"https:\\\/\\\/www.duunauspalvelutjarvi.fi\\\/\",\"name\":\"\",\"description\":\"\",\"potentialAction\":[{\"@type\":\"SearchAction\",\"target\":{\"@type\":\"EntryPoint\",\"urlTemplate\":\"https:\\\/\\\/www.duunauspalvelutjarvi.fi\\\/?s={search_term_string}\"},\"query-input\":{\"@type\":\"PropertyValueSpecification\",\"valueRequired\":true,\"valueName\":\"search_term_string\"}}],\"inLanguage\":\"fi\"}]}<\/script>\n<!-- \/ Yoast SEO plugin. -->","yoast_head_json":{"title":"4 x Langaton FullHD kamera ja verkkotallennin -","robots":{"index":"index","follow":"follow","max-snippet":"max-snippet:-1","max-image-preview":"max-image-preview:large","max-video-preview":"max-video-preview:-1"},"canonical":"https:\/\/www.duunauspalvelutjarvi.fi\/?product=4-x-langaton-fullhd-kamera-ja-verkkotallennin","og_locale":"fi_FI","og_type":"article","og_title":"4 x Langaton FullHD kamera ja verkkotallennin -","og_description":"Heti k\u00e4ytt\u00f6valmis 4 langattoman FullHD valvontakameran valvontaj\u00e4rjestelm\u00e4 verkkotallentimella.\u00a0Uusi versio tarkkaa 1080p videokuvaa kuvaavilla kameroilla. Ohjelmistoa on my\u00f6s viilattu entist\u00e4 helppok\u00e4ytt\u00f6isemm\u00e4ksi, sek\u00e4 videopakkausta tehokkaammaksi. HEVC-pakattu videokuva vie jopa 50% v\u00e4hemm\u00e4n tallennustilaa kuin aiemman version H.264 videokuva. T\u00e4m\u00e4n helpompaa ei valvontakameraj\u00e4rjestelm\u00e4n k\u00e4ytt\u00f6notto en\u00e4\u00e4 voi olla; kytket vain verkkotallentimeen ja kameraan virrat niin ne yhdistyv\u00e4t automaattisesti WiFin v\u00e4lityksell\u00e4! [&hellip;]","og_url":"https:\/\/www.duunauspalvelutjarvi.fi\/?product=4-x-langaton-fullhd-kamera-ja-verkkotallennin","article_modified_time":"2021-08-03T21:05:34+00:00","og_image":[{"url":"https:\/\/www.e-ville.com\/js\/tinymce\/uploaded\/playy.jpg","type":"","width":"","height":""}],"twitter_card":"summary_large_image","twitter_misc":{"Arvioitu lukuaika":"2 minuuttia"},"schema":{"@context":"https:\/\/schema.org","@graph":[{"@type":"WebPage","@id":"https:\/\/www.duunauspalvelutjarvi.fi\/?product=4-x-langaton-fullhd-kamera-ja-verkkotallennin","url":"https:\/\/www.duunauspalvelutjarvi.fi\/?product=4-x-langaton-fullhd-kamera-ja-verkkotallennin","name":"4 x Langaton FullHD kamera ja verkkotallennin -","isPartOf":{"@id":"https:\/\/www.duunauspalvelutjarvi.fi\/#website"},"primaryImageOfPage":{"@id":"https:\/\/www.duunauspalvelutjarvi.fi\/?product=4-x-langaton-fullhd-kamera-ja-verkkotallennin#primaryimage"},"image":{"@id":"https:\/\/www.duunauspalvelutjarvi.fi\/?product=4-x-langaton-fullhd-kamera-ja-verkkotallennin#primaryimage"},"thumbnailUrl":"https:\/\/www.e-ville.com\/js\/tinymce\/uploaded\/playy.jpg","datePublished":"2021-08-03T20:16:43+00:00","dateModified":"2021-08-03T21:05:34+00:00","breadcrumb":{"@id":"https:\/\/www.duunauspalvelutjarvi.fi\/?product=4-x-langaton-fullhd-kamera-ja-verkkotallennin#breadcrumb"},"inLanguage":"fi","potentialAction":[{"@type":"ReadAction","target":["https:\/\/www.duunauspalvelutjarvi.fi\/?product=4-x-langaton-fullhd-kamera-ja-verkkotallennin"]}]},{"@type":"ImageObject","inLanguage":"fi","@id":"https:\/\/www.duunauspalvelutjarvi.fi\/?product=4-x-langaton-fullhd-kamera-ja-verkkotallennin#primaryimage","url":"https:\/\/www.e-ville.com\/js\/tinymce\/uploaded\/playy.jpg","contentUrl":"https:\/\/www.e-ville.com\/js\/tinymce\/uploaded\/playy.jpg"},{"@type":"BreadcrumbList","@id":"https:\/\/www.duunauspalvelutjarvi.fi\/?product=4-x-langaton-fullhd-kamera-ja-verkkotallennin#breadcrumb","itemListElement":[{"@type":"ListItem","position":1,"name":"Etusivu","item":"https:\/\/www.duunauspalvelutjarvi.fi\/"},{"@type":"ListItem","position":2,"name":"Etusivu","item":"https:\/\/www.duunauspalvelutjarvi.fi\/"},{"@type":"ListItem","position":3,"name":"4 x Langaton FullHD kamera ja verkkotallennin"}]},{"@type":"WebSite","@id":"https:\/\/www.duunauspalvelutjarvi.fi\/#website","url":"https:\/\/www.duunauspalvelutjarvi.fi\/","name":"","description":"","potentialAction":[{"@type":"SearchAction","target":{"@type":"EntryPoint","urlTemplate":"https:\/\/www.duunauspalvelutjarvi.fi\/?s={search_term_string}"},"query-input":{"@type":"PropertyValueSpecification","valueRequired":true,"valueName":"search_term_string"}}],"inLanguage":"fi"}]}},"jetpack_sharing_enabled":true,"_links":{"self":[{"href":"https:\/\/www.duunauspalvelutjarvi.fi\/index.php?rest_route=\/wp\/v2\/product\/8422","targetHints":{"allow":["GET"]}}],"collection":[{"href":"https:\/\/www.duunauspalvelutjarvi.fi\/index.php?rest_route=\/wp\/v2\/product"}],"about":[{"href":"https:\/\/www.duunauspalvelutjarvi.fi\/index.php?rest_route=\/wp\/v2\/types\/product"}],"replies":[{"embeddable":true,"href":"https:\/\/www.duunauspalvelutjarvi.fi\/index.php?rest_route=%2Fwp%2Fv2%2Fcomments&post=8422"}],"wp:attachment":[{"href":"https:\/\/www.duunauspalvelutjarvi.fi\/index.php?rest_route=%2Fwp%2Fv2%2Fmedia&parent=8422"}],"wp:term":[{"taxonomy":"product_brand","embeddable":true,"href":"https:\/\/www.duunauspalvelutjarvi.fi\/index.php?rest_route=%2Fwp%2Fv2%2Fproduct_brand&post=8422"},{"taxonomy":"product_cat","embeddable":true,"href":"https:\/\/www.duunauspalvelutjarvi.fi\/index.php?rest_route=%2Fwp%2Fv2%2Fproduct_cat&post=8422"},{"taxonomy":"product_tag","embeddable":true,"href":"https:\/\/www.duunauspalvelutjarvi.fi\/index.php?rest_route=%2Fwp%2Fv2%2Fproduct_tag&post=8422"}],"curies":[{"name":"wp","href":"https:\/\/api.w.org\/{rel}","templated":true}]}}